{"id":25264,"date":"2025-08-01T18:39:21","date_gmt":"2025-08-01T16:39:21","guid":{"rendered":"https:\/\/uj.adatbank.ro\/lexikon\/termek\/zsok-ferenc\/"},"modified":"2025-08-01T18:39:21","modified_gmt":"2025-08-01T16:39:21","slug":"zsok-ferenc","status":"publish","type":"product","link":"https:\/\/uj.adatbank.ro\/lexikon\/termek\/zsok-ferenc\/","title":{"rendered":"ZS\u00d3K Ferenc"},"content":{"rendered":"<p>Cs\u00edkd\u00e1nfalva, 1917. okt. 30., \u2020\u00a0Gyergy\u00f3szentmikl\u00f3s, 2004. m\u00e1rc. 27.: r. k. pap. \u2013 Cs\u00edkszered\u00e1ban \u00e9s Gyulafeh\u00e9rv\u00e1ron tanult. Kv.-on szentelt\u00e9k papp\u00e1 (1942. j\u00fan. 21.). Pl\u00e9b\u00e1nos B\u00e1toson (1948\u201349), majd \u00e1thelyezt\u00e9k Sz\u00e1szr\u00e9genbe k\u00e1pl\u00e1nnak (1950). Jakab Antal szentsz\u00e9ki tan\u00e1csos ut\u00f3da lett Buz\u00e1sbeseny\u0151ben (1968\u201376). Megkezdte a pl\u00e9b\u00e1nia anyak\u00f6nyveinek helyi vezet\u00e9s\u00e9t. Pl\u00e9b\u00e1nos Kerel\u0151szentp\u00e1lon (1877\u201381), Gyergy\u00f3szentmikl\u00f3son \u00f6rm\u00e9ny szertart\u00e1s\u00fa pl\u00e9b\u00e1nos (1981). Buz\u00e1sbeseny\u0151ben pl\u00e9b\u00e1nos nyugd\u00edjaz\u00e1s\u00e1ig (1990\u201391). <br \/><strong>\u2013 Irod.:<\/strong> Ferenczi S\u00e1ndor 2009; Maros-k\u00fck\u00fcll\u0151i f\u0151esp.<\/br><\/p>\n","protected":false},"excerpt":{"rendered":"<p>Cs\u00edkd\u00e1nfalva, 1917. okt. 30., \u2020\u00a0Gyergy\u00f3szentmikl\u00f3s, 2004. m\u00e1rc. 27.: r. k. pap. \u2013 Cs\u00edkszered\u00e1ban \u00e9s Gyulafeh\u00e9rv\u00e1ron tanult. Kv.-on szentelt\u00e9k papp\u00e1 (1942. j\u00fan. 21.). Pl\u00e9b\u00e1nos B\u00e1toson (1948\u201349), majd \u00e1thelyezt\u00e9k Sz\u00e1szr\u00e9genbe k\u00e1pl\u00e1nnak (1950). Jakab Antal szentsz\u00e9ki tan\u00e1csos ut\u00f3da lett Buz\u00e1sbeseny\u0151ben (1968\u201376). Megkezdte a pl\u00e9b\u00e1nia anyak\u00f6nyveinek helyi vezet\u00e9s\u00e9t. Pl\u00e9b\u00e1nos Kerel\u0151szentp\u00e1lon (1877\u201381), Gyergy\u00f3szentmikl\u00f3son \u00f6rm\u00e9ny szertart\u00e1s\u00fa pl\u00e9b\u00e1nos (1981). Buz\u00e1sbeseny\u0151ben pl\u00e9b\u00e1nos nyugd\u00edjaz\u00e1s\u00e1ig [&hellip;]<\/p>\n","protected":false},"featured_media":0,"comment_status":"open","ping_status":"closed","template":"","meta":[],"product_brand":[],"product_cat":[137],"product_tag":[],"class_list":{"0":"post-25264","1":"product","2":"type-product","3":"status-publish","5":"product_cat-maros-megyei-eletrajzi-lexikon","7":"first","8":"instock","9":"shipping-taxable","10":"product-type-simple"},"_links":{"self":[{"href":"https:\/\/uj.adatbank.ro\/lexikon\/wp-json\/wp\/v2\/product\/25264","targetHints":{"allow":["GET"]}}],"collection":[{"href":"https:\/\/uj.adatbank.ro\/lexikon\/wp-json\/wp\/v2\/product"}],"about":[{"href":"https:\/\/uj.adatbank.ro\/lexikon\/wp-json\/wp\/v2\/types\/product"}],"replies":[{"embeddable":true,"href":"https:\/\/uj.adatbank.ro\/lexikon\/wp-json\/wp\/v2\/comments?post=25264"}],"wp:attachment":[{"href":"https:\/\/uj.adatbank.ro\/lexikon\/wp-json\/wp\/v2\/media?parent=25264"}],"wp:term":[{"taxonomy":"product_brand","embeddable":true,"href":"https:\/\/uj.adatbank.ro\/lexikon\/wp-json\/wp\/v2\/product_brand?post=25264"},{"taxonomy":"product_cat","embeddable":true,"href":"https:\/\/uj.adatbank.ro\/lexikon\/wp-json\/wp\/v2\/product_cat?post=25264"},{"taxonomy":"product_tag","embeddable":true,"href":"https:\/\/uj.adatbank.ro\/lexikon\/wp-json\/wp\/v2\/product_tag?post=25264"}],"curies":[{"name":"wp","href":"https:\/\/api.w.org\/{rel}","templated":true}]}}

ZSÓK Ferenc

<p>Csíkdánfalva, 1917. okt. 30., † Gyergyószentmiklós, 2004. márc. 27.: r. k. pap. – Csíkszeredában és Gyulafehérváron tanult. Kv.-on szentelték pappá (1942. jún. 21.). Plébános Bátoson (1948–49), majd áthelyezték Szászrégenbe káplánnak (1950). Jakab Antal szentszéki tanácsos utóda lett Buzásbesenyőben (1968–76). Megkezdte a plébánia anyakönyveinek helyi vezetését. Plébános Kerelőszentpálon (1877–81), Gyergyószentmiklóson örmény szertartású plébános (1981). Buzásbesenyőben plébános nyugdíjazásáig (1990–91). <br /><strong>– Irod.:</strong> Ferenczi Sándor 2009; Maros-küküllői főesp.</br></p>

<p>Csíkdánfalva, 1917. okt. 30., † Gyergyószentmiklós, 2004. márc. 27.: r. k. pap. – Csíkszeredában és Gyulafehérváron tanult. Kv.-on szentelték pappá (1942. jún. 21.). Plébános Bátoson (1948–49), majd áthelyezték Szászrégenbe káplánnak (1950). Jakab Antal szentszéki tanácsos utóda lett Buzásbesenyőben (1968–76). Megkezdte a plébánia anyakönyveinek helyi vezetését. Plébános Kerelőszentpálon (1877–81), Gyergyószentmiklóson örmény szertartású plébános (1981). Buzásbesenyőben plébános nyugdíjazásáig [&hellip;]</p>
