{"id":25265,"date":"2025-08-01T18:39:23","date_gmt":"2025-08-01T16:39:23","guid":{"rendered":"https:\/\/uj.adatbank.ro\/lexikon\/termek\/zsok-otto-p\/"},"modified":"2025-08-01T18:39:23","modified_gmt":"2025-08-01T16:39:23","slug":"zsok-otto-p","status":"publish","type":"product","link":"https:\/\/uj.adatbank.ro\/lexikon\/termek\/zsok-otto-p\/","title":{"rendered":"ZS\u00d3K Ott\u00f3 P."},"content":{"rendered":"<p>? \u2020\u00a0?: r. k. pap. \u2013 Ferences pater Mv.-en. A rend feloszt\u00e1sa ut\u00e1n m\u00e9g megt\u0171rt\u00e9k \u0151ket (1950. aug. 20.-ig), majd elsz\u00e1ll\u00edtott\u00e1k t\u00e9ved\u00e9sb\u0151l Esztelnekre, onnan M\u00e1riaradn\u00e1ra. <br \/><strong>\u2013 Irod.:<\/strong> L\u00e9sty\u00e1n Ferenc: Mv. katolikus egyh\u00e1za a kommunista elnyom\u00e1s idej\u00e9n (Kv., 2007); Maros-k\u00fck\u00fcll\u0151i f\u0151esp.<\/br><\/p>\n","protected":false},"excerpt":{"rendered":"<p>? \u2020\u00a0?: r. k. pap. \u2013 Ferences pater Mv.-en. A rend feloszt\u00e1sa ut\u00e1n m\u00e9g megt\u0171rt\u00e9k \u0151ket (1950. aug. 20.-ig), majd elsz\u00e1ll\u00edtott\u00e1k t\u00e9ved\u00e9sb\u0151l Esztelnekre, onnan M\u00e1riaradn\u00e1ra. \u2013 Irod.: L\u00e9sty\u00e1n Ferenc: Mv. katolikus egyh\u00e1za a kommunista elnyom\u00e1s idej\u00e9n (Kv., 2007); Maros-k\u00fck\u00fcll\u0151i f\u0151esp.<\/p>\n","protected":false},"featured_media":0,"comment_status":"open","ping_status":"closed","template":"","meta":[],"product_brand":[],"product_cat":[137],"product_tag":[],"class_list":{"0":"post-25265","1":"product","2":"type-product","3":"status-publish","5":"product_cat-maros-megyei-eletrajzi-lexikon","7":"first","8":"instock","9":"shipping-taxable","10":"product-type-simple"},"_links":{"self":[{"href":"https:\/\/uj.adatbank.ro\/lexikon\/wp-json\/wp\/v2\/product\/25265","targetHints":{"allow":["GET"]}}],"collection":[{"href":"https:\/\/uj.adatbank.ro\/lexikon\/wp-json\/wp\/v2\/product"}],"about":[{"href":"https:\/\/uj.adatbank.ro\/lexikon\/wp-json\/wp\/v2\/types\/product"}],"replies":[{"embeddable":true,"href":"https:\/\/uj.adatbank.ro\/lexikon\/wp-json\/wp\/v2\/comments?post=25265"}],"wp:attachment":[{"href":"https:\/\/uj.adatbank.ro\/lexikon\/wp-json\/wp\/v2\/media?parent=25265"}],"wp:term":[{"taxonomy":"product_brand","embeddable":true,"href":"https:\/\/uj.adatbank.ro\/lexikon\/wp-json\/wp\/v2\/product_brand?post=25265"},{"taxonomy":"product_cat","embeddable":true,"href":"https:\/\/uj.adatbank.ro\/lexikon\/wp-json\/wp\/v2\/product_cat?post=25265"},{"taxonomy":"product_tag","embeddable":true,"href":"https:\/\/uj.adatbank.ro\/lexikon\/wp-json\/wp\/v2\/product_tag?post=25265"}],"curies":[{"name":"wp","href":"https:\/\/api.w.org\/{rel}","templated":true}]}}

ZSÓK Ottó P.

<p>? † ?: r. k. pap. – Ferences pater Mv.-en. A rend felosztása után még megtűrték őket (1950. aug. 20.-ig), majd elszállították tévedésből Esztelnekre, onnan Máriaradnára. <br /><strong>– Irod.:</strong> Léstyán Ferenc: Mv. katolikus egyháza a kommunista elnyomás idején (Kv., 2007); Maros-küküllői főesp.</br></p>

<p>? † ?: r. k. pap. – Ferences pater Mv.-en. A rend felosztása után még megtűrték őket (1950. aug. 20.-ig), majd elszállították tévedésből Esztelnekre, onnan Máriaradnára. – Irod.: Léstyán Ferenc: Mv. katolikus egyháza a kommunista elnyomás idején (Kv., 2007); Maros-küküllői főesp.</p>
