{"id":25267,"date":"2025-08-01T18:39:28","date_gmt":"2025-08-01T16:39:28","guid":{"rendered":"https:\/\/uj.adatbank.ro\/lexikon\/termek\/zsombori-istvan\/"},"modified":"2025-08-01T18:39:28","modified_gmt":"2025-08-01T16:39:28","slug":"zsombori-istvan","status":"publish","type":"product","link":"https:\/\/uj.adatbank.ro\/lexikon\/termek\/zsombori-istvan\/","title":{"rendered":"ZSOMBORI Istv\u00e1n"},"content":{"rendered":"<p>? \u2020\u00a0Mv., 1861.: tan\u00e1csos. \u2013 Feles\u00e9ge: k\u00e1rolyv\u00e1ri Balog Borb\u00e1ra (1799? \u2013 Mv., 1864. febr. 17). Gyermekeik: Zs. \u00c1m\u00e1lia \u2013 Illy\u00e9s Istv\u00e1nn\u00e9; Kl\u00e1ra \u2013 Bod\u00f3 D\u00e1nieln\u00e9; Albert; Lajos. \u2013 Mv.-i tan\u00e1csos. A Mv.-i Katolikus Gymn\u00e1zium vezet\u00e9s\u00e9vel b\u00edzta meg a p\u00fcsp\u00f6k, ezt a tiszts\u00e9get hal\u00e1l\u00e1ig viselte. <br \/><strong>\u2013 Irod.:<\/strong> Gy\u00e1szjelent\u0151; P\u00e1l-Antal S\u00e1ndor: A gymn\u00e1zium catholicumt\u00f3l a f\u0151gimn\u00e1ziumig = Eml\u00e9kk. Szab\u00f3 Mikl\u00f3s.<\/br><\/p>\n","protected":false},"excerpt":{"rendered":"<p>? \u2020\u00a0Mv., 1861.: tan\u00e1csos. \u2013 Feles\u00e9ge: k\u00e1rolyv\u00e1ri Balog Borb\u00e1ra (1799? \u2013 Mv., 1864. febr. 17). Gyermekeik: Zs. \u00c1m\u00e1lia \u2013 Illy\u00e9s Istv\u00e1nn\u00e9; Kl\u00e1ra \u2013 Bod\u00f3 D\u00e1nieln\u00e9; Albert; Lajos. \u2013 Mv.-i tan\u00e1csos. A Mv.-i Katolikus Gymn\u00e1zium vezet\u00e9s\u00e9vel b\u00edzta meg a p\u00fcsp\u00f6k, ezt a tiszts\u00e9get hal\u00e1l\u00e1ig viselte. \u2013 Irod.: Gy\u00e1szjelent\u0151; P\u00e1l-Antal S\u00e1ndor: A gymn\u00e1zium catholicumt\u00f3l a f\u0151gimn\u00e1ziumig = [&hellip;]<\/p>\n","protected":false},"featured_media":0,"comment_status":"open","ping_status":"closed","template":"","meta":[],"product_brand":[],"product_cat":[137],"product_tag":[],"class_list":{"0":"post-25267","1":"product","2":"type-product","3":"status-publish","5":"product_cat-maros-megyei-eletrajzi-lexikon","7":"first","8":"instock","9":"shipping-taxable","10":"product-type-simple"},"_links":{"self":[{"href":"https:\/\/uj.adatbank.ro\/lexikon\/wp-json\/wp\/v2\/product\/25267","targetHints":{"allow":["GET"]}}],"collection":[{"href":"https:\/\/uj.adatbank.ro\/lexikon\/wp-json\/wp\/v2\/product"}],"about":[{"href":"https:\/\/uj.adatbank.ro\/lexikon\/wp-json\/wp\/v2\/types\/product"}],"replies":[{"embeddable":true,"href":"https:\/\/uj.adatbank.ro\/lexikon\/wp-json\/wp\/v2\/comments?post=25267"}],"wp:attachment":[{"href":"https:\/\/uj.adatbank.ro\/lexikon\/wp-json\/wp\/v2\/media?parent=25267"}],"wp:term":[{"taxonomy":"product_brand","embeddable":true,"href":"https:\/\/uj.adatbank.ro\/lexikon\/wp-json\/wp\/v2\/product_brand?post=25267"},{"taxonomy":"product_cat","embeddable":true,"href":"https:\/\/uj.adatbank.ro\/lexikon\/wp-json\/wp\/v2\/product_cat?post=25267"},{"taxonomy":"product_tag","embeddable":true,"href":"https:\/\/uj.adatbank.ro\/lexikon\/wp-json\/wp\/v2\/product_tag?post=25267"}],"curies":[{"name":"wp","href":"https:\/\/api.w.org\/{rel}","templated":true}]}}