{"id":25285,"date":"2025-08-01T18:40:11","date_gmt":"2025-08-01T16:40:11","guid":{"rendered":"https:\/\/uj.adatbank.ro\/lexikon\/termek\/zullich-janos-zullbordi\/"},"modified":"2025-08-01T18:40:11","modified_gmt":"2025-08-01T16:40:11","slug":"zullich-janos-zullbordi","status":"publish","type":"product","link":"https:\/\/uj.adatbank.ro\/lexikon\/termek\/zullich-janos-zullbordi\/","title":{"rendered":"Z\u00dcLLICH J\u00e1nos, z\u00fcllbordi"},"content":{"rendered":"<p>? 1782, \u2020 Mv., 1843. \u00e1pr. 7.: cs. kir. sz\u00e1zados. \u2013 Feles\u00e9ge: kadicsfalvi T\u00f6r\u00f6k. Nep. Johanna (1798? \u2013 Mv., 1878. \u00e1pr. 23.). Gyermekeik: cz\u00e9lkuti Z. Rudolf; Istv\u00e1n, feles\u00e9ge Winkler Luiza; Emilia Specht K\u00e1rolyn\u00e9. Kapit\u00e1ny, Mv. v\u00e1rparancsnoka. \u2013 A Sz\u00e9kely Napt\u00e1r 1843-ik \u00e9vfolyam\u00e1nak jegyzetrovat\u00e1ba \u00edrva ez \u00e1ll: \u201e\u00c1prilis 7-k\u00e9n Nyugalmazott Kapit\u00e1ny \u00e9s volt ide val\u00f3 v\u00e1r vez\u00e9r Z\u00fcllich J\u00e1nos \u00e9lete 64-ik Esztendej\u00e9ben meg hala\u201d. A r. k. temet\u0151ben m\u0171v\u00e9szi szoborm\u0171 jel\u00f6li s\u00edrhely\u00e9t. A felt\u0171n\u0151, val\u00f3ban m\u0171v\u00e9szi bronz szoborm\u0171 kenyeret oszt\u00f3, f\u0151k\u00f6t\u0151s nagyasszonyt \u00e9s gyermek\u00e9t kebl\u00e9n melenget\u0151 any\u00e1t \u00e1br\u00e1zol, a feh\u00e9r m\u00e1rv\u00e1ny talpazat\u00e1n van a v\u00e9sett sz\u00f6veg. <br \/><strong>\u2013 Irod.:<\/strong> Gy\u00e1szjelent\u0151; H\u00edres polg\u00e1rok; Kr\u00f3n F\u00fcz. (1939, 4\/6).<\/br><\/p>\n","protected":false},"excerpt":{"rendered":"<p>? 1782, \u2020 Mv., 1843. \u00e1pr. 7.: cs. kir. sz\u00e1zados. \u2013 Feles\u00e9ge: kadicsfalvi T\u00f6r\u00f6k. Nep. Johanna (1798? \u2013 Mv., 1878. \u00e1pr. 23.). Gyermekeik: cz\u00e9lkuti Z. Rudolf; Istv\u00e1n, feles\u00e9ge Winkler Luiza; Emilia Specht K\u00e1rolyn\u00e9. Kapit\u00e1ny, Mv. v\u00e1rparancsnoka. \u2013 A Sz\u00e9kely Napt\u00e1r 1843-ik \u00e9vfolyam\u00e1nak jegyzetrovat\u00e1ba \u00edrva ez \u00e1ll: \u201e\u00c1prilis 7-k\u00e9n Nyugalmazott Kapit\u00e1ny \u00e9s volt ide val\u00f3 v\u00e1r [&hellip;]<\/p>\n","protected":false},"featured_media":0,"comment_status":"open","ping_status":"closed","template":"","meta":[],"product_brand":[],"product_cat":[137],"product_tag":[],"class_list":{"0":"post-25285","1":"product","2":"type-product","3":"status-publish","5":"product_cat-maros-megyei-eletrajzi-lexikon","7":"first","8":"instock","9":"shipping-taxable","10":"product-type-simple"},"_links":{"self":[{"href":"https:\/\/uj.adatbank.ro\/lexikon\/wp-json\/wp\/v2\/product\/25285","targetHints":{"allow":["GET"]}}],"collection":[{"href":"https:\/\/uj.adatbank.ro\/lexikon\/wp-json\/wp\/v2\/product"}],"about":[{"href":"https:\/\/uj.adatbank.ro\/lexikon\/wp-json\/wp\/v2\/types\/product"}],"replies":[{"embeddable":true,"href":"https:\/\/uj.adatbank.ro\/lexikon\/wp-json\/wp\/v2\/comments?post=25285"}],"wp:attachment":[{"href":"https:\/\/uj.adatbank.ro\/lexikon\/wp-json\/wp\/v2\/media?parent=25285"}],"wp:term":[{"taxonomy":"product_brand","embeddable":true,"href":"https:\/\/uj.adatbank.ro\/lexikon\/wp-json\/wp\/v2\/product_brand?post=25285"},{"taxonomy":"product_cat","embeddable":true,"href":"https:\/\/uj.adatbank.ro\/lexikon\/wp-json\/wp\/v2\/product_cat?post=25285"},{"taxonomy":"product_tag","embeddable":true,"href":"https:\/\/uj.adatbank.ro\/lexikon\/wp-json\/wp\/v2\/product_tag?post=25285"}],"curies":[{"name":"wp","href":"https:\/\/api.w.org\/{rel}","templated":true}]}}

ZÜLLICH János, züllbordi

<p>? 1782, † Mv., 1843. ápr. 7.: cs. kir. százados. – Felesége: kadicsfalvi Török. Nep. Johanna (1798? – Mv., 1878. ápr. 23.). Gyermekeik: czélkuti Z. Rudolf; István, felesége Winkler Luiza; Emilia Specht Károlyné. Kapitány, Mv. várparancsnoka. – A Székely Naptár 1843-ik évfolyamának jegyzetrovatába írva ez áll: „Április 7-kén Nyugalmazott Kapitány és volt ide való vár vezér Züllich János élete 64-ik Esztendejében meg hala”. A r. k. temetőben művészi szobormű jelöli sírhelyét. A feltűnő, valóban művészi bronz szobormű kenyeret osztó, főkötős nagyasszonyt és gyermekét keblén melengető anyát ábrázol, a fehér márvány talpazatán van a vésett szöveg. <br /><strong>– Irod.:</strong> Gyászjelentő; Híres polgárok; Krón Füz. (1939, 4/6).</br></p>

<p>? 1782, † Mv., 1843. ápr. 7.: cs. kir. százados. – Felesége: kadicsfalvi Török. Nep. Johanna (1798? – Mv., 1878. ápr. 23.). Gyermekeik: czélkuti Z. Rudolf; István, felesége Winkler Luiza; Emilia Specht Károlyné. Kapitány, Mv. várparancsnoka. – A Székely Naptár 1843-ik évfolyamának jegyzetrovatába írva ez áll: „Április 7-kén Nyugalmazott Kapitány és volt ide való vár [&hellip;]</p>
