{"id":25307,"date":"2025-11-28T10:10:53","date_gmt":"2025-11-28T09:10:53","guid":{"rendered":"https:\/\/uj.adatbank.ro\/lexikon\/?post_type=product&#038;p=25307"},"modified":"2025-11-28T10:10:54","modified_gmt":"2025-11-28T09:10:54","slug":"abafaja","status":"publish","type":"product","link":"https:\/\/uj.adatbank.ro\/lexikon\/termek\/abafaja\/","title":{"rendered":"Abaf\u00e1ja"},"content":{"rendered":"<ul>\n<li style=\"font-weight: 400;\"><strong>ABAF\u00c1JA<\/strong> MT\u00a0\u00a0\u00a0\u00a0\u00a0 MS \u00a0\u00a0\u00a0\u00a0 <strong>Apalina<\/strong> \u00a0\u00a0\u00a0\u00a0\u00a0\u00a0\u00a0\u00a0 \uf0e8<strong>Brenndorf<\/strong><\/li>\n<\/ul>\n<p style=\"font-weight: 400;\"><strong>\u00a0\u00a0\u00a0\u00a0\u00a0\u00a0\u00a0\u00a0\u00a0\u00a0\u00a0\u00a0\u00a0\u00a0\u00a0\u00a0\u00a0\u00a0\u00a0\u00a0\u00a0\u00a0\u00a0\u00a0\u00a0\u00a0\u00a0\u00a0\u00a0\u00a0\u00a0\u00a0\u00a0\u00a0\u00a0 \u00a0\u00a0\u00a0\u00a0\u00a0\u00a0\u00a0\u00a0\u00a0\u00a0\u00a0\u00a0\u00a0\u00a0\u00a0\u00a0\u00a0\u00a0\u00a0\u00a0\u00a0\u00a0\u00a0 <\/strong><em>\/Abafalva, Abafa\/<\/em><\/p>\n<p style=\"font-weight: 400;\"><strong>\u00a0\u00a0\u00a0\u00a0\u00a0\u00a0\u00a0\u00a0\u00a0\u00a0\u00a0\u00a0\u00a0\u00a0\u00a0\u00a0\u00a0\u00a0\u00a0\u00a0\u00a0\u00a0\u00a0 <\/strong>Abaf\u00e1ja # Sz\u00e1szr\u00e9gen (1956)<\/p>\n<p><em style=\"font-weight: 400;\">1332\u201337<strong> Abafaya, Abbafaya<\/strong> (EOkt II.1125:407, EOkt II.1127:408, Cs\u00e1nki V:691, DF 292450\/1, Theiner I:560, MonVatHung I\/1. 92, 104, 107, 130, DIR C (XIV) III.56:126, 148\u2013149, 153\u2013154,196, Ortvay II:653, Krist\u00f3:Adatok I:79\/37, Beke:768, Suciu I:40, SzMA I:52, Vistai I:1), 1335 <strong>Abaf\u00e1ja<\/strong> (EOkt III.708:261, DRH\/C X.183:199\u2013201, Hunyad\u00c9vk 1900.11:167\u2013168), 1355 <strong>Abafaya <\/strong>(SzMA I:52, KniezsaMhn:123; <\/em><span style=\"font-weight: 400;\">\u00b7<\/span><em style=\"font-weight: 400;\">1356 EOkt III.826:301\u2013302, DL 36877, Ub II.702:118\u2013119, Nussb\u00e4cherDipl.19:25, DRH\/C XI.4:5\u20138; <\/em><span style=\"font-weight: 400;\">\u00b7<\/span><em style=\"font-weight: 400;\">1358 EOkt III.1015:357, DRH\/C XI.279:276\u2013277; ~ EOkt III.1015:357, DRH\/C XI.279:276\u2013277; <\/em><span style=\"font-weight: 400;\">\u00b7<\/span><em style=\"font-weight: 400;\">1363 EOkt IV.238:114\u2013115, DL 28741; <\/em><span style=\"font-weight: 400;\">\u00b7<\/span><em style=\"font-weight: 400;\">1364 EOkt IV.248:117\u2013118, DL 28741, DRH\/C XII. 224:206, SzMA I:52; ~ EOkt IV.263:122, DRH\/C XII. 278:269\u2013271; ~ EOkt IV.290:133, Kmlt 38.; <\/em><span style=\"font-weight: 400;\">\u00b7<\/span><em style=\"font-weight: 400;\">1379 DRH\/C XV. 428:651; <\/em><span style=\"font-weight: 400;\">\u00b7<\/span><em style=\"font-weight: 400;\">1408 SzMA I:52, Vistai I:1; <\/em><span style=\"font-weight: 400;\">\u00b7<\/span><em style=\"font-weight: 400;\">1411 Cs\u00e1nki V:691, TelekiOkl I.287:371\u2013372, ZsOkl III. 1044:283, SzMA I:52; <\/em><span style=\"font-weight: 400;\">\u00b7<\/span><em style=\"font-weight: 400;\">1414 DL 30768; <\/em><span style=\"font-weight: 400;\">\u00b7<\/span><em style=\"font-weight: 400;\">1427 Kmkj I.24:182\u2013194, DL 36403, DL 74030, SzMA I:52; <\/em><span style=\"font-weight: 400;\">\u00b7<\/span><em style=\"font-weight: 400;\">1415 ZsOkl V.671:210; <\/em><span style=\"font-weight: 400;\">\u00b7<\/span><em style=\"font-weight: 400;\">1419 Entz I:69, SzMA I:52; <\/em><span style=\"font-weight: 400;\">\u00b7<\/span><em style=\"font-weight: 400;\">1430 SzMA I:52; <\/em><span style=\"font-weight: 400;\">\u00b7<\/span><em style=\"font-weight: 400;\">1435 Ub IV. 2235:576\u2013577, TT\u00e1r1897. 139:348, Entz I:69, SzMA I:52; <\/em><span style=\"font-weight: 400;\">\u00b7<\/span><em style=\"font-weight: 400;\">1459 DL 28520, DL 36392.1:62; 1412, Kmkj I.1388:548, SzMA I:52, Vistai I:1; <\/em><span style=\"font-weight: 400;\">\u00b7<\/span><em style=\"font-weight: 400;\">1475 Vistai I:1; <\/em><span style=\"font-weight: 400;\">\u00b7<\/span><em style=\"font-weight: 400;\">1587\u201389 Jak\u00f3:Adatok 68, SzMA I:52, Vistai I:1; <\/em><span style=\"font-weight: 400;\">\u00b7<\/span><em style=\"font-weight: 400;\">1590 Ekjk 735:271, KKFJ I.809:285; <\/em><span style=\"font-weight: 400;\">\u00b7<\/span><em style=\"font-weight: 400;\">1590\u00a0 Ekjk 736:271\u2013272; <\/em><span style=\"font-weight: 400;\">\u00b7<\/span><em style=\"font-weight: 400;\">1590 Ekjk 744:274; EFKK\/3 1317:3; <\/em><span style=\"font-weight: 400;\">\u00b7<\/span><em style=\"font-weight: 400;\">1591 Ekjk 804:299, Ekjk 808:300, EFKK\/3 1357:369, EFKK\/3 1436:390, EFKK\/3 1540:413, EFKK\/3 1546:414; <\/em><span style=\"font-weight: 400;\">\u00b7<\/span><em style=\"font-weight: 400;\">1598 Ekjk 960:354\u2013355, Ekjk 961:356\u2013357; <\/em><span style=\"font-weight: 400;\">\u00b7<\/span><em style=\"font-weight: 400;\">1421 DF 275236, ZsOkl VIII.1072, TT\u00e1r 1897:340; <\/em><span style=\"font-weight: 400;\">\u00b7<\/span><em style=\"font-weight: 400;\">1430 Cs\u00e1nki V:691, DL 28201; <\/em><span style=\"font-weight: 400;\">\u00b7<\/span><em style=\"font-weight: 400;\">1587\u201389 Jak\u00f3:Adatok 12:68), 1353 <strong>Abafaja<\/strong> (EOkt III.708:261, Hunyad\u00c9vk 11\/1900:167\u2013168, DRH\/C X.183:199\u2013201; <\/em><span style=\"font-weight: 400;\">\u00b7<\/span><em style=\"font-weight: 400;\">1359\u00a0 EOkt III.1087:378\u2013379, B\u00e1nffy I.228\u2013229, DRH\/C XI.404:412, SzMA I:52), 1355 <strong>Abfaya<\/strong>(SzMA I:52), 1364 <strong>Abafaya<\/strong> (Cs\u00e1nki V:691, DL 28741), 1377 <strong>Abafa\u00ffa<\/strong> (B\u00e1nffy I.239:335, DRH\/C XV. 161:236; <\/em><span style=\"font-weight: 400;\">\u00b7<\/span><em style=\"font-weight: 400;\">1382 DL 260686, B\u00e1nffy I:370, DRH\/C XVI.192:239), 1380 <strong>Abafa<\/strong> (Cs\u00e1nki V:691, DL 27437, SzOkl V. 899:2\u20133, Krist\u00f3:Adatok I:79\/37, DRH\/C XV. 447:693, EMTH:5, Suciu I:40, SzMA I:52, Vistai I:1; <\/em><span style=\"font-weight: 400;\">\u00b7<\/span><em style=\"font-weight: 400;\">1653 SzOkl VI. 1149:196, SzMA I:52; <\/em><span style=\"font-weight: 400;\">\u00b7<\/span><em style=\"font-weight: 400;\">1666 SzMA I:52), 1408 <strong>Abafaya al. nom. Apathy<\/strong> (Cs\u00e1nki V:691, DL 36403.1:7, Suciu I:40), 1412 <strong>Abafalua<\/strong> (Cs\u00e1nki V:691, TelekiOkl I.294:382\u2013383, Krist\u00f3:Adatok I:79\/37, EMTH:5, , Suciu I:40, SzMA I:52), 1430 <strong>Abbafaya<\/strong> (SzMA I:52), 1588 <strong>Abafaia<\/strong> (Ekjk 541:203\u2013204; <\/em><span style=\"font-weight: 400;\">\u00b7<\/span><em style=\"font-weight: 400;\">1509 Ekjk 717:267\u2013268; <\/em><span style=\"font-weight: 400;\">\u00b7<\/span><em style=\"font-weight: 400;\">1591 Ekjk 803:299, Ekjk 831:308, EFKK\/3 1445:392;<\/em> <span style=\"font-weight: 400;\">\u00b7<\/span><em style=\"font-weight: 400;\">1598 Ekjk 960:354\u2013356), 1628 <strong>Abafaja<\/strong> (SzTA.MT:9), 1630 <strong>Abbafaia<\/strong> (SzTA.MT:9), 1660 <strong>Abafalu<\/strong> (MCT 51), 1722 <strong>Abaf\u00e1ja<\/strong> (SzMA I:52; <\/em><span style=\"font-weight: 400;\">\uf097<\/span><em style=\"font-weight: 400;\">1724 Acs\u00e1dy:214), 1733 <strong>Abafaja<\/strong> (cK &#8211; Bunea:320, Togan:179, Fene\u0219an I:140, Suciu I:40, SzMA I:52), 1750 <strong>Apafaje<\/strong> (cA &#8211; Fene\u0219an I:294, Miskolczy-Varga II:41, Suciu I:40), 1750 <strong>Apafaje<\/strong> (Bunea:277b), 1760\u201362 <strong>Abaf\u00e1ja<\/strong> (cB-Ciobanu:641, Fene\u0219an I:330, Miskolczy-Varga II:69, Suciu I:40, SzMA I:52), 1769\u20131773 <strong>Abaf\u00e1ja<\/strong> (I.kfm), 1775 <strong>Abaf\u00e1ja<\/strong>(El:10), 1781 <strong>Abaf\u00e1ja, Bendorff<\/strong> (Milkovia II:372), 1784\u201387 <strong>Abaf\u00e1ja<\/strong> (Nsz:352; <\/em><span style=\"font-weight: 400;\">\uf097<\/span><em style=\"font-weight: 400;\">1785 Miskolczy-Varga I:328), 1790 <strong>Abaf\u00e1ja, Sylva Abbatis, Bendorf, Abbaf\u00e1j\u00e1<\/strong> (Windisch:334), 1800 <strong>Abaf\u00e1ja<\/strong> (SzMA I:52), 1808 <strong>Abaf\u00e1ja, Bendorf <\/strong>(Lipszky II:5, Vistai I:1), 1824 <strong>Abaf\u00e1ja<\/strong> (El:8), 1824 <strong>Abaf\u00e1j\u00e1, Apafaj\u00e9<\/strong> (Suciu I:40), 1837 <strong>Abafaja <\/strong>(Benigni:128), 1839 <strong>Abaf\u00e1ja, Brenndorf, Uebendorf, Abafaje<\/strong> (Lenk I:1, SzMA I:52), 1808 <strong>Abafaje<\/strong> (Lipszky II:1), 1817 <strong>Abaf\u00e1ja<\/strong> (SzMA I:52), 1819\u20131820 <strong>Abaf\u00e1jy<\/strong> (c. Czirakyana:17), 1845 <strong>Abaf\u00e1ja, Bendorf<\/strong> (Raffelsperger I:1), 1850 <strong>Abaf\u00e1ja, Abafaje, Brenndorf<\/strong>(UES:61, SzMA I:52), 1850 <strong>Abaf\u00e1ja, Apalina<\/strong> (I.ErdNsz), 1854 <strong>Abaf\u00e1ja, Brenndorf, Abafaiea<\/strong> (OKL:66, Suciu I:40, SzMA I:52), 1857 <strong>Abaf\u00e1ja, Brenndorf, Abafaiea, <\/strong><\/em><span style=\"font-weight: 400;\">As\u0430faiea<\/span><em style=\"font-weight: 400;\"> (Bielz:459, SzMA I:52), 1861 <strong>Abaf\u00e1ja<\/strong> (ENF:9), 1861 <strong>Abaf\u00e1ja, Brenndorf<\/strong> (Hnt.63), 1873 <strong>Abaf\u00e1ja<\/strong> (Hnt.73, Hnt.77, Hnt.82, Hnt.88, Hnt.92, Hnt.95, Hnt.07), 1877 <strong>Abaf\u00e1ja, Abafaje, Brenndorf, Silva Abbatis <\/strong>(Dvorzs\u00e1k:394), 1907 U\u2019dr\u01ddf (Kisch Nb:7), 1909 <strong>Abaf\u00e1ja, Abafaia<\/strong> (Dic.1909), <strong>1913 <\/strong><strong>Abaf\u00e1ja <\/strong>(Hnt.1913,Hnt.1941, Hnt.1944), <strong><u>1919<\/u><\/strong> <strong>Abafaia <\/strong>(Dic.1919), 1921 <strong>Apalina, Abaf\u00e1ja<\/strong> (Dic.1921 \u2013 1925 Ind.1925), <strong>1925\u00a0 Apalina <\/strong>(Dec.reg:123 \u2013 1930 Nsz.1930), 1950 <strong><u>Apalina<\/u><\/strong> (Leg.5), 1956 <strong>Abaf\u00e1ja, Apalina<\/strong> (Ind.56-RAM), 1977<strong>Odendorf, Apalina, Abafaia, Abaf\u00e1ja, Uendref<\/strong> (Wagner:200), 1992 <strong>Abaf\u00e1ja<\/strong> (MHASZ:43 \u2013 1997 Gyalay II:491)<\/em><\/p>\n","protected":false},"excerpt":{"rendered":"<p>ABAF\u00c1JA MT\u00a0\u00a0\u00a0\u00a0\u00a0 MS \u00a0\u00a0\u00a0\u00a0 Apalina \u00a0\u00a0\u00a0\u00a0\u00a0\u00a0\u00a0\u00a0 \uf0e8Brenndorf \u00a0\u00a0\u00a0\u00a0\u00a0\u00a0\u00a0\u00a0\u00a0\u00a0\u00a0\u00a0\u00a0\u00a0\u00a0\u00a0\u00a0\u00a0\u00a0\u00a0\u00a0\u00a0\u00a0\u00a0\u00a0\u00a0\u00a0\u00a0\u00a0\u00a0\u00a0\u00a0\u00a0\u00a0\u00a0 \u00a0\u00a0\u00a0\u00a0\u00a0\u00a0\u00a0\u00a0\u00a0\u00a0\u00a0\u00a0\u00a0\u00a0\u00a0\u00a0\u00a0\u00a0\u00a0\u00a0\u00a0\u00a0\u00a0 \/Abafalva, Abafa\/ \u00a0\u00a0\u00a0\u00a0\u00a0\u00a0\u00a0\u00a0\u00a0\u00a0\u00a0\u00a0\u00a0\u00a0\u00a0\u00a0\u00a0\u00a0\u00a0\u00a0\u00a0\u00a0\u00a0 Abaf\u00e1ja # Sz\u00e1szr\u00e9gen (1956) 1332\u201337 Abafaya, Abbafaya (EOkt II.1125:407, EOkt II.1127:408, Cs\u00e1nki V:691, DF 292450\/1, Theiner I:560, MonVatHung I\/1. 92, 104, 107, 130, DIR C (XIV) III.56:126, 148\u2013149, 153\u2013154,196, Ortvay II:653, Krist\u00f3:Adatok I:79\/37, Beke:768, Suciu I:40, SzMA I:52, Vistai I:1), 1335 Abaf\u00e1ja (EOkt [&hellip;]<\/p>\n","protected":false},"featured_media":0,"comment_status":"open","ping_status":"closed","template":"","meta":[],"product_brand":[],"product_cat":[16],"product_tag":[],"class_list":{"0":"post-25307","1":"product","2":"type-product","3":"status-publish","5":"product_cat-muemlekek","7":"first","8":"instock","9":"shipping-taxable","10":"product-type-simple"},"_links":{"self":[{"href":"https:\/\/uj.adatbank.ro\/lexikon\/wp-json\/wp\/v2\/product\/25307","targetHints":{"allow":["GET"]}}],"collection":[{"href":"https:\/\/uj.adatbank.ro\/lexikon\/wp-json\/wp\/v2\/product"}],"about":[{"href":"https:\/\/uj.adatbank.ro\/lexikon\/wp-json\/wp\/v2\/types\/product"}],"replies":[{"embeddable":true,"href":"https:\/\/uj.adatbank.ro\/lexikon\/wp-json\/wp\/v2\/comments?post=25307"}],"wp:attachment":[{"href":"https:\/\/uj.adatbank.ro\/lexikon\/wp-json\/wp\/v2\/media?parent=25307"}],"wp:term":[{"taxonomy":"product_brand","embeddable":true,"href":"https:\/\/uj.adatbank.ro\/lexikon\/wp-json\/wp\/v2\/product_brand?post=25307"},{"taxonomy":"product_cat","embeddable":true,"href":"https:\/\/uj.adatbank.ro\/lexikon\/wp-json\/wp\/v2\/product_cat?post=25307"},{"taxonomy":"product_tag","embeddable":true,"href":"https:\/\/uj.adatbank.ro\/lexikon\/wp-json\/wp\/v2\/product_tag?post=25307"}],"curies":[{"name":"wp","href":"https:\/\/api.w.org\/{rel}","templated":true}]}}