{"id":3891,"date":"2025-06-28T16:15:20","date_gmt":"2025-06-28T14:15:20","guid":{"rendered":"https:\/\/uj.adatbank.ro\/lexikon\/termek\/banyasz-jozsef\/"},"modified":"2025-06-28T16:15:20","modified_gmt":"2025-06-28T14:15:20","slug":"banyasz-jozsef","status":"publish","type":"product","link":"https:\/\/uj.adatbank.ro\/lexikon\/termek\/banyasz-jozsef\/","title":{"rendered":"B\u00c1NY\u00c1SZ J\u00f3zsef"},"content":{"rendered":"<p>1915., \u2020 2008. okt. 24., nov. 3.-\u00e1n temett\u00e9k a mv.-i Minorita templomba: r. k. pap. \u2013 Minorita szerzetes Mv.-en. A mv.-i M. Kir. \u00c1llami Tan\u00edt\u00f3k\u00e9pz\u0151 Int\u00e9zet \u00e9s L\u00edc. hittan-tan\u00e1ra volt (1943\u201344). Kant\u00e1r\u00f3l a rend\u0151rs\u00e9g Esztelnekre, k\u00e9nyszersz\u00e1l\u00e1sra hurcolta. Et\u00e9den volt pl\u00e9b\u00e1nos (\u20131980). Mv.-en a Minorita templomban mis\u00e9zett ( \u2013 2000). A Miskolczi Minorita rendh\u00e1z tagja (2000\u20132008). <br \/><strong>Irod.:<\/strong> Internet; L\u00e9sty\u00e1n Ferenc: Mv. katolikus egyh\u00e1z a kommunista elnyom\u00e1s idej\u00e9n (Kv., 2007); Maros-k\u00fck\u00fcll\u0151i f\u0151esp; Szab\u00f3 K. Attila<\/br><\/p>\n","protected":false},"excerpt":{"rendered":"<p>1915., \u2020 2008. okt. 24., nov. 3.-\u00e1n temett\u00e9k a mv.-i Minorita templomba: r. k. pap. \u2013 Minorita szerzetes Mv.-en. A mv.-i M. Kir. \u00c1llami Tan\u00edt\u00f3k\u00e9pz\u0151 Int\u00e9zet \u00e9s L\u00edc. hittan-tan\u00e1ra volt (1943\u201344). Kant\u00e1r\u00f3l a rend\u0151rs\u00e9g Esztelnekre, k\u00e9nyszersz\u00e1l\u00e1sra hurcolta. Et\u00e9den volt pl\u00e9b\u00e1nos (\u20131980). Mv.-en a Minorita templomban mis\u00e9zett ( \u2013 2000). A Miskolczi Minorita rendh\u00e1z tagja (2000\u20132008). [&hellip;]<\/p>\n","protected":false},"featured_media":0,"comment_status":"open","ping_status":"closed","template":"","meta":[],"product_brand":[],"product_cat":[137],"product_tag":[],"class_list":{"0":"post-3891","1":"product","2":"type-product","3":"status-publish","5":"product_cat-maros-megyei-eletrajzi-lexikon","7":"first","8":"instock","9":"shipping-taxable","10":"product-type-simple"},"_links":{"self":[{"href":"https:\/\/uj.adatbank.ro\/lexikon\/wp-json\/wp\/v2\/product\/3891","targetHints":{"allow":["GET"]}}],"collection":[{"href":"https:\/\/uj.adatbank.ro\/lexikon\/wp-json\/wp\/v2\/product"}],"about":[{"href":"https:\/\/uj.adatbank.ro\/lexikon\/wp-json\/wp\/v2\/types\/product"}],"replies":[{"embeddable":true,"href":"https:\/\/uj.adatbank.ro\/lexikon\/wp-json\/wp\/v2\/comments?post=3891"}],"wp:attachment":[{"href":"https:\/\/uj.adatbank.ro\/lexikon\/wp-json\/wp\/v2\/media?parent=3891"}],"wp:term":[{"taxonomy":"product_brand","embeddable":true,"href":"https:\/\/uj.adatbank.ro\/lexikon\/wp-json\/wp\/v2\/product_brand?post=3891"},{"taxonomy":"product_cat","embeddable":true,"href":"https:\/\/uj.adatbank.ro\/lexikon\/wp-json\/wp\/v2\/product_cat?post=3891"},{"taxonomy":"product_tag","embeddable":true,"href":"https:\/\/uj.adatbank.ro\/lexikon\/wp-json\/wp\/v2\/product_tag?post=3891"}],"curies":[{"name":"wp","href":"https:\/\/api.w.org\/{rel}","templated":true}]}}

BÁNYÁSZ József

<p>1915., † 2008. okt. 24., nov. 3.-án temették a mv.-i Minorita templomba: r. k. pap. – Minorita szerzetes Mv.-en. A mv.-i M. Kir. Állami Tanítóképző Intézet és Líc. hittan-tanára volt (1943–44). Kantáról a rendőrség Esztelnekre, kényszerszálásra hurcolta. Etéden volt plébános (–1980). Mv.-en a Minorita templomban misézett ( – 2000). A Miskolczi Minorita rendház tagja (2000–2008). <br /><strong>Irod.:</strong> Internet; Léstyán Ferenc: Mv. katolikus egyház a kommunista elnyomás idején (Kv., 2007); Maros-küküllői főesp; Szabó K. Attila</br></p>

<p>1915., † 2008. okt. 24., nov. 3.-án temették a mv.-i Minorita templomba: r. k. pap. – Minorita szerzetes Mv.-en. A mv.-i M. Kir. Állami Tanítóképző Intézet és Líc. hittan-tanára volt (1943–44). Kantáról a rendőrség Esztelnekre, kényszerszálásra hurcolta. Etéden volt plébános (–1980). Mv.-en a Minorita templomban misézett ( – 2000). A Miskolczi Minorita rendház tagja (2000–2008). [&hellip;]</p>
