{"id":3894,"date":"2025-06-28T16:15:30","date_gmt":"2025-06-28T14:15:30","guid":{"rendered":"https:\/\/uj.adatbank.ro\/lexikon\/termek\/banyay-jozsef-nagybanyai\/"},"modified":"2025-06-28T16:15:30","modified_gmt":"2025-06-28T14:15:30","slug":"banyay-jozsef-nagybanyai","status":"publish","type":"product","link":"https:\/\/uj.adatbank.ro\/lexikon\/termek\/banyay-jozsef-nagybanyai\/","title":{"rendered":"B\u00c1NYAY J\u00f3zsef, nagyb\u00e1nyai"},"content":{"rendered":"<p>Mv, 1893., \u2020\u00a0? : malomtulajdonos Jedden. \u2013 K\u00f6z\u00e9piskol\u00e1t v\u00e9gzett \u00e9s ut\u00e1na a g\u00e9plakatos ipart saj\u00e1t\u00edtotta el. \u0150sei is moln\u00e1rok voltak. Apja \u00e1ltal v\u00e1s\u00e1rolt malmot modern f\u00f6lszerel\u00e9ssel l\u00e1tta el. \u00d6nk\u00e9nt vonult be az els\u0151 vh.-ba \u00e9s a 62. gy. ezredben szolg\u00e1lt az orosz fronton, fogs\u00e1gba ker\u00fclt, tizedesi rangban szerelt le. <br \/><strong>Irod.:<\/strong> Sz\u00e9kelyf\u00f6ld \u00ed. k.<\/br><\/p>\n","protected":false},"excerpt":{"rendered":"<p>Mv, 1893., \u2020\u00a0? : malomtulajdonos Jedden. \u2013 K\u00f6z\u00e9piskol\u00e1t v\u00e9gzett \u00e9s ut\u00e1na a g\u00e9plakatos ipart saj\u00e1t\u00edtotta el. \u0150sei is moln\u00e1rok voltak. Apja \u00e1ltal v\u00e1s\u00e1rolt malmot modern f\u00f6lszerel\u00e9ssel l\u00e1tta el. \u00d6nk\u00e9nt vonult be az els\u0151 vh.-ba \u00e9s a 62. gy. ezredben szolg\u00e1lt az orosz fronton, fogs\u00e1gba ker\u00fclt, tizedesi rangban szerelt le. Irod.: Sz\u00e9kelyf\u00f6ld \u00ed. k.<\/p>\n","protected":false},"featured_media":0,"comment_status":"open","ping_status":"closed","template":"","meta":[],"product_brand":[],"product_cat":[137],"product_tag":[],"class_list":{"0":"post-3894","1":"product","2":"type-product","3":"status-publish","5":"product_cat-maros-megyei-eletrajzi-lexikon","7":"first","8":"instock","9":"shipping-taxable","10":"product-type-simple"},"_links":{"self":[{"href":"https:\/\/uj.adatbank.ro\/lexikon\/wp-json\/wp\/v2\/product\/3894","targetHints":{"allow":["GET"]}}],"collection":[{"href":"https:\/\/uj.adatbank.ro\/lexikon\/wp-json\/wp\/v2\/product"}],"about":[{"href":"https:\/\/uj.adatbank.ro\/lexikon\/wp-json\/wp\/v2\/types\/product"}],"replies":[{"embeddable":true,"href":"https:\/\/uj.adatbank.ro\/lexikon\/wp-json\/wp\/v2\/comments?post=3894"}],"wp:attachment":[{"href":"https:\/\/uj.adatbank.ro\/lexikon\/wp-json\/wp\/v2\/media?parent=3894"}],"wp:term":[{"taxonomy":"product_brand","embeddable":true,"href":"https:\/\/uj.adatbank.ro\/lexikon\/wp-json\/wp\/v2\/product_brand?post=3894"},{"taxonomy":"product_cat","embeddable":true,"href":"https:\/\/uj.adatbank.ro\/lexikon\/wp-json\/wp\/v2\/product_cat?post=3894"},{"taxonomy":"product_tag","embeddable":true,"href":"https:\/\/uj.adatbank.ro\/lexikon\/wp-json\/wp\/v2\/product_tag?post=3894"}],"curies":[{"name":"wp","href":"https:\/\/api.w.org\/{rel}","templated":true}]}}