{"id":3895,"date":"2025-06-28T16:15:33","date_gmt":"2025-06-28T14:15:33","guid":{"rendered":"https:\/\/uj.adatbank.ro\/lexikon\/termek\/banyay-zoltan\/"},"modified":"2025-06-28T16:15:33","modified_gmt":"2025-06-28T14:15:33","slug":"banyay-zoltan","status":"publish","type":"product","link":"https:\/\/uj.adatbank.ro\/lexikon\/termek\/banyay-zoltan\/","title":{"rendered":"B\u00c1NYAY Zolt\u00e1n"},"content":{"rendered":"<p>1888.? \u2020 Mv., 1924. jan. 3.: ellen\u0151r, hadnagy. \u2013 B\u00e1nyay B\u00e9la \u00e9s V\u00e1rady Ilona fia. Feles\u00e9ge: Horv\u00e1th Ilona \u2013 Vasuti ellen\u0151r, tartal\u00e9kos hadnagy. <br \/><strong>Irod.:<\/strong> Gy\u00e1szjelent\u0151<\/br><\/p>\n","protected":false},"excerpt":{"rendered":"<p>1888.? \u2020 Mv., 1924. jan. 3.: ellen\u0151r, hadnagy. \u2013 B\u00e1nyay B\u00e9la \u00e9s V\u00e1rady Ilona fia. Feles\u00e9ge: Horv\u00e1th Ilona \u2013 Vasuti ellen\u0151r, tartal\u00e9kos hadnagy. Irod.: Gy\u00e1szjelent\u0151<\/p>\n","protected":false},"featured_media":0,"comment_status":"open","ping_status":"closed","template":"","meta":[],"product_brand":[],"product_cat":[137],"product_tag":[],"class_list":{"0":"post-3895","1":"product","2":"type-product","3":"status-publish","5":"product_cat-maros-megyei-eletrajzi-lexikon","7":"first","8":"instock","9":"shipping-taxable","10":"product-type-simple"},"_links":{"self":[{"href":"https:\/\/uj.adatbank.ro\/lexikon\/wp-json\/wp\/v2\/product\/3895","targetHints":{"allow":["GET"]}}],"collection":[{"href":"https:\/\/uj.adatbank.ro\/lexikon\/wp-json\/wp\/v2\/product"}],"about":[{"href":"https:\/\/uj.adatbank.ro\/lexikon\/wp-json\/wp\/v2\/types\/product"}],"replies":[{"embeddable":true,"href":"https:\/\/uj.adatbank.ro\/lexikon\/wp-json\/wp\/v2\/comments?post=3895"}],"wp:attachment":[{"href":"https:\/\/uj.adatbank.ro\/lexikon\/wp-json\/wp\/v2\/media?parent=3895"}],"wp:term":[{"taxonomy":"product_brand","embeddable":true,"href":"https:\/\/uj.adatbank.ro\/lexikon\/wp-json\/wp\/v2\/product_brand?post=3895"},{"taxonomy":"product_cat","embeddable":true,"href":"https:\/\/uj.adatbank.ro\/lexikon\/wp-json\/wp\/v2\/product_cat?post=3895"},{"taxonomy":"product_tag","embeddable":true,"href":"https:\/\/uj.adatbank.ro\/lexikon\/wp-json\/wp\/v2\/product_tag?post=3895"}],"curies":[{"name":"wp","href":"https:\/\/api.w.org\/{rel}","templated":true}]}}