{"id":3903,"date":"2025-06-28T16:15:59","date_gmt":"2025-06-28T14:15:59","guid":{"rendered":"https:\/\/uj.adatbank.ro\/lexikon\/termek\/barabas-erzsebet-dienes-sandorne\/"},"modified":"2025-06-28T16:15:59","modified_gmt":"2025-06-28T14:15:59","slug":"barabas-erzsebet-dienes-sandorne","status":"publish","type":"product","link":"https:\/\/uj.adatbank.ro\/lexikon\/termek\/barabas-erzsebet-dienes-sandorne\/","title":{"rendered":"BARAB\u00c1S Erzs\u00e9bet, Dienes S\u00e1ndorn\u00e9"},"content":{"rendered":"<p>Torda, 1925. m\u00e1rc. 1., \u2020\u00a0Mv., 1982. aug. 2.: orvos. \u2013 Barab\u00e1s B\u00e9la Viktor unit. lelk\u00e9sz \u00e9s Major Erzs\u00e9bet tan\u00e1r le\u00e1nya. F\u00e9rje: Dr. Dienes S\u00e1ndor, prof. Le\u00e1nyaik: D. Erzs\u00e9bet Lidia (Mv., 1953\u2013), pszichol\u00f3gus; Emese Kl\u00e1ra (Mv., 1955\u2013), gyermekorvos. \u2013 A MOGYI-n szerzett orvosi diplom\u00e1t (1951). Erd\u0151szentgy\u00f6rgy\u00f6n rajoni gyermekf\u0151orvos (1951\u201353), Mv.-en gyermekgy\u00f3gy\u00e1sz k\u00f6rorvos (1953\u20131982). Akt\u00edvan sportolt, az egyetem v\u00edv\u00f3csapat\u00e1ban. <br \/><strong>Irod.:<\/strong> csal\u00e1di inf. Dr. Dienes S\u00e1ndort\u00f3l.<\/br><\/p>\n","protected":false},"excerpt":{"rendered":"<p>Torda, 1925. m\u00e1rc. 1., \u2020\u00a0Mv., 1982. aug. 2.: orvos. \u2013 Barab\u00e1s B\u00e9la Viktor unit. lelk\u00e9sz \u00e9s Major Erzs\u00e9bet tan\u00e1r le\u00e1nya. F\u00e9rje: Dr. Dienes S\u00e1ndor, prof. Le\u00e1nyaik: D. Erzs\u00e9bet Lidia (Mv., 1953\u2013), pszichol\u00f3gus; Emese Kl\u00e1ra (Mv., 1955\u2013), gyermekorvos. \u2013 A MOGYI-n szerzett orvosi diplom\u00e1t (1951). Erd\u0151szentgy\u00f6rgy\u00f6n rajoni gyermekf\u0151orvos (1951\u201353), Mv.-en gyermekgy\u00f3gy\u00e1sz k\u00f6rorvos (1953\u20131982). Akt\u00edvan sportolt, az [&hellip;]<\/p>\n","protected":false},"featured_media":0,"comment_status":"open","ping_status":"closed","template":"","meta":[],"product_brand":[],"product_cat":[137],"product_tag":[],"class_list":{"0":"post-3903","1":"product","2":"type-product","3":"status-publish","5":"product_cat-maros-megyei-eletrajzi-lexikon","7":"first","8":"instock","9":"shipping-taxable","10":"product-type-simple"},"_links":{"self":[{"href":"https:\/\/uj.adatbank.ro\/lexikon\/wp-json\/wp\/v2\/product\/3903","targetHints":{"allow":["GET"]}}],"collection":[{"href":"https:\/\/uj.adatbank.ro\/lexikon\/wp-json\/wp\/v2\/product"}],"about":[{"href":"https:\/\/uj.adatbank.ro\/lexikon\/wp-json\/wp\/v2\/types\/product"}],"replies":[{"embeddable":true,"href":"https:\/\/uj.adatbank.ro\/lexikon\/wp-json\/wp\/v2\/comments?post=3903"}],"wp:attachment":[{"href":"https:\/\/uj.adatbank.ro\/lexikon\/wp-json\/wp\/v2\/media?parent=3903"}],"wp:term":[{"taxonomy":"product_brand","embeddable":true,"href":"https:\/\/uj.adatbank.ro\/lexikon\/wp-json\/wp\/v2\/product_brand?post=3903"},{"taxonomy":"product_cat","embeddable":true,"href":"https:\/\/uj.adatbank.ro\/lexikon\/wp-json\/wp\/v2\/product_cat?post=3903"},{"taxonomy":"product_tag","embeddable":true,"href":"https:\/\/uj.adatbank.ro\/lexikon\/wp-json\/wp\/v2\/product_tag?post=3903"}],"curies":[{"name":"wp","href":"https:\/\/api.w.org\/{rel}","templated":true}]}}

BARABÁS Erzsébet, Dienes Sándorné

<p>Torda, 1925. márc. 1., † Mv., 1982. aug. 2.: orvos. – Barabás Béla Viktor unit. lelkész és Major Erzsébet tanár leánya. Férje: Dr. Dienes Sándor, prof. Leányaik: D. Erzsébet Lidia (Mv., 1953–), pszichológus; Emese Klára (Mv., 1955–), gyermekorvos. – A MOGYI-n szerzett orvosi diplomát (1951). Erdőszentgyörgyön rajoni gyermekfőorvos (1951–53), Mv.-en gyermekgyógyász körorvos (1953–1982). Aktívan sportolt, az egyetem vívócsapatában. <br /><strong>Irod.:</strong> családi inf. Dr. Dienes Sándortól.</br></p>

<p>Torda, 1925. márc. 1., † Mv., 1982. aug. 2.: orvos. – Barabás Béla Viktor unit. lelkész és Major Erzsébet tanár leánya. Férje: Dr. Dienes Sándor, prof. Leányaik: D. Erzsébet Lidia (Mv., 1953–), pszichológus; Emese Klára (Mv., 1955–), gyermekorvos. – A MOGYI-n szerzett orvosi diplomát (1951). Erdőszentgyörgyön rajoni gyermekfőorvos (1951–53), Mv.-en gyermekgyógyász körorvos (1953–1982). Aktívan sportolt, az [&hellip;]</p>
