{"id":3906,"date":"2025-06-28T16:16:09","date_gmt":"2025-06-28T14:16:09","guid":{"rendered":"https:\/\/uj.adatbank.ro\/lexikon\/termek\/barabas-gergely\/"},"modified":"2025-06-28T16:16:09","modified_gmt":"2025-06-28T14:16:09","slug":"barabas-gergely","status":"publish","type":"product","link":"https:\/\/uj.adatbank.ro\/lexikon\/termek\/barabas-gergely\/","title":{"rendered":"BARAB\u00c1S Gergely"},"content":{"rendered":"<p>M\u00e1ln\u00e1s, 1874. m\u00e1rc. 15., \u2020 Mv., 1968.: szobr\u00e1sz, betonipari v\u00e1llalkoz\u00f3. \u2013 Az ornament\u00e1lis d\u00edsz\u00edt\u00e9s mestere. Mv.-en szaktan\u00e1r a helyi ipariskol\u00e1ban (1896\u2013). \u0150 k\u00e9sz\u00edtette a mv.-i Kult\u00farpalota gipsz d\u00edsz\u00edt\u0151elemeit, a tanoncotthon homlokzati disz\u00edt\u0151elemeit. K\u00fclf\u00f6ldi tanulm\u00e1ny\u00fatjai: San Francisco, Rio de Janeiro, P\u00e1rizs, R\u00f3ma, Berlin, Bp. \u2013 <strong>F. m.:<\/strong> Csikv\u00e1rmegye m\u00e1rv\u00e1nyipara (Mv., 1914). <br \/><strong>Irod.:<\/strong> Moln\u00e1r; Keresztes 2000; Keresztes Gyula: Szecesszi\u00f3 Mv.-en: 5.: K\u00f6zm\u0171vel\u0151d\u00e9si h\u00e1z 1\u20135. (N\u00fa., 1991. nov. 23.; 1991. dec. 7.; 1991. dec. 14.; 1992. jan. 4.; 1992. jan. 11.); Szengy\u00f6rgyi<\/br><\/p>\n","protected":false},"excerpt":{"rendered":"<p>M\u00e1ln\u00e1s, 1874. m\u00e1rc. 15., \u2020 Mv., 1968.: szobr\u00e1sz, betonipari v\u00e1llalkoz\u00f3. \u2013 Az ornament\u00e1lis d\u00edsz\u00edt\u00e9s mestere. Mv.-en szaktan\u00e1r a helyi ipariskol\u00e1ban (1896\u2013). \u0150 k\u00e9sz\u00edtette a mv.-i Kult\u00farpalota gipsz d\u00edsz\u00edt\u0151elemeit, a tanoncotthon homlokzati disz\u00edt\u0151elemeit. K\u00fclf\u00f6ldi tanulm\u00e1ny\u00fatjai: San Francisco, Rio de Janeiro, P\u00e1rizs, R\u00f3ma, Berlin, Bp. \u2013 F. m.: Csikv\u00e1rmegye m\u00e1rv\u00e1nyipara (Mv., 1914). Irod.: Moln\u00e1r; Keresztes 2000; Keresztes [&hellip;]<\/p>\n","protected":false},"featured_media":0,"comment_status":"open","ping_status":"closed","template":"","meta":[],"product_brand":[],"product_cat":[137],"product_tag":[],"class_list":{"0":"post-3906","1":"product","2":"type-product","3":"status-publish","5":"product_cat-maros-megyei-eletrajzi-lexikon","7":"first","8":"instock","9":"shipping-taxable","10":"product-type-simple"},"_links":{"self":[{"href":"https:\/\/uj.adatbank.ro\/lexikon\/wp-json\/wp\/v2\/product\/3906","targetHints":{"allow":["GET"]}}],"collection":[{"href":"https:\/\/uj.adatbank.ro\/lexikon\/wp-json\/wp\/v2\/product"}],"about":[{"href":"https:\/\/uj.adatbank.ro\/lexikon\/wp-json\/wp\/v2\/types\/product"}],"replies":[{"embeddable":true,"href":"https:\/\/uj.adatbank.ro\/lexikon\/wp-json\/wp\/v2\/comments?post=3906"}],"wp:attachment":[{"href":"https:\/\/uj.adatbank.ro\/lexikon\/wp-json\/wp\/v2\/media?parent=3906"}],"wp:term":[{"taxonomy":"product_brand","embeddable":true,"href":"https:\/\/uj.adatbank.ro\/lexikon\/wp-json\/wp\/v2\/product_brand?post=3906"},{"taxonomy":"product_cat","embeddable":true,"href":"https:\/\/uj.adatbank.ro\/lexikon\/wp-json\/wp\/v2\/product_cat?post=3906"},{"taxonomy":"product_tag","embeddable":true,"href":"https:\/\/uj.adatbank.ro\/lexikon\/wp-json\/wp\/v2\/product_tag?post=3906"}],"curies":[{"name":"wp","href":"https:\/\/api.w.org\/{rel}","templated":true}]}}

BARABÁS Gergely

<p>Málnás, 1874. márc. 15., † Mv., 1968.: szobrász, betonipari vállalkozó. – Az ornamentális díszítés mestere. Mv.-en szaktanár a helyi ipariskolában (1896–). Ő készítette a mv.-i Kultúrpalota gipsz díszítőelemeit, a tanoncotthon homlokzati diszítőelemeit. Külföldi tanulmányútjai: San Francisco, Rio de Janeiro, Párizs, Róma, Berlin, Bp. – <strong>F. m.:</strong> Csikvármegye márványipara (Mv., 1914). <br /><strong>Irod.:</strong> Molnár; Keresztes 2000; Keresztes Gyula: Szecesszió Mv.-en: 5.: Közművelődési ház 1–5. (Nú., 1991. nov. 23.; 1991. dec. 7.; 1991. dec. 14.; 1992. jan. 4.; 1992. jan. 11.); Szengyörgyi</br></p>

<p>Málnás, 1874. márc. 15., † Mv., 1968.: szobrász, betonipari vállalkozó. – Az ornamentális díszítés mestere. Mv.-en szaktanár a helyi ipariskolában (1896–). Ő készítette a mv.-i Kultúrpalota gipsz díszítőelemeit, a tanoncotthon homlokzati diszítőelemeit. Külföldi tanulmányútjai: San Francisco, Rio de Janeiro, Párizs, Róma, Berlin, Bp. – F. m.: Csikvármegye márványipara (Mv., 1914). Irod.: Molnár; Keresztes 2000; Keresztes [&hellip;]</p>
