{"id":3913,"date":"2025-06-28T16:16:36","date_gmt":"2025-06-28T14:16:36","guid":{"rendered":"https:\/\/uj.adatbank.ro\/lexikon\/termek\/barabas-istvan\/"},"modified":"2025-06-28T16:16:36","modified_gmt":"2025-06-28T14:16:36","slug":"barabas-istvan","status":"publish","type":"product","link":"https:\/\/uj.adatbank.ro\/lexikon\/termek\/barabas-istvan\/","title":{"rendered":"BARAB\u00c1S Istv\u00e1n"},"content":{"rendered":"<p>Lapusnyak, 1914., \u2020\u00a0Mv., 1994. \u2013 A mv.-i V\u00e1rosi Fest\u0151iskol\u00e1ban tan\u00e1rai Daday Ger\u0151 \u00e9s A. Ciupe voltak tan\u00e1rai. A nagyb\u00e1nyai m\u0171v\u00e9sztelepen folytatta tanulm\u00e1nyait Krizs\u00e1n J\u00e1nos \u00e9s Mikola Andr\u00e1s tan\u00edt\u00f3 jav\u00edt\u00e1saival. A bukaresti Hivatalos Szalonban \u00e1ll\u00edtott ki (1935). Tanulm\u00e1ny\u00faton j\u00e1rt Olaszorsz\u00e1gban (1938). R\u00e9szt vett rendszeresen tartom\u00e1nyi, megyei, orsz\u00e1gos t\u00e1rlatokon. Gy\u0171jtem\u00e9nyes ki\u00e1ll\u00edt\u00e1sa volt Mv.-en (1941, 1976) \u00e9s a debreceni D\u00e9ri M\u00fazeumban, P\u00e9csett, K\u0151szegen, Gy\u00f6rben, Kaposv\u00e1ron, Szombathelyen, Budapesten, a Velencei Biennal\u00e9n, Washingtonban, New York-ban, Philadelphi\u00e1ban, Berlinben hiszen jellegzetes emberi t\u00e1rgyakat, lovas t\u00e1jkompoz\u00edci\u00f3kat \u00e1br\u00e1zoltak. A mv.-i K\u00e9pz\u0151m\u0171v\u00e9szeti Iskola tan\u00e1ra, a K\u00e9pz\u0151m\u0171v\u00e9szeti Szovets\u00e9g eln\u00f6ke volt. A sepsiszentgy\u00f6rgyi sz\u00ednh\u00e1z falk\u00e9peit, a mv.-i Transilvania Sz\u00e1ll\u00f3 el\u0151csarnok\u00e1t fresk\u00fckkel d\u00edsz\u00edtett\u00e9k Piskolti G\u00e1bor \u00e9s Bordi Andr\u00e1ssal k\u00f6z\u00f6sen. A M\u0171v\u00e9szetek \u00c9rdemes Mestere cimmel t\u00fcntett\u00e9k ki. Megkapta a Munka \u00e9rdemrend III. \u00e9s V. fokozat\u00e1t. <br \/><strong>Irod.:<\/strong> Szab\u00f3\u2013K\u00e1llai<\/br><\/p>\n","protected":false},"excerpt":{"rendered":"<p>Lapusnyak, 1914., \u2020\u00a0Mv., 1994. \u2013 A mv.-i V\u00e1rosi Fest\u0151iskol\u00e1ban tan\u00e1rai Daday Ger\u0151 \u00e9s A. Ciupe voltak tan\u00e1rai. A nagyb\u00e1nyai m\u0171v\u00e9sztelepen folytatta tanulm\u00e1nyait Krizs\u00e1n J\u00e1nos \u00e9s Mikola Andr\u00e1s tan\u00edt\u00f3 jav\u00edt\u00e1saival. A bukaresti Hivatalos Szalonban \u00e1ll\u00edtott ki (1935). Tanulm\u00e1ny\u00faton j\u00e1rt Olaszorsz\u00e1gban (1938). R\u00e9szt vett rendszeresen tartom\u00e1nyi, megyei, orsz\u00e1gos t\u00e1rlatokon. Gy\u0171jtem\u00e9nyes ki\u00e1ll\u00edt\u00e1sa volt Mv.-en (1941, 1976) \u00e9s a [&hellip;]<\/p>\n","protected":false},"featured_media":0,"comment_status":"open","ping_status":"closed","template":"","meta":[],"product_brand":[],"product_cat":[137],"product_tag":[],"class_list":{"0":"post-3913","1":"product","2":"type-product","3":"status-publish","5":"product_cat-maros-megyei-eletrajzi-lexikon","7":"first","8":"instock","9":"shipping-taxable","10":"product-type-simple"},"_links":{"self":[{"href":"https:\/\/uj.adatbank.ro\/lexikon\/wp-json\/wp\/v2\/product\/3913","targetHints":{"allow":["GET"]}}],"collection":[{"href":"https:\/\/uj.adatbank.ro\/lexikon\/wp-json\/wp\/v2\/product"}],"about":[{"href":"https:\/\/uj.adatbank.ro\/lexikon\/wp-json\/wp\/v2\/types\/product"}],"replies":[{"embeddable":true,"href":"https:\/\/uj.adatbank.ro\/lexikon\/wp-json\/wp\/v2\/comments?post=3913"}],"wp:attachment":[{"href":"https:\/\/uj.adatbank.ro\/lexikon\/wp-json\/wp\/v2\/media?parent=3913"}],"wp:term":[{"taxonomy":"product_brand","embeddable":true,"href":"https:\/\/uj.adatbank.ro\/lexikon\/wp-json\/wp\/v2\/product_brand?post=3913"},{"taxonomy":"product_cat","embeddable":true,"href":"https:\/\/uj.adatbank.ro\/lexikon\/wp-json\/wp\/v2\/product_cat?post=3913"},{"taxonomy":"product_tag","embeddable":true,"href":"https:\/\/uj.adatbank.ro\/lexikon\/wp-json\/wp\/v2\/product_tag?post=3913"}],"curies":[{"name":"wp","href":"https:\/\/api.w.org\/{rel}","templated":true}]}}

BARABÁS István

<p>Lapusnyak, 1914., † Mv., 1994. – A mv.-i Városi Festőiskolában tanárai Daday Gerő és A. Ciupe voltak tanárai. A nagybányai művésztelepen folytatta tanulmányait Krizsán János és Mikola András tanító javításaival. A bukaresti Hivatalos Szalonban állított ki (1935). Tanulmányúton járt Olaszországban (1938). Részt vett rendszeresen tartományi, megyei, országos tárlatokon. Gyűjteményes kiállítása volt Mv.-en (1941, 1976) és a debreceni Déri Múzeumban, Pécsett, Kőszegen, Györben, Kaposváron, Szombathelyen, Budapesten, a Velencei Biennalén, Washingtonban, New York-ban, Philadelphiában, Berlinben hiszen jellegzetes emberi tárgyakat, lovas tájkompozíciókat ábrázoltak. A mv.-i Képzőművészeti Iskola tanára, a Képzőművészeti Szovetség elnöke volt. A sepsiszentgyörgyi színház falképeit, a mv.-i Transilvania Szálló előcsarnokát freskükkel díszítették Piskolti Gábor és Bordi Andrással közösen. A Művészetek Érdemes Mestere cimmel tüntették ki. Megkapta a Munka érdemrend III. és V. fokozatát. <br /><strong>Irod.:</strong> Szabó–Kállai</br></p>

<p>Lapusnyak, 1914., † Mv., 1994. – A mv.-i Városi Festőiskolában tanárai Daday Gerő és A. Ciupe voltak tanárai. A nagybányai művésztelepen folytatta tanulmányait Krizsán János és Mikola András tanító javításaival. A bukaresti Hivatalos Szalonban állított ki (1935). Tanulmányúton járt Olaszországban (1938). Részt vett rendszeresen tartományi, megyei, országos tárlatokon. Gyűjteményes kiállítása volt Mv.-en (1941, 1976) és a [&hellip;]</p>
