{"id":3916,"date":"2025-06-28T16:16:49","date_gmt":"2025-06-28T14:16:49","guid":{"rendered":"https:\/\/uj.adatbank.ro\/lexikon\/termek\/barabas-janos-3\/"},"modified":"2025-06-28T16:16:49","modified_gmt":"2025-06-28T14:16:49","slug":"barabas-janos-3","status":"publish","type":"product","link":"https:\/\/uj.adatbank.ro\/lexikon\/termek\/barabas-janos-3\/","title":{"rendered":"BARAB\u00c1S J\u00e1nos"},"content":{"rendered":"<p>Kib\u00e9d, 1894, \u2020\u00a0? : cip\u00e9sz. \u2013 A mesters\u00e9g alapjait az \u00e9desapj\u00e1t\u00f3l tanulta, aki szint\u00e9n cip\u00e9sz volt. N\u0151s\u00fcl\u00e9se ut\u00e1n \u00f6n\u00e1ll\u00f3sodott, komolyan foglalkozott a cip\u00e9szmesters\u00e9ggel: szaklapokat rendelt \u00e9s tanulm\u00e1nyozta ezeket, j\u00f3l elsaj\u00e1t\u00edtotta a mesters\u00e9g\u00e9t, min\u0151s\u00e9gi \u00e1rut \u00e1ll\u00edtott el\u0151. \u00c1lland\u00f3an b\u0151v\u00edtette kell\u00e9kt\u00e1r\u00e1t: kaptaf\u00e1kat rendelt minden m\u00e9retben, varr\u00f3g\u00e9peket v\u00e1s\u00e1rolt \u00e9s \u00faj mint\u00e1kat szerzett. Term\u00e9keivel Parajd, Ny\u00e1r\u00e1dszereda, Sz\u00e9kelykereszt\u00far, Makfalva \u00e9s m\u00e9g sz\u00e1mos helys\u00e9g v\u00e1s\u00e1rain jelent meg \u00e9s ismertt\u00e9 v\u00e1lt j\u00f3 min\u0151s\u00e9g\u0171 term\u00e9keivel. A l\u00e1bbeliket f\u00e9mpecs\u00e9ttel l\u00e1tta el, jelezve ezzel sz\u00e1rmaz\u00e1sukat. F\u00f6leg n\u0151i-, f\u00e9rfi- \u00e9s gyerekcip\u0151ket k\u00e9sz\u00edtett, \u00e9rtett a csizm\u00e1khoz is. Inasokat tan\u00edtott, seg\u00e9dekkel dolgozott \u00e9s sokan t\u0151le tanult\u00e1k meg a cip\u0151- \u00e9s csizmak\u00e9sz\u00edt\u00e9si szakm\u00e1t. J\u00f6vedelm\u00e9b\u0151l cs\u00e9pl\u0151g\u00e9pet v\u00e1s\u00e1rolt ut\u00f3dainak, biztos\u00edtva j\u0151v\u0151beni meg\u00e9lhet\u00e9s\u00fcket. <br \/><strong>Irod.:<\/strong> H\u00edres-neves kib\u00e9di n\u00e9pm\u0171v\u00e9szeink. (Sz\u00e9kelyudvarhely, 2007)<\/br><\/p>\n","protected":false},"excerpt":{"rendered":"<p>Kib\u00e9d, 1894, \u2020\u00a0? : cip\u00e9sz. \u2013 A mesters\u00e9g alapjait az \u00e9desapj\u00e1t\u00f3l tanulta, aki szint\u00e9n cip\u00e9sz volt. N\u0151s\u00fcl\u00e9se ut\u00e1n \u00f6n\u00e1ll\u00f3sodott, komolyan foglalkozott a cip\u00e9szmesters\u00e9ggel: szaklapokat rendelt \u00e9s tanulm\u00e1nyozta ezeket, j\u00f3l elsaj\u00e1t\u00edtotta a mesters\u00e9g\u00e9t, min\u0151s\u00e9gi \u00e1rut \u00e1ll\u00edtott el\u0151. \u00c1lland\u00f3an b\u0151v\u00edtette kell\u00e9kt\u00e1r\u00e1t: kaptaf\u00e1kat rendelt minden m\u00e9retben, varr\u00f3g\u00e9peket v\u00e1s\u00e1rolt \u00e9s \u00faj mint\u00e1kat szerzett. Term\u00e9keivel Parajd, Ny\u00e1r\u00e1dszereda, Sz\u00e9kelykereszt\u00far, Makfalva \u00e9s [&hellip;]<\/p>\n","protected":false},"featured_media":0,"comment_status":"open","ping_status":"closed","template":"","meta":[],"product_brand":[],"product_cat":[137],"product_tag":[],"class_list":{"0":"post-3916","1":"product","2":"type-product","3":"status-publish","5":"product_cat-maros-megyei-eletrajzi-lexikon","7":"first","8":"instock","9":"shipping-taxable","10":"product-type-simple"},"_links":{"self":[{"href":"https:\/\/uj.adatbank.ro\/lexikon\/wp-json\/wp\/v2\/product\/3916","targetHints":{"allow":["GET"]}}],"collection":[{"href":"https:\/\/uj.adatbank.ro\/lexikon\/wp-json\/wp\/v2\/product"}],"about":[{"href":"https:\/\/uj.adatbank.ro\/lexikon\/wp-json\/wp\/v2\/types\/product"}],"replies":[{"embeddable":true,"href":"https:\/\/uj.adatbank.ro\/lexikon\/wp-json\/wp\/v2\/comments?post=3916"}],"wp:attachment":[{"href":"https:\/\/uj.adatbank.ro\/lexikon\/wp-json\/wp\/v2\/media?parent=3916"}],"wp:term":[{"taxonomy":"product_brand","embeddable":true,"href":"https:\/\/uj.adatbank.ro\/lexikon\/wp-json\/wp\/v2\/product_brand?post=3916"},{"taxonomy":"product_cat","embeddable":true,"href":"https:\/\/uj.adatbank.ro\/lexikon\/wp-json\/wp\/v2\/product_cat?post=3916"},{"taxonomy":"product_tag","embeddable":true,"href":"https:\/\/uj.adatbank.ro\/lexikon\/wp-json\/wp\/v2\/product_tag?post=3916"}],"curies":[{"name":"wp","href":"https:\/\/api.w.org\/{rel}","templated":true}]}}