{"id":3922,"date":"2025-06-28T16:17:05","date_gmt":"2025-06-28T14:17:05","guid":{"rendered":"https:\/\/uj.adatbank.ro\/lexikon\/termek\/barabas-mihaly-barabas-mihai\/"},"modified":"2025-06-28T16:17:05","modified_gmt":"2025-06-28T14:17:05","slug":"barabas-mihaly-barabas-mihai","status":"publish","type":"product","link":"https:\/\/uj.adatbank.ro\/lexikon\/termek\/barabas-mihaly-barabas-mihai\/","title":{"rendered":"BARAB\u00c1S Mih\u00e1ly, Barab\u00e1s Mihai"},"content":{"rendered":"<p>Als\u00f3b\u00f6lk\u00e9ny, 1926. szept. 26., \u2020\u00a0? : hadnagy. \u2013 Mv.-en a Securitate Tartom\u00e1nyi Igazgat\u00f3s\u00e1g\u00e1n hadnagy (1957. \u2013). <br \/><strong>Irod.:<\/strong> Bartos 2012 BARAB\u00c1SI Gergely, P. Fid\u00e9l OFM, Ehed, 1932. m\u00e1rc. 26., \u2020\u00a0Cs\u00edkszereda, 2004. jan. 12, : r. k. pap. \u2013 Gyulafeh\u00e9rv\u00e1ron v\u00e9gezte a teol\u00f3giai tanulm\u00e1nyait \u00e9s papp\u00e1 szentelt\u00e9k (1962. m\u00e1j. 31.). \u00dajmis\u00e9s pl\u00e9b\u00e1nos volt Marosj\u00e1r\u00e1ban (1963. okt. 1. \u201370). Pl\u00e9b\u00e1nos Gyergy\u00f3t\u00f6lgyesen (1970\u201385) \u00e9s Oroszhegyen (1985\u201394). Fel\u00e9l\u00e9nk\u00edtette a vall\u00e1si \u00e9letet, Magyarp\u00e9terlak\u00e1n h\u00e1zat v\u00e1s\u00e1roltak istentiszteleti c\u00e9lra. Az Erd\u00e9lyi Szt. Istv\u00e1n kir.-r\u00f3l nevezett ferences rendtartom\u00e1ny k\u00f6z\u00f6ss\u00e9g\u00e9be l\u00e9pett (1994\u2013). <br \/><strong>Irod.:<\/strong> Ferenczi S\u00e1ndor 2009; Maros-k\u00fck\u00fcll\u0151i f\u0151esp.<\/br><\/p>\n","protected":false},"excerpt":{"rendered":"<p>Als\u00f3b\u00f6lk\u00e9ny, 1926. szept. 26., \u2020\u00a0? : hadnagy. \u2013 Mv.-en a Securitate Tartom\u00e1nyi Igazgat\u00f3s\u00e1g\u00e1n hadnagy (1957. \u2013). Irod.: Bartos 2012 BARAB\u00c1SI Gergely, P. Fid\u00e9l OFM, Ehed, 1932. m\u00e1rc. 26., \u2020\u00a0Cs\u00edkszereda, 2004. jan. 12, : r. k. pap. \u2013 Gyulafeh\u00e9rv\u00e1ron v\u00e9gezte a teol\u00f3giai tanulm\u00e1nyait \u00e9s papp\u00e1 szentelt\u00e9k (1962. m\u00e1j. 31.). \u00dajmis\u00e9s pl\u00e9b\u00e1nos volt Marosj\u00e1r\u00e1ban (1963. okt. 1. [&hellip;]<\/p>\n","protected":false},"featured_media":0,"comment_status":"open","ping_status":"closed","template":"","meta":[],"product_brand":[],"product_cat":[137],"product_tag":[],"class_list":{"0":"post-3922","1":"product","2":"type-product","3":"status-publish","5":"product_cat-maros-megyei-eletrajzi-lexikon","7":"first","8":"instock","9":"shipping-taxable","10":"product-type-simple"},"_links":{"self":[{"href":"https:\/\/uj.adatbank.ro\/lexikon\/wp-json\/wp\/v2\/product\/3922","targetHints":{"allow":["GET"]}}],"collection":[{"href":"https:\/\/uj.adatbank.ro\/lexikon\/wp-json\/wp\/v2\/product"}],"about":[{"href":"https:\/\/uj.adatbank.ro\/lexikon\/wp-json\/wp\/v2\/types\/product"}],"replies":[{"embeddable":true,"href":"https:\/\/uj.adatbank.ro\/lexikon\/wp-json\/wp\/v2\/comments?post=3922"}],"wp:attachment":[{"href":"https:\/\/uj.adatbank.ro\/lexikon\/wp-json\/wp\/v2\/media?parent=3922"}],"wp:term":[{"taxonomy":"product_brand","embeddable":true,"href":"https:\/\/uj.adatbank.ro\/lexikon\/wp-json\/wp\/v2\/product_brand?post=3922"},{"taxonomy":"product_cat","embeddable":true,"href":"https:\/\/uj.adatbank.ro\/lexikon\/wp-json\/wp\/v2\/product_cat?post=3922"},{"taxonomy":"product_tag","embeddable":true,"href":"https:\/\/uj.adatbank.ro\/lexikon\/wp-json\/wp\/v2\/product_tag?post=3922"}],"curies":[{"name":"wp","href":"https:\/\/api.w.org\/{rel}","templated":true}]}}

BARABÁS Mihály, Barabás Mihai

<p>Alsóbölkény, 1926. szept. 26., † ? : hadnagy. – Mv.-en a Securitate Tartományi Igazgatóságán hadnagy (1957. –). <br /><strong>Irod.:</strong> Bartos 2012 BARABÁSI Gergely, P. Fidél OFM, Ehed, 1932. márc. 26., † Csíkszereda, 2004. jan. 12, : r. k. pap. – Gyulafehérváron végezte a teológiai tanulmányait és pappá szentelték (1962. máj. 31.). Újmisés plébános volt Marosjárában (1963. okt. 1. –70). Plébános Gyergyótölgyesen (1970–85) és Oroszhegyen (1985–94). Felélénkítette a vallási életet, Magyarpéterlakán házat vásároltak istentiszteleti célra. Az Erdélyi Szt. István kir.-ról nevezett ferences rendtartomány közösségébe lépett (1994–). <br /><strong>Irod.:</strong> Ferenczi Sándor 2009; Maros-küküllői főesp.</br></p>

<p>Alsóbölkény, 1926. szept. 26., † ? : hadnagy. – Mv.-en a Securitate Tartományi Igazgatóságán hadnagy (1957. –). Irod.: Bartos 2012 BARABÁSI Gergely, P. Fidél OFM, Ehed, 1932. márc. 26., † Csíkszereda, 2004. jan. 12, : r. k. pap. – Gyulafehérváron végezte a teológiai tanulmányait és pappá szentelték (1962. máj. 31.). Újmisés plébános volt Marosjárában (1963. okt. 1. [&hellip;]</p>
