{"id":3923,"date":"2025-06-28T16:17:08","date_gmt":"2025-06-28T14:17:08","guid":{"rendered":"https:\/\/uj.adatbank.ro\/lexikon\/termek\/barabas-miklos-markosfalvi\/"},"modified":"2025-06-28T16:17:08","modified_gmt":"2025-06-28T14:17:08","slug":"barabas-miklos-markosfalvi","status":"publish","type":"product","link":"https:\/\/uj.adatbank.ro\/lexikon\/termek\/barabas-miklos-markosfalvi\/","title":{"rendered":"BARAB\u00c1S Mikl\u00f3s, m\u00e1rkosfalvi"},"content":{"rendered":"<p>1810., \u2020\u00a01898. febr. 13.: fest\u0151m\u0171v\u00e9sz. \u2013 A MTA levelez\u0151 tagja, az orsz\u00e1gos k\u00e9pz\u0151m\u0171v\u00e9szeti t\u00e1rsulat aleln\u00f6ke, a m. k\u00e9pz\u0151m\u0171v\u00e9szeti tan\u00e1cs tagja. Elk\u00e9sz\u00edtette Kossuth Lajos \u00e9letnagys\u00e1g\u00fa arck\u00e9p\u00e9t, amelyet Maros-Torda v\u00e1rmegye T\u00f6rv\u00e9nyhat\u00f3s\u00e1gi K\u00f6zgy\u0171l\u00e9s\u00e9nek \u00fcl\u00e9sterm\u00e9ben f\u00fcggesztettek ki (1885). <br \/><strong>Irod.:<\/strong> Apor \u2013 Ol\u00e1h-G\u00e1l; F\u00e9ja; Gy\u00e1szjelent\u0151; Id\u0151t\u00e1r 2; V\u00e1s\u00e1rhelyi Z. Emil: Barab\u00e1s Mikl\u00f3s; \u00f6narck\u00e9p is = Erd\u00e9lyi csillagok 1942<\/br><\/p>\n","protected":false},"excerpt":{"rendered":"<p>1810., \u2020\u00a01898. febr. 13.: fest\u0151m\u0171v\u00e9sz. \u2013 A MTA levelez\u0151 tagja, az orsz\u00e1gos k\u00e9pz\u0151m\u0171v\u00e9szeti t\u00e1rsulat aleln\u00f6ke, a m. k\u00e9pz\u0151m\u0171v\u00e9szeti tan\u00e1cs tagja. Elk\u00e9sz\u00edtette Kossuth Lajos \u00e9letnagys\u00e1g\u00fa arck\u00e9p\u00e9t, amelyet Maros-Torda v\u00e1rmegye T\u00f6rv\u00e9nyhat\u00f3s\u00e1gi K\u00f6zgy\u0171l\u00e9s\u00e9nek \u00fcl\u00e9sterm\u00e9ben f\u00fcggesztettek ki (1885). Irod.: Apor \u2013 Ol\u00e1h-G\u00e1l; F\u00e9ja; Gy\u00e1szjelent\u0151; Id\u0151t\u00e1r 2; V\u00e1s\u00e1rhelyi Z. Emil: Barab\u00e1s Mikl\u00f3s; \u00f6narck\u00e9p is = Erd\u00e9lyi csillagok 1942<\/p>\n","protected":false},"featured_media":0,"comment_status":"open","ping_status":"closed","template":"","meta":[],"product_brand":[],"product_cat":[137],"product_tag":[],"class_list":{"0":"post-3923","1":"product","2":"type-product","3":"status-publish","5":"product_cat-maros-megyei-eletrajzi-lexikon","7":"first","8":"instock","9":"shipping-taxable","10":"product-type-simple"},"_links":{"self":[{"href":"https:\/\/uj.adatbank.ro\/lexikon\/wp-json\/wp\/v2\/product\/3923","targetHints":{"allow":["GET"]}}],"collection":[{"href":"https:\/\/uj.adatbank.ro\/lexikon\/wp-json\/wp\/v2\/product"}],"about":[{"href":"https:\/\/uj.adatbank.ro\/lexikon\/wp-json\/wp\/v2\/types\/product"}],"replies":[{"embeddable":true,"href":"https:\/\/uj.adatbank.ro\/lexikon\/wp-json\/wp\/v2\/comments?post=3923"}],"wp:attachment":[{"href":"https:\/\/uj.adatbank.ro\/lexikon\/wp-json\/wp\/v2\/media?parent=3923"}],"wp:term":[{"taxonomy":"product_brand","embeddable":true,"href":"https:\/\/uj.adatbank.ro\/lexikon\/wp-json\/wp\/v2\/product_brand?post=3923"},{"taxonomy":"product_cat","embeddable":true,"href":"https:\/\/uj.adatbank.ro\/lexikon\/wp-json\/wp\/v2\/product_cat?post=3923"},{"taxonomy":"product_tag","embeddable":true,"href":"https:\/\/uj.adatbank.ro\/lexikon\/wp-json\/wp\/v2\/product_tag?post=3923"}],"curies":[{"name":"wp","href":"https:\/\/api.w.org\/{rel}","templated":true}]}}

BARABÁS Miklós, márkosfalvi

<p>1810., † 1898. febr. 13.: festőművész. – A MTA levelező tagja, az országos képzőművészeti társulat alelnöke, a m. képzőművészeti tanács tagja. Elkészítette Kossuth Lajos életnagyságú arcképét, amelyet Maros-Torda vármegye Törvényhatósági Közgyűlésének üléstermében függesztettek ki (1885). <br /><strong>Irod.:</strong> Apor – Oláh-Gál; Féja; Gyászjelentő; Időtár 2; Vásárhelyi Z. Emil: Barabás Miklós; önarckép is = Erdélyi csillagok 1942</br></p>

<p>1810., † 1898. febr. 13.: festőművész. – A MTA levelező tagja, az országos képzőművészeti társulat alelnöke, a m. képzőművészeti tanács tagja. Elkészítette Kossuth Lajos életnagyságú arcképét, amelyet Maros-Torda vármegye Törvényhatósági Közgyűlésének üléstermében függesztettek ki (1885). Irod.: Apor – Oláh-Gál; Féja; Gyászjelentő; Időtár 2; Vásárhelyi Z. Emil: Barabás Miklós; önarckép is = Erdélyi csillagok 1942</p>
