{"id":3925,"date":"2025-06-28T16:17:16","date_gmt":"2025-06-28T14:17:16","guid":{"rendered":"https:\/\/uj.adatbank.ro\/lexikon\/termek\/barabas-rozalia\/"},"modified":"2025-06-28T16:17:16","modified_gmt":"2025-06-28T14:17:16","slug":"barabas-rozalia","status":"publish","type":"product","link":"https:\/\/uj.adatbank.ro\/lexikon\/termek\/barabas-rozalia\/","title":{"rendered":"BARAB\u00c1S Roz\u00e1lia"},"content":{"rendered":"<p>Mv., 1902. okt. 14., \u2020\u00a0Mv., 1987. j\u00fal. 29.: tan\u00edt\u00f3n\u0151, lev\u00e9lt\u00e1ros. \u2013 A nagyenyedi Ref. Koll.-ban szezett tan\u00edt\u00f3i oklevelet (1920). Tan\u00edtott Sz\u00e9kelyvaj\u00e1ban (1940. okt. 1. \u2013 1943. szept. 1.), gondoz\u00f3n\u0151k\u00e9nt alkalmazt\u00e1k a Marosi egyh\u00e1zmegy\u00e9n\u00e9l (1963. m\u00e1rc. 1\u2013), majd \u00f3rad\u00edjask\u00e9nt a mv.-i Ref. Lev\u00e9lt\u00e1rban dolgozott nyugd\u00edjaz\u00e1s\u00e1ig (1964\u201371. aug.). <br \/><strong>Irod.:<\/strong> Berekm\u00e9ri \u00c1rp\u00e1d-R\u00f3bert: A Mv.-i Ref. Vid\u00e9ki Gy\u0171jt\u0151lev\u00e9lt\u00e1r 50 \u00e9ve (1961\u20132011) (Korunk, 8. sz., 2012) 2022. m\u00e1rc. 9 B \u2020 Mv., 2007. \u00e1pr. 28.: tan\u00e1r. \u2013 L\u00edc.-ot Turnu Severinben,<\/br><\/p>\n","protected":false},"excerpt":{"rendered":"<p>Mv., 1902. okt. 14., \u2020\u00a0Mv., 1987. j\u00fal. 29.: tan\u00edt\u00f3n\u0151, lev\u00e9lt\u00e1ros. \u2013 A nagyenyedi Ref. Koll.-ban szezett tan\u00edt\u00f3i oklevelet (1920). Tan\u00edtott Sz\u00e9kelyvaj\u00e1ban (1940. okt. 1. \u2013 1943. szept. 1.), gondoz\u00f3n\u0151k\u00e9nt alkalmazt\u00e1k a Marosi egyh\u00e1zmegy\u00e9n\u00e9l (1963. m\u00e1rc. 1\u2013), majd \u00f3rad\u00edjask\u00e9nt a mv.-i Ref. Lev\u00e9lt\u00e1rban dolgozott nyugd\u00edjaz\u00e1s\u00e1ig (1964\u201371. aug.). Irod.: Berekm\u00e9ri \u00c1rp\u00e1d-R\u00f3bert: A Mv.-i Ref. Vid\u00e9ki Gy\u0171jt\u0151lev\u00e9lt\u00e1r 50 [&hellip;]<\/p>\n","protected":false},"featured_media":0,"comment_status":"open","ping_status":"closed","template":"","meta":[],"product_brand":[],"product_cat":[137],"product_tag":[],"class_list":{"0":"post-3925","1":"product","2":"type-product","3":"status-publish","5":"product_cat-maros-megyei-eletrajzi-lexikon","7":"first","8":"instock","9":"shipping-taxable","10":"product-type-simple"},"_links":{"self":[{"href":"https:\/\/uj.adatbank.ro\/lexikon\/wp-json\/wp\/v2\/product\/3925","targetHints":{"allow":["GET"]}}],"collection":[{"href":"https:\/\/uj.adatbank.ro\/lexikon\/wp-json\/wp\/v2\/product"}],"about":[{"href":"https:\/\/uj.adatbank.ro\/lexikon\/wp-json\/wp\/v2\/types\/product"}],"replies":[{"embeddable":true,"href":"https:\/\/uj.adatbank.ro\/lexikon\/wp-json\/wp\/v2\/comments?post=3925"}],"wp:attachment":[{"href":"https:\/\/uj.adatbank.ro\/lexikon\/wp-json\/wp\/v2\/media?parent=3925"}],"wp:term":[{"taxonomy":"product_brand","embeddable":true,"href":"https:\/\/uj.adatbank.ro\/lexikon\/wp-json\/wp\/v2\/product_brand?post=3925"},{"taxonomy":"product_cat","embeddable":true,"href":"https:\/\/uj.adatbank.ro\/lexikon\/wp-json\/wp\/v2\/product_cat?post=3925"},{"taxonomy":"product_tag","embeddable":true,"href":"https:\/\/uj.adatbank.ro\/lexikon\/wp-json\/wp\/v2\/product_tag?post=3925"}],"curies":[{"name":"wp","href":"https:\/\/api.w.org\/{rel}","templated":true}]}}

BARABÁS Rozália

<p>Mv., 1902. okt. 14., † Mv., 1987. júl. 29.: tanítónő, levéltáros. – A nagyenyedi Ref. Koll.-ban szezett tanítói oklevelet (1920). Tanított Székelyvajában (1940. okt. 1. – 1943. szept. 1.), gondozónőként alkalmazták a Marosi egyházmegyénél (1963. márc. 1–), majd óradíjasként a mv.-i Ref. Levéltárban dolgozott nyugdíjazásáig (1964–71. aug.). <br /><strong>Irod.:</strong> Berekméri Árpád-Róbert: A Mv.-i Ref. Vidéki Gyűjtőlevéltár 50 éve (1961–2011) (Korunk, 8. sz., 2012) 2022. márc. 9 B † Mv., 2007. ápr. 28.: tanár. – Líc.-ot Turnu Severinben,</br></p>

<p>Mv., 1902. okt. 14., † Mv., 1987. júl. 29.: tanítónő, levéltáros. – A nagyenyedi Ref. Koll.-ban szezett tanítói oklevelet (1920). Tanított Székelyvajában (1940. okt. 1. – 1943. szept. 1.), gondozónőként alkalmazták a Marosi egyházmegyénél (1963. márc. 1–), majd óradíjasként a mv.-i Ref. Levéltárban dolgozott nyugdíjazásáig (1964–71. aug.). Irod.: Berekméri Árpád-Róbert: A Mv.-i Ref. Vidéki Gyűjtőlevéltár 50 [&hellip;]</p>
