{"id":3928,"date":"2025-06-28T16:17:25","date_gmt":"2025-06-28T14:17:25","guid":{"rendered":"https:\/\/uj.adatbank.ro\/lexikon\/termek\/barabasi-andras\/"},"modified":"2025-06-28T16:17:25","modified_gmt":"2025-06-28T14:17:25","slug":"barabasi-andras","status":"publish","type":"product","link":"https:\/\/uj.adatbank.ro\/lexikon\/termek\/barabasi-andras\/","title":{"rendered":"BARAB\u00c1SI Andr\u00e1s"},"content":{"rendered":"<p>? \u2020 ? : lelk\u00e9sz, n\u00e9phagyom\u00e1nyok gy\u0171jt\u0151je. \u2013 Teol\u00f3giai hallgat\u00f3 kor\u00e1ban jegyezte le a Kib\u00e9d t\u00e9li n\u00e9phagyom\u00e1nyait, n\u00e9pi szok\u00e1sait. Munk\u00e1ss\u00e1g\u00e1nak folytat\u00f3ja, b\u0151v\u00edt\u0151je R\u00e1duly J\u00e1nos. \u2013 <strong>F. m.:<\/strong> Adatok a t\u00e9li n\u00e9phagyom\u00e1nyaink ismeret\u00e9hez (Kv., 1939); EME Erd\u00e9lyi Tudom\u00e1nyos F\u00fczetek, 103. sz., Makkai E. \u00e9s Nagy \u00d6. \u00f6ssze\u00e1ll\u00edt\u00e1s\u00e1ban. <br \/><strong>Irod.:<\/strong> Hazan\u00e9z\u0151 (2. sz., 2011.); Kib\u00e9d<\/br><\/p>\n","protected":false},"excerpt":{"rendered":"<p>? \u2020 ? : lelk\u00e9sz, n\u00e9phagyom\u00e1nyok gy\u0171jt\u0151je. \u2013 Teol\u00f3giai hallgat\u00f3 kor\u00e1ban jegyezte le a Kib\u00e9d t\u00e9li n\u00e9phagyom\u00e1nyait, n\u00e9pi szok\u00e1sait. Munk\u00e1ss\u00e1g\u00e1nak folytat\u00f3ja, b\u0151v\u00edt\u0151je R\u00e1duly J\u00e1nos. \u2013 F. m.: Adatok a t\u00e9li n\u00e9phagyom\u00e1nyaink ismeret\u00e9hez (Kv., 1939); EME Erd\u00e9lyi Tudom\u00e1nyos F\u00fczetek, 103. sz., Makkai E. \u00e9s Nagy \u00d6. \u00f6ssze\u00e1ll\u00edt\u00e1s\u00e1ban. Irod.: Hazan\u00e9z\u0151 (2. sz., 2011.); Kib\u00e9d<\/p>\n","protected":false},"featured_media":0,"comment_status":"open","ping_status":"closed","template":"","meta":[],"product_brand":[],"product_cat":[137],"product_tag":[],"class_list":{"0":"post-3928","1":"product","2":"type-product","3":"status-publish","5":"product_cat-maros-megyei-eletrajzi-lexikon","7":"first","8":"instock","9":"shipping-taxable","10":"product-type-simple"},"_links":{"self":[{"href":"https:\/\/uj.adatbank.ro\/lexikon\/wp-json\/wp\/v2\/product\/3928","targetHints":{"allow":["GET"]}}],"collection":[{"href":"https:\/\/uj.adatbank.ro\/lexikon\/wp-json\/wp\/v2\/product"}],"about":[{"href":"https:\/\/uj.adatbank.ro\/lexikon\/wp-json\/wp\/v2\/types\/product"}],"replies":[{"embeddable":true,"href":"https:\/\/uj.adatbank.ro\/lexikon\/wp-json\/wp\/v2\/comments?post=3928"}],"wp:attachment":[{"href":"https:\/\/uj.adatbank.ro\/lexikon\/wp-json\/wp\/v2\/media?parent=3928"}],"wp:term":[{"taxonomy":"product_brand","embeddable":true,"href":"https:\/\/uj.adatbank.ro\/lexikon\/wp-json\/wp\/v2\/product_brand?post=3928"},{"taxonomy":"product_cat","embeddable":true,"href":"https:\/\/uj.adatbank.ro\/lexikon\/wp-json\/wp\/v2\/product_cat?post=3928"},{"taxonomy":"product_tag","embeddable":true,"href":"https:\/\/uj.adatbank.ro\/lexikon\/wp-json\/wp\/v2\/product_tag?post=3928"}],"curies":[{"name":"wp","href":"https:\/\/api.w.org\/{rel}","templated":true}]}}