{"id":3930,"date":"2025-06-28T16:17:30","date_gmt":"2025-06-28T14:17:30","guid":{"rendered":"https:\/\/uj.adatbank.ro\/lexikon\/termek\/barabasi-ferenc\/"},"modified":"2025-06-28T16:17:30","modified_gmt":"2025-06-28T14:17:30","slug":"barabasi-ferenc","status":"publish","type":"product","link":"https:\/\/uj.adatbank.ro\/lexikon\/termek\/barabasi-ferenc\/","title":{"rendered":"BARAB\u00c1SI Ferenc"},"content":{"rendered":"<p>1928., ? \u2020\u00a0Mv., 1988. okt. 19.: tan\u00e1r, f\u0151iskolai lektor a mv.-i Alm\u00e9rn\u00f6ki Int\u00e9zet munkat\u00e1rsa. <br \/><strong>Irod.:<\/strong> [Nekrol\u00f3g](V. Z., 1988. okt. 21.)<\/br><\/p>\n","protected":false},"excerpt":{"rendered":"<p>1928., ? \u2020\u00a0Mv., 1988. okt. 19.: tan\u00e1r, f\u0151iskolai lektor a mv.-i Alm\u00e9rn\u00f6ki Int\u00e9zet munkat\u00e1rsa. Irod.: [Nekrol\u00f3g](V. Z., 1988. okt. 21.)<\/p>\n","protected":false},"featured_media":0,"comment_status":"open","ping_status":"closed","template":"","meta":[],"product_brand":[],"product_cat":[137],"product_tag":[],"class_list":{"0":"post-3930","1":"product","2":"type-product","3":"status-publish","5":"product_cat-maros-megyei-eletrajzi-lexikon","7":"first","8":"instock","9":"shipping-taxable","10":"product-type-simple"},"_links":{"self":[{"href":"https:\/\/uj.adatbank.ro\/lexikon\/wp-json\/wp\/v2\/product\/3930","targetHints":{"allow":["GET"]}}],"collection":[{"href":"https:\/\/uj.adatbank.ro\/lexikon\/wp-json\/wp\/v2\/product"}],"about":[{"href":"https:\/\/uj.adatbank.ro\/lexikon\/wp-json\/wp\/v2\/types\/product"}],"replies":[{"embeddable":true,"href":"https:\/\/uj.adatbank.ro\/lexikon\/wp-json\/wp\/v2\/comments?post=3930"}],"wp:attachment":[{"href":"https:\/\/uj.adatbank.ro\/lexikon\/wp-json\/wp\/v2\/media?parent=3930"}],"wp:term":[{"taxonomy":"product_brand","embeddable":true,"href":"https:\/\/uj.adatbank.ro\/lexikon\/wp-json\/wp\/v2\/product_brand?post=3930"},{"taxonomy":"product_cat","embeddable":true,"href":"https:\/\/uj.adatbank.ro\/lexikon\/wp-json\/wp\/v2\/product_cat?post=3930"},{"taxonomy":"product_tag","embeddable":true,"href":"https:\/\/uj.adatbank.ro\/lexikon\/wp-json\/wp\/v2\/product_tag?post=3930"}],"curies":[{"name":"wp","href":"https:\/\/api.w.org\/{rel}","templated":true}]}}