{"id":3936,"date":"2025-06-28T16:17:50","date_gmt":"2025-06-28T14:17:50","guid":{"rendered":"https:\/\/uj.adatbank.ro\/lexikon\/termek\/barabassy-ferenc-csikfalvi-barrabasy-ferenc\/"},"modified":"2025-06-28T16:17:50","modified_gmt":"2025-06-28T14:17:50","slug":"barabassy-ferenc-csikfalvi-barrabasy-ferenc","status":"publish","type":"product","link":"https:\/\/uj.adatbank.ro\/lexikon\/termek\/barabassy-ferenc-csikfalvi-barrabasy-ferenc\/","title":{"rendered":"BARAB\u00c1SSY Ferenc, csikfalvi; Barrabasy Ferenc"},"content":{"rendered":"<p>1535. \u2020 1604.: nemes. \u2013 II. J\u00e1nos (J\u00e1nos Zsigmond erd\u00e9lyi fejedelem) v\u00e1lasztott m. kir\u00e1ly bels\u0151 bizalmasa. Unit. hitre t\u00e9rt. A szentp\u00e1li csat\u00e1ban (1575), a marossz\u00e9ki sz\u00e9kelyek p\u00e1rt\u00fct\u0151 vez\u00e9re, Bekes G\u00e1sp\u00e1r h\u00edve, B\u00e1thori Istv\u00e1nnal szemben. A vesztes csata ut\u00e1n Szatm\u00e1r v\u00e1r\u00e1ba menek\u00fclt. B\u00e1thori megkegyelmezett \u00e9s h\u00edv\u00e9nek fogadta \u0151t, Bekes G\u00e1sp\u00e1rt, Rad\u00e1k L\u00e1szl\u00f3t \u00e9s Imre fi\u00e1t, \u00e9s Veress J\u00e1nost, mint a szentp\u00e1li csata vesztes p\u00e1rtf\u0151n\u00f6keit. <br \/><strong>Irod.:<\/strong> Barab\u00e1ssy csal\u00e1di inf.<\/br><\/p>\n","protected":false},"excerpt":{"rendered":"<p>1535. \u2020 1604.: nemes. \u2013 II. J\u00e1nos (J\u00e1nos Zsigmond erd\u00e9lyi fejedelem) v\u00e1lasztott m. kir\u00e1ly bels\u0151 bizalmasa. Unit. hitre t\u00e9rt. A szentp\u00e1li csat\u00e1ban (1575), a marossz\u00e9ki sz\u00e9kelyek p\u00e1rt\u00fct\u0151 vez\u00e9re, Bekes G\u00e1sp\u00e1r h\u00edve, B\u00e1thori Istv\u00e1nnal szemben. A vesztes csata ut\u00e1n Szatm\u00e1r v\u00e1r\u00e1ba menek\u00fclt. B\u00e1thori megkegyelmezett \u00e9s h\u00edv\u00e9nek fogadta \u0151t, Bekes G\u00e1sp\u00e1rt, Rad\u00e1k L\u00e1szl\u00f3t \u00e9s Imre fi\u00e1t, \u00e9s [&hellip;]<\/p>\n","protected":false},"featured_media":0,"comment_status":"open","ping_status":"closed","template":"","meta":[],"product_brand":[],"product_cat":[137],"product_tag":[],"class_list":{"0":"post-3936","1":"product","2":"type-product","3":"status-publish","5":"product_cat-maros-megyei-eletrajzi-lexikon","7":"first","8":"instock","9":"shipping-taxable","10":"product-type-simple"},"_links":{"self":[{"href":"https:\/\/uj.adatbank.ro\/lexikon\/wp-json\/wp\/v2\/product\/3936","targetHints":{"allow":["GET"]}}],"collection":[{"href":"https:\/\/uj.adatbank.ro\/lexikon\/wp-json\/wp\/v2\/product"}],"about":[{"href":"https:\/\/uj.adatbank.ro\/lexikon\/wp-json\/wp\/v2\/types\/product"}],"replies":[{"embeddable":true,"href":"https:\/\/uj.adatbank.ro\/lexikon\/wp-json\/wp\/v2\/comments?post=3936"}],"wp:attachment":[{"href":"https:\/\/uj.adatbank.ro\/lexikon\/wp-json\/wp\/v2\/media?parent=3936"}],"wp:term":[{"taxonomy":"product_brand","embeddable":true,"href":"https:\/\/uj.adatbank.ro\/lexikon\/wp-json\/wp\/v2\/product_brand?post=3936"},{"taxonomy":"product_cat","embeddable":true,"href":"https:\/\/uj.adatbank.ro\/lexikon\/wp-json\/wp\/v2\/product_cat?post=3936"},{"taxonomy":"product_tag","embeddable":true,"href":"https:\/\/uj.adatbank.ro\/lexikon\/wp-json\/wp\/v2\/product_tag?post=3936"}],"curies":[{"name":"wp","href":"https:\/\/api.w.org\/{rel}","templated":true}]}}

BARABÁSSY Ferenc, csikfalvi; Barrabasy Ferenc

<p>1535. † 1604.: nemes. – II. János (János Zsigmond erdélyi fejedelem) választott m. király belső bizalmasa. Unit. hitre tért. A szentpáli csatában (1575), a marosszéki székelyek pártütő vezére, Bekes Gáspár híve, Báthori Istvánnal szemben. A vesztes csata után Szatmár várába menekült. Báthori megkegyelmezett és hívének fogadta őt, Bekes Gáspárt, Radák Lászlót és Imre fiát, és Veress Jánost, mint a szentpáli csata vesztes pártfőnökeit. <br /><strong>Irod.:</strong> Barabássy családi inf.</br></p>

<p>1535. † 1604.: nemes. – II. János (János Zsigmond erdélyi fejedelem) választott m. király belső bizalmasa. Unit. hitre tért. A szentpáli csatában (1575), a marosszéki székelyek pártütő vezére, Bekes Gáspár híve, Báthori Istvánnal szemben. A vesztes csata után Szatmár várába menekült. Báthori megkegyelmezett és hívének fogadta őt, Bekes Gáspárt, Radák Lászlót és Imre fiát, és [&hellip;]</p>
