{"id":3944,"date":"2025-06-28T16:18:14","date_gmt":"2025-06-28T14:18:14","guid":{"rendered":"https:\/\/uj.adatbank.ro\/lexikon\/termek\/barabassy-istvan-makfalvi-barabasi-istvan-2\/"},"modified":"2025-06-28T16:18:14","modified_gmt":"2025-06-28T14:18:14","slug":"barabassy-istvan-makfalvi-barabasi-istvan-2","status":"publish","type":"product","link":"https:\/\/uj.adatbank.ro\/lexikon\/termek\/barabassy-istvan-makfalvi-barabasi-istvan-2\/","title":{"rendered":"BARAB\u00c1SSY Istv\u00e1n, makfalvi, Barab\u00e1sI Istv\u00e1n"},"content":{"rendered":"<p>1839. m\u00e1rc. 4., \u2020\u00a01909. dec. 13.: \u00fcgyv\u00e9d, kir. alj\u00e1r\u00e1sb\u00edr\u00f3. <br \/><strong>Irod.:<\/strong> P\u00e1lmay<\/br><\/p>\n","protected":false},"excerpt":{"rendered":"<p>1839. m\u00e1rc. 4., \u2020\u00a01909. dec. 13.: \u00fcgyv\u00e9d, kir. alj\u00e1r\u00e1sb\u00edr\u00f3. Irod.: P\u00e1lmay<\/p>\n","protected":false},"featured_media":0,"comment_status":"open","ping_status":"closed","template":"","meta":[],"product_brand":[],"product_cat":[137],"product_tag":[],"class_list":{"0":"post-3944","1":"product","2":"type-product","3":"status-publish","5":"product_cat-maros-megyei-eletrajzi-lexikon","7":"first","8":"instock","9":"shipping-taxable","10":"product-type-simple"},"_links":{"self":[{"href":"https:\/\/uj.adatbank.ro\/lexikon\/wp-json\/wp\/v2\/product\/3944","targetHints":{"allow":["GET"]}}],"collection":[{"href":"https:\/\/uj.adatbank.ro\/lexikon\/wp-json\/wp\/v2\/product"}],"about":[{"href":"https:\/\/uj.adatbank.ro\/lexikon\/wp-json\/wp\/v2\/types\/product"}],"replies":[{"embeddable":true,"href":"https:\/\/uj.adatbank.ro\/lexikon\/wp-json\/wp\/v2\/comments?post=3944"}],"wp:attachment":[{"href":"https:\/\/uj.adatbank.ro\/lexikon\/wp-json\/wp\/v2\/media?parent=3944"}],"wp:term":[{"taxonomy":"product_brand","embeddable":true,"href":"https:\/\/uj.adatbank.ro\/lexikon\/wp-json\/wp\/v2\/product_brand?post=3944"},{"taxonomy":"product_cat","embeddable":true,"href":"https:\/\/uj.adatbank.ro\/lexikon\/wp-json\/wp\/v2\/product_cat?post=3944"},{"taxonomy":"product_tag","embeddable":true,"href":"https:\/\/uj.adatbank.ro\/lexikon\/wp-json\/wp\/v2\/product_tag?post=3944"}],"curies":[{"name":"wp","href":"https:\/\/api.w.org\/{rel}","templated":true}]}}