{"id":3945,"date":"2025-06-28T16:18:17","date_gmt":"2025-06-28T14:18:17","guid":{"rendered":"https:\/\/uj.adatbank.ro\/lexikon\/termek\/barabassy-istvan-makfalvi-barrabasy-istvan-barrabasi-istvan\/"},"modified":"2025-06-28T16:18:17","modified_gmt":"2025-06-28T14:18:17","slug":"barabassy-istvan-makfalvi-barrabasy-istvan-barrabasi-istvan","status":"publish","type":"product","link":"https:\/\/uj.adatbank.ro\/lexikon\/termek\/barabassy-istvan-makfalvi-barrabasy-istvan-barrabasi-istvan\/","title":{"rendered":"BARAB\u00c1SSY Istv\u00e1n, makfalvi, Barrabasy Istv\u00e1n, Barrabasi Istv\u00e1n"},"content":{"rendered":"<p>Szab\u00e9d, 1880. jan. 28., \u2020 Bp., 1942. dec. 29.: b\u00edr\u00f3. \u2013 Feles\u00e9ge: bern\u00e1thfalvi Bern\u00e1th Gizella Karolina (Monostorp\u00e1lyi, 1883. okt. 24.- Bp., 1972. szept. 9.) (esk\u00fcv\u0151: Debrecen, 1906. m\u00e1j. 7.). \u2013 A jogot Kv.-on v\u00e9gezte. Dr. jur. b\u00edr\u00f3. Az els\u0151 vh.-ban katona (1914\u201317) az orosz fronton megsebes\u00fclt; hadb\u00edr\u00f3 f\u0151hadnagy, sz\u00e1zados-hadb\u00edr\u00f3 lett a legfels\u0151bb honv\u00e9dt\u00f6rv\u00e9nysz\u00e9kn\u00e9l\u00a0ill. a nemzeti hadseregn\u00e9l. T\u00e1blab\u00edr\u00f3 Bp.-en (1923\u2013). A M. Kir\u00e1lyi K\u00faria b\u00edr\u00e1ja (bp.-i kir. it\u00e9l\u0151t\u00e1blai b\u00edr\u00f3), az Orsz\u00e1gos F\u00f6ldbirtokrendez\u0151 B\u00edr\u00f3s\u00e1g \u00e1lland\u00f3 b\u00edr\u00e1ja. A mo.-i Unit. Egyh\u00e1z, Maros-Torda vm. majd Krass\u00f3-Sz\u00f6r\u00e9ny vm. t\u00f6rv\u00e9nyhat\u00f3s\u00e1gi bizotts\u00e1g\u00e1nak tagja, az Orsz\u00e1gos Kaszin\u00f3 tagja. A katonai \u00e9rdem\u00e9rem, a K\u00e1roly csapatkereszt \u00e9s a sebes\u00fcl\u00e9si \u00e9rem tulajdonosa. Cikkeit a Telekk\u00f6nyv, Geneol. F\u00fczetek-ben k\u00f6z\u00f6lt\u00e9k. <br \/><strong>Irod.:<\/strong> Barab\u00e1ssy csal\u00e1di inf.; Guly\u00e1s; Kempelen; P\u00e1lmay<\/br><\/p>\n","protected":false},"excerpt":{"rendered":"<p>Szab\u00e9d, 1880. jan. 28., \u2020 Bp., 1942. dec. 29.: b\u00edr\u00f3. \u2013 Feles\u00e9ge: bern\u00e1thfalvi Bern\u00e1th Gizella Karolina (Monostorp\u00e1lyi, 1883. okt. 24.- Bp., 1972. szept. 9.) (esk\u00fcv\u0151: Debrecen, 1906. m\u00e1j. 7.). \u2013 A jogot Kv.-on v\u00e9gezte. Dr. jur. b\u00edr\u00f3. Az els\u0151 vh.-ban katona (1914\u201317) az orosz fronton megsebes\u00fclt; hadb\u00edr\u00f3 f\u0151hadnagy, sz\u00e1zados-hadb\u00edr\u00f3 lett a legfels\u0151bb honv\u00e9dt\u00f6rv\u00e9nysz\u00e9kn\u00e9l\u00a0ill. a nemzeti [&hellip;]<\/p>\n","protected":false},"featured_media":0,"comment_status":"open","ping_status":"closed","template":"","meta":[],"product_brand":[],"product_cat":[137],"product_tag":[],"class_list":{"0":"post-3945","1":"product","2":"type-product","3":"status-publish","5":"product_cat-maros-megyei-eletrajzi-lexikon","7":"first","8":"instock","9":"shipping-taxable","10":"product-type-simple"},"_links":{"self":[{"href":"https:\/\/uj.adatbank.ro\/lexikon\/wp-json\/wp\/v2\/product\/3945","targetHints":{"allow":["GET"]}}],"collection":[{"href":"https:\/\/uj.adatbank.ro\/lexikon\/wp-json\/wp\/v2\/product"}],"about":[{"href":"https:\/\/uj.adatbank.ro\/lexikon\/wp-json\/wp\/v2\/types\/product"}],"replies":[{"embeddable":true,"href":"https:\/\/uj.adatbank.ro\/lexikon\/wp-json\/wp\/v2\/comments?post=3945"}],"wp:attachment":[{"href":"https:\/\/uj.adatbank.ro\/lexikon\/wp-json\/wp\/v2\/media?parent=3945"}],"wp:term":[{"taxonomy":"product_brand","embeddable":true,"href":"https:\/\/uj.adatbank.ro\/lexikon\/wp-json\/wp\/v2\/product_brand?post=3945"},{"taxonomy":"product_cat","embeddable":true,"href":"https:\/\/uj.adatbank.ro\/lexikon\/wp-json\/wp\/v2\/product_cat?post=3945"},{"taxonomy":"product_tag","embeddable":true,"href":"https:\/\/uj.adatbank.ro\/lexikon\/wp-json\/wp\/v2\/product_tag?post=3945"}],"curies":[{"name":"wp","href":"https:\/\/api.w.org\/{rel}","templated":true}]}}

BARABÁSSY István, makfalvi, Barrabasy István, Barrabasi István

<p>Szabéd, 1880. jan. 28., † Bp., 1942. dec. 29.: bíró. – Felesége: bernáthfalvi Bernáth Gizella Karolina (Monostorpályi, 1883. okt. 24.- Bp., 1972. szept. 9.) (esküvő: Debrecen, 1906. máj. 7.). – A jogot Kv.-on végezte. Dr. jur. bíró. Az első vh.-ban katona (1914–17) az orosz fronton megsebesült; hadbíró főhadnagy, százados-hadbíró lett a legfelsőbb honvédtörvényszéknél ill. a nemzeti hadseregnél. Táblabíró Bp.-en (1923–). A M. Királyi Kúria bírája (bp.-i kir. itélőtáblai bíró), az Országos Földbirtokrendező Bíróság állandó bírája. A mo.-i Unit. Egyház, Maros-Torda vm. majd Krassó-Szörény vm. törvényhatósági bizottságának tagja, az Országos Kaszinó tagja. A katonai érdemérem, a Károly csapatkereszt és a sebesülési érem tulajdonosa. Cikkeit a Telekkönyv, Geneol. Füzetek-ben közölték. <br /><strong>Irod.:</strong> Barabássy családi inf.; Gulyás; Kempelen; Pálmay</br></p>

<p>Szabéd, 1880. jan. 28., † Bp., 1942. dec. 29.: bíró. – Felesége: bernáthfalvi Bernáth Gizella Karolina (Monostorpályi, 1883. okt. 24.- Bp., 1972. szept. 9.) (esküvő: Debrecen, 1906. máj. 7.). – A jogot Kv.-on végezte. Dr. jur. bíró. Az első vh.-ban katona (1914–17) az orosz fronton megsebesült; hadbíró főhadnagy, százados-hadbíró lett a legfelsőbb honvédtörvényszéknél ill. a nemzeti [&hellip;]</p>
