{"id":3947,"date":"2025-06-28T16:18:24","date_gmt":"2025-06-28T14:18:24","guid":{"rendered":"https:\/\/uj.adatbank.ro\/lexikon\/termek\/barabassy-jozsef-%c2%a7-makfalvi-barabasy-jozsef\/"},"modified":"2025-06-28T16:18:24","modified_gmt":"2025-06-28T14:18:24","slug":"barabassy-jozsef-%c2%a7-makfalvi-barabasy-jozsef","status":"publish","type":"product","link":"https:\/\/uj.adatbank.ro\/lexikon\/termek\/barabassy-jozsef-%c2%a7-makfalvi-barabasy-jozsef\/","title":{"rendered":"BARAB\u00c1SSY J\u00f3zsef, \u00a7 makfalvi, Barab\u00e1sy J\u00f3zsef"},"content":{"rendered":"<p>1886. dec. 17., \u2020 ? : birtokos, erd\u0151m\u00e9rn\u00f6k. \u2013 Feles\u00e9ge: Gy\u00f6rgy Anna. Nemess\u00e9g\u00fckr\u0151l Marostordamegy\u00e9t\u0151l bizonyitv\u00e1nyt nyertek (1909.) \u00e9s a bel\u00fcgyminiszter elismerte l\u00f3f\u0151 sz\u00e9kely mivolt\u00e1t (1935).- Kv.-on az unit. gimn.-ot, Selmecb\u00e1ny\u00e1n az erd\u0151m\u00e9rn\u00f6ki egyetemet v\u00e9gezte. Mint mag\u00e1n erd\u0151m\u00e9rn\u00f6k m\u0171k\u00f6d\u00f6tt. Gyergy\u00f3szentmikl\u00f3son f\u0151m\u00e9rn\u00f6k. Az Erd\u00e9lyi K\u00e1rp\u00e1t egyes\u00fclet eln\u00f6ke. <br \/><strong>Irod.:<\/strong> Kempelen; P\u00e1lmay; Visnai<\/br><\/p>\n","protected":false},"excerpt":{"rendered":"<p>1886. dec. 17., \u2020 ? : birtokos, erd\u0151m\u00e9rn\u00f6k. \u2013 Feles\u00e9ge: Gy\u00f6rgy Anna. Nemess\u00e9g\u00fckr\u0151l Marostordamegy\u00e9t\u0151l bizonyitv\u00e1nyt nyertek (1909.) \u00e9s a bel\u00fcgyminiszter elismerte l\u00f3f\u0151 sz\u00e9kely mivolt\u00e1t (1935).- Kv.-on az unit. gimn.-ot, Selmecb\u00e1ny\u00e1n az erd\u0151m\u00e9rn\u00f6ki egyetemet v\u00e9gezte. Mint mag\u00e1n erd\u0151m\u00e9rn\u00f6k m\u0171k\u00f6d\u00f6tt. Gyergy\u00f3szentmikl\u00f3son f\u0151m\u00e9rn\u00f6k. Az Erd\u00e9lyi K\u00e1rp\u00e1t egyes\u00fclet eln\u00f6ke. Irod.: Kempelen; P\u00e1lmay; Visnai<\/p>\n","protected":false},"featured_media":0,"comment_status":"open","ping_status":"closed","template":"","meta":[],"product_brand":[],"product_cat":[137],"product_tag":[],"class_list":{"0":"post-3947","1":"product","2":"type-product","3":"status-publish","5":"product_cat-maros-megyei-eletrajzi-lexikon","7":"first","8":"instock","9":"shipping-taxable","10":"product-type-simple"},"_links":{"self":[{"href":"https:\/\/uj.adatbank.ro\/lexikon\/wp-json\/wp\/v2\/product\/3947","targetHints":{"allow":["GET"]}}],"collection":[{"href":"https:\/\/uj.adatbank.ro\/lexikon\/wp-json\/wp\/v2\/product"}],"about":[{"href":"https:\/\/uj.adatbank.ro\/lexikon\/wp-json\/wp\/v2\/types\/product"}],"replies":[{"embeddable":true,"href":"https:\/\/uj.adatbank.ro\/lexikon\/wp-json\/wp\/v2\/comments?post=3947"}],"wp:attachment":[{"href":"https:\/\/uj.adatbank.ro\/lexikon\/wp-json\/wp\/v2\/media?parent=3947"}],"wp:term":[{"taxonomy":"product_brand","embeddable":true,"href":"https:\/\/uj.adatbank.ro\/lexikon\/wp-json\/wp\/v2\/product_brand?post=3947"},{"taxonomy":"product_cat","embeddable":true,"href":"https:\/\/uj.adatbank.ro\/lexikon\/wp-json\/wp\/v2\/product_cat?post=3947"},{"taxonomy":"product_tag","embeddable":true,"href":"https:\/\/uj.adatbank.ro\/lexikon\/wp-json\/wp\/v2\/product_tag?post=3947"}],"curies":[{"name":"wp","href":"https:\/\/api.w.org\/{rel}","templated":true}]}}

BARABÁSSY József, § makfalvi, Barabásy József

<p>1886. dec. 17., † ? : birtokos, erdőmérnök. – Felesége: György Anna. Nemességükről Marostordamegyétől bizonyitványt nyertek (1909.) és a belügyminiszter elismerte lófő székely mivoltát (1935).- Kv.-on az unit. gimn.-ot, Selmecbányán az erdőmérnöki egyetemet végezte. Mint magán erdőmérnök működött. Gyergyószentmiklóson főmérnök. Az Erdélyi Kárpát egyesület elnöke. <br /><strong>Irod.:</strong> Kempelen; Pálmay; Visnai</br></p>

<p>1886. dec. 17., † ? : birtokos, erdőmérnök. – Felesége: György Anna. Nemességükről Marostordamegyétől bizonyitványt nyertek (1909.) és a belügyminiszter elismerte lófő székely mivoltát (1935).- Kv.-on az unit. gimn.-ot, Selmecbányán az erdőmérnöki egyetemet végezte. Mint magán erdőmérnök működött. Gyergyószentmiklóson főmérnök. Az Erdélyi Kárpát egyesület elnöke. Irod.: Kempelen; Pálmay; Visnai</p>
