{"id":3950,"date":"2025-06-28T16:18:33","date_gmt":"2025-06-28T14:18:33","guid":{"rendered":"https:\/\/uj.adatbank.ro\/lexikon\/termek\/barabassy-laszlo\/"},"modified":"2025-06-28T16:18:33","modified_gmt":"2025-06-28T14:18:33","slug":"barabassy-laszlo","status":"publish","type":"product","link":"https:\/\/uj.adatbank.ro\/lexikon\/termek\/barabassy-laszlo\/","title":{"rendered":"BARAB\u00c1SSY L\u00e1szl\u00f3"},"content":{"rendered":"<p>Egeres, 1917. m\u00e1rc. 14., \u2020 Mv., 1991. nov. 29. Temet\u00e9se Szab\u00e9don, 1991. dec. 2.: \u00fcgyv\u00e9d. \u2013 B. Albert \u00fcgyv\u00e9d \u00e9s Sz\u00e9kely Margit fia. Feles\u00e9ge: losonczi Szebeni Lenke (Mv., 1920. \u2013 Mv., 1953. febr. 8.). Le\u00e1nyaik: Katalin, Judit. \u2013 Elemi iskol\u00e1it Szab\u00e9don (1923\u201327), a gimn.-ot Nagyenyeden a Bethlen Koll.-ban \u00e9s a Titu Maiorescu l\u00edc.-ban (1927\u201331), majd a mv.-i Ref. Koll.-ban v\u00e9gezte (1931\u201334), itt \u00e9retts\u00e9gizett. Bern\u00e1dy Gy. 70. sz\u00fclet\u00e9snapj\u00e1n a di\u00e1kok nev\u00e9ben k\u00f6sz\u00f6nt\u00f6tte az \u00fcnnepeltet (1934. \u00e1pr. 14.). A kv.-i Regele Ferdinand egyetem jogi kar\u00e1n szerzett oklevelet (1938); doktor\u00e1lt, (1941). Bp.-en b\u00edr\u00f3i \u00e9s \u00fcgyv\u00e9di vizsg\u00e1t tett (1942). A II. vh.-ban tart. z\u00e1szl\u00f3si rangban vett r\u00e9szt, a 27. sz\u00e9kely honv\u00e9d k\u00f6nny\u0171 hadoszt\u00e1ly z\u00e1szl\u00f3sa. Mv.-en \u00fcgyv\u00e9d (1938. aug.- 85. \u00e1pr. 1.). A Mv.-i Kaszin\u00f3 jogtan\u00e1csosa (1947). A Maros megyei \u00dcgyv\u00e9di Kamara tagja. Az Erd\u00e9lyi P\u00e1rt (1940\u201345), a MNSZ (1946\u201349), az RMDSz (1990\u2013) tagja. A Maros-K\u00fck\u00fcll\u0151i Unit. Egyh\u00e1zk\u00f6r fel\u00fcgyel\u0151 gondnoka (1956\u201368), az Erd\u00e9lyi Unit. Egyh\u00e1z f\u0151gondnoka (1968\u201391), az Unit. Vil\u00e1gsz\u00f6v. 3 \u00e9venk\u00e9nt tartott kongresszusain az Erd\u00e9lyi Unit. Egyh\u00e1z k\u00e9pvisel\u0151je (1969\u2013). \u2013 <strong>F. m.:<\/strong> <strong>antol\u00f3g.:<\/strong> Bern\u00e1dy\u00a0: Eml\u00e9ksorok 70. sz\u00fclet\u00e9snapj\u00e1ra: \u00fcdv\u00f6zl\u0151 besz\u00e9d (Mv., 1934). <br \/><strong>Irod.:<\/strong> Barab\u00e1ssy csal\u00e1di inf.; Bern\u00e1dy; Berekm\u00e9ri; De\u00e9 Nagy Anik\u00f3 2007; KKACs; Kusz\u00e1lik; [Nekrol\u00f3g] (N\u00fa., 1991. nov. 30.)<\/br><\/p>\n","protected":false},"excerpt":{"rendered":"<p>Egeres, 1917. m\u00e1rc. 14., \u2020 Mv., 1991. nov. 29. Temet\u00e9se Szab\u00e9don, 1991. dec. 2.: \u00fcgyv\u00e9d. \u2013 B. Albert \u00fcgyv\u00e9d \u00e9s Sz\u00e9kely Margit fia. Feles\u00e9ge: losonczi Szebeni Lenke (Mv., 1920. \u2013 Mv., 1953. febr. 8.). Le\u00e1nyaik: Katalin, Judit. \u2013 Elemi iskol\u00e1it Szab\u00e9don (1923\u201327), a gimn.-ot Nagyenyeden a Bethlen Koll.-ban \u00e9s a Titu Maiorescu l\u00edc.-ban (1927\u201331), majd [&hellip;]<\/p>\n","protected":false},"featured_media":0,"comment_status":"open","ping_status":"closed","template":"","meta":[],"product_brand":[],"product_cat":[137],"product_tag":[],"class_list":{"0":"post-3950","1":"product","2":"type-product","3":"status-publish","5":"product_cat-maros-megyei-eletrajzi-lexikon","7":"first","8":"instock","9":"shipping-taxable","10":"product-type-simple"},"_links":{"self":[{"href":"https:\/\/uj.adatbank.ro\/lexikon\/wp-json\/wp\/v2\/product\/3950","targetHints":{"allow":["GET"]}}],"collection":[{"href":"https:\/\/uj.adatbank.ro\/lexikon\/wp-json\/wp\/v2\/product"}],"about":[{"href":"https:\/\/uj.adatbank.ro\/lexikon\/wp-json\/wp\/v2\/types\/product"}],"replies":[{"embeddable":true,"href":"https:\/\/uj.adatbank.ro\/lexikon\/wp-json\/wp\/v2\/comments?post=3950"}],"wp:attachment":[{"href":"https:\/\/uj.adatbank.ro\/lexikon\/wp-json\/wp\/v2\/media?parent=3950"}],"wp:term":[{"taxonomy":"product_brand","embeddable":true,"href":"https:\/\/uj.adatbank.ro\/lexikon\/wp-json\/wp\/v2\/product_brand?post=3950"},{"taxonomy":"product_cat","embeddable":true,"href":"https:\/\/uj.adatbank.ro\/lexikon\/wp-json\/wp\/v2\/product_cat?post=3950"},{"taxonomy":"product_tag","embeddable":true,"href":"https:\/\/uj.adatbank.ro\/lexikon\/wp-json\/wp\/v2\/product_tag?post=3950"}],"curies":[{"name":"wp","href":"https:\/\/api.w.org\/{rel}","templated":true}]}}

BARABÁSSY László

<p>Egeres, 1917. márc. 14., † Mv., 1991. nov. 29. Temetése Szabédon, 1991. dec. 2.: ügyvéd. – B. Albert ügyvéd és Székely Margit fia. Felesége: losonczi Szebeni Lenke (Mv., 1920. – Mv., 1953. febr. 8.). Leányaik: Katalin, Judit. – Elemi iskoláit Szabédon (1923–27), a gimn.-ot Nagyenyeden a Bethlen Koll.-ban és a Titu Maiorescu líc.-ban (1927–31), majd a mv.-i Ref. Koll.-ban végezte (1931–34), itt érettségizett. Bernády Gy. 70. születésnapján a diákok nevében köszöntötte az ünnepeltet (1934. ápr. 14.). A kv.-i Regele Ferdinand egyetem jogi karán szerzett oklevelet (1938); doktorált, (1941). Bp.-en bírói és ügyvédi vizsgát tett (1942). A II. vh.-ban tart. zászlósi rangban vett részt, a 27. székely honvéd könnyű hadosztály zászlósa. Mv.-en ügyvéd (1938. aug.- 85. ápr. 1.). A Mv.-i Kaszinó jogtanácsosa (1947). A Maros megyei Ügyvédi Kamara tagja. Az Erdélyi Párt (1940–45), a MNSZ (1946–49), az RMDSz (1990–) tagja. A Maros-Küküllői Unit. Egyházkör felügyelő gondnoka (1956–68), az Erdélyi Unit. Egyház főgondnoka (1968–91), az Unit. Világszöv. 3 évenként tartott kongresszusain az Erdélyi Unit. Egyház képviselője (1969–). – <strong>F. m.:</strong> <strong>antológ.:</strong> Bernády : Emléksorok 70. születésnapjára: üdvözlő beszéd (Mv., 1934). <br /><strong>Irod.:</strong> Barabássy családi inf.; Bernády; Berekméri; Deé Nagy Anikó 2007; KKACs; Kuszálik; [Nekrológ] (Nú., 1991. nov. 30.)</br></p>

<p>Egeres, 1917. márc. 14., † Mv., 1991. nov. 29. Temetése Szabédon, 1991. dec. 2.: ügyvéd. – B. Albert ügyvéd és Székely Margit fia. Felesége: losonczi Szebeni Lenke (Mv., 1920. – Mv., 1953. febr. 8.). Leányaik: Katalin, Judit. – Elemi iskoláit Szabédon (1923–27), a gimn.-ot Nagyenyeden a Bethlen Koll.-ban és a Titu Maiorescu líc.-ban (1927–31), majd [&hellip;]</p>
