{"id":3953,"date":"2025-06-28T16:18:44","date_gmt":"2025-06-28T14:18:44","guid":{"rendered":"https:\/\/uj.adatbank.ro\/lexikon\/termek\/barabassy-sandor-makfalvi\/"},"modified":"2025-06-28T16:18:44","modified_gmt":"2025-06-28T14:18:44","slug":"barabassy-sandor-makfalvi","status":"publish","type":"product","link":"https:\/\/uj.adatbank.ro\/lexikon\/termek\/barabassy-sandor-makfalvi\/","title":{"rendered":"BARAB\u00c1SSY S\u00e1ndor, makfalvi"},"content":{"rendered":"<p>Mv., 1915. okt. 1., \u2020\u00a0Bp., 1996. okt. 24.: husz\u00e1rz\u00e1szl\u00f3s, \u00fcgyv\u00e9d. \u2013 Feles\u00e9ge: sz\u00e1rhegyi Bartis Veronika, Gyergy\u00f3sz\u00e1rhegy, 1924. szept. 14. \u00c1ltal\u00e1nos iskolai m. tan\u00e1rn\u0151, n\u00e9pm\u0171v\u00e9szeti fest\u0151n\u0151. Fiaik: S\u00e1ndor, Mikl\u00f3s. \u2013 A rom\u00e1n hadsereg erzs\u00e9betv\u00e1rosi lovass\u00e1gi alakulat\u00e1n\u00e1l 9 h\u00f3nap katonai szolg\u00e1latot teljes\u00edtett (1936. okt.- ). Kv.-on a IX. \u00f6n\u00e1ll\u00f3 husz\u00e1rsz\u00e1zadn\u00e1l \u00e1tk\u00e9pz\u00e9sen vett r\u00e9szt (1941. \u00e1pr.-szept.). Tartal\u00e9kos z\u00e1szl\u00f3ss\u00e1 l\u00e9ptett\u00e9k el\u0151 (1942. \u00e1pr. 1. \u2013), majd Gyergy\u00f3szentmikl\u00f3son kocsioszlop parancsnokk\u00e9nt tev\u00e9kenykedett (1943. \u00e1pr. \u2013). A kv.-i egyetemen jogi diplom\u00e1t szerzett (1944), dr. jur. Rom\u00e1nia h\u00e1bor\u00fab\u00f3l val\u00f3 kiugr\u00e1sa ut\u00e1n egy szakasszal a B\u00e9k\u00e1si-szoroshoz k\u00f6zeli Pongr\u00e1cz-tet\u0151n r\u00f6vid ideig v\u00e9delmi \u00e1ll\u00e1st kellett elfoglalnia. Ezt k\u00f6vet\u0151en Kv.-on, majd Bp.-en teljes\u00edtett katonai feladatokat, parancsnokak\u00e9nt a Felvid\u00e9kre ir\u00e1ny\u00edtott\u00e1k, ahol Gut\u00e1n\u00e1l szovjet fogs\u00e1gba esett (1945. m\u00e1rc. 29. \u2013 1948. szept.). Viszat\u00e9rt Mv.-re, ahol a Cukorgy\u00e1rban tisztvisel\u0151. Nyugd\u00edjaz\u00e1sa ut\u00e1n \u00e1ttelepedett Mo.-ra (1988). <br \/><strong>Irod.:<\/strong> Barab\u00e1ssy csal\u00e1di inf.; Bene \u2013 Szab\u00f3; [Nekrol\u00f3g] (N\u00fa., 1996. nov. 2.)<\/br><\/p>\n","protected":false},"excerpt":{"rendered":"<p>Mv., 1915. okt. 1., \u2020\u00a0Bp., 1996. okt. 24.: husz\u00e1rz\u00e1szl\u00f3s, \u00fcgyv\u00e9d. \u2013 Feles\u00e9ge: sz\u00e1rhegyi Bartis Veronika, Gyergy\u00f3sz\u00e1rhegy, 1924. szept. 14. \u00c1ltal\u00e1nos iskolai m. tan\u00e1rn\u0151, n\u00e9pm\u0171v\u00e9szeti fest\u0151n\u0151. Fiaik: S\u00e1ndor, Mikl\u00f3s. \u2013 A rom\u00e1n hadsereg erzs\u00e9betv\u00e1rosi lovass\u00e1gi alakulat\u00e1n\u00e1l 9 h\u00f3nap katonai szolg\u00e1latot teljes\u00edtett (1936. okt.- ). Kv.-on a IX. \u00f6n\u00e1ll\u00f3 husz\u00e1rsz\u00e1zadn\u00e1l \u00e1tk\u00e9pz\u00e9sen vett r\u00e9szt (1941. \u00e1pr.-szept.). Tartal\u00e9kos z\u00e1szl\u00f3ss\u00e1 [&hellip;]<\/p>\n","protected":false},"featured_media":0,"comment_status":"open","ping_status":"closed","template":"","meta":[],"product_brand":[],"product_cat":[137],"product_tag":[],"class_list":{"0":"post-3953","1":"product","2":"type-product","3":"status-publish","5":"product_cat-maros-megyei-eletrajzi-lexikon","7":"first","8":"instock","9":"shipping-taxable","10":"product-type-simple"},"_links":{"self":[{"href":"https:\/\/uj.adatbank.ro\/lexikon\/wp-json\/wp\/v2\/product\/3953","targetHints":{"allow":["GET"]}}],"collection":[{"href":"https:\/\/uj.adatbank.ro\/lexikon\/wp-json\/wp\/v2\/product"}],"about":[{"href":"https:\/\/uj.adatbank.ro\/lexikon\/wp-json\/wp\/v2\/types\/product"}],"replies":[{"embeddable":true,"href":"https:\/\/uj.adatbank.ro\/lexikon\/wp-json\/wp\/v2\/comments?post=3953"}],"wp:attachment":[{"href":"https:\/\/uj.adatbank.ro\/lexikon\/wp-json\/wp\/v2\/media?parent=3953"}],"wp:term":[{"taxonomy":"product_brand","embeddable":true,"href":"https:\/\/uj.adatbank.ro\/lexikon\/wp-json\/wp\/v2\/product_brand?post=3953"},{"taxonomy":"product_cat","embeddable":true,"href":"https:\/\/uj.adatbank.ro\/lexikon\/wp-json\/wp\/v2\/product_cat?post=3953"},{"taxonomy":"product_tag","embeddable":true,"href":"https:\/\/uj.adatbank.ro\/lexikon\/wp-json\/wp\/v2\/product_tag?post=3953"}],"curies":[{"name":"wp","href":"https:\/\/api.w.org\/{rel}","templated":true}]}}

BARABÁSSY Sándor, makfalvi

<p>Mv., 1915. okt. 1., † Bp., 1996. okt. 24.: huszárzászlós, ügyvéd. – Felesége: szárhegyi Bartis Veronika, Gyergyószárhegy, 1924. szept. 14. Általános iskolai m. tanárnő, népművészeti festőnő. Fiaik: Sándor, Miklós. – A román hadsereg erzsébetvárosi lovassági alakulatánál 9 hónap katonai szolgálatot teljesített (1936. okt.- ). Kv.-on a IX. önálló huszárszázadnál átképzésen vett részt (1941. ápr.-szept.). Tartalékos zászlóssá léptették elő (1942. ápr. 1. –), majd Gyergyószentmiklóson kocsioszlop parancsnokként tevékenykedett (1943. ápr. –). A kv.-i egyetemen jogi diplomát szerzett (1944), dr. jur. Románia háborúból való kiugrása után egy szakasszal a Békási-szoroshoz közeli Pongrácz-tetőn rövid ideig védelmi állást kellett elfoglalnia. Ezt követően Kv.-on, majd Bp.-en teljesített katonai feladatokat, parancsnokaként a Felvidékre irányították, ahol Gutánál szovjet fogságba esett (1945. márc. 29. – 1948. szept.). Viszatért Mv.-re, ahol a Cukorgyárban tisztviselő. Nyugdíjazása után áttelepedett Mo.-ra (1988). <br /><strong>Irod.:</strong> Barabássy családi inf.; Bene – Szabó; [Nekrológ] (Nú., 1996. nov. 2.)</br></p>

<p>Mv., 1915. okt. 1., † Bp., 1996. okt. 24.: huszárzászlós, ügyvéd. – Felesége: szárhegyi Bartis Veronika, Gyergyószárhegy, 1924. szept. 14. Általános iskolai m. tanárnő, népművészeti festőnő. Fiaik: Sándor, Miklós. – A román hadsereg erzsébetvárosi lovassági alakulatánál 9 hónap katonai szolgálatot teljesített (1936. okt.- ). Kv.-on a IX. önálló huszárszázadnál átképzésen vett részt (1941. ápr.-szept.). Tartalékos zászlóssá [&hellip;]</p>
