{"id":3956,"date":"2025-06-28T16:18:53","date_gmt":"2025-06-28T14:18:53","guid":{"rendered":"https:\/\/uj.adatbank.ro\/lexikon\/termek\/barabassy-zsigmond\/"},"modified":"2025-06-28T16:18:53","modified_gmt":"2025-06-28T14:18:53","slug":"barabassy-zsigmond","status":"publish","type":"product","link":"https:\/\/uj.adatbank.ro\/lexikon\/termek\/barabassy-zsigmond\/","title":{"rendered":"BARAB\u00c1SSY Zsigmond"},"content":{"rendered":"<p>Ehed, 1892., \u2020\u00a0?: vend\u00e9gl\u0151s. \u2013 Elemi iskol\u00e1ja elv\u00e9gz\u00e9se ut\u00e1n erd\u0151\u0151ri szakiskol\u00e1t v\u00e9gzett. I. o. \u00e1llami legel\u0151mester, a f\u00f6ldm\u0171vel\u00e9si miniszt\u00e9rium mv.-i kirendelts\u00e9g\u00e9n\u00e9l dolgozott. R\u00e9szt vett az I. vh.-ban a 62. gy. e. az orosz, olasz fronton harcolt. K\u00e9tszer sebes\u00fclt meg. A h\u00e1bor\u00fa ut\u00e1n mint tej- \u00e9s vajgy\u0171jt\u0151 dolgozott, k\u00e9s\u0151bb mint vend\u00e9gl\u0151s tev\u00e9kenykedett Eheden; Brass\u00f3ban (1938\u2013). Mv.-en (1940\u2013) \u00e1tvette a Transilvania \u00e9tterem vezet\u00e9s\u00e9t. <br \/><strong>Irod.:<\/strong> Sz\u00e9kelyf\u00f6ld \u00ed. k.<\/br><\/p>\n","protected":false},"excerpt":{"rendered":"<p>Ehed, 1892., \u2020\u00a0?: vend\u00e9gl\u0151s. \u2013 Elemi iskol\u00e1ja elv\u00e9gz\u00e9se ut\u00e1n erd\u0151\u0151ri szakiskol\u00e1t v\u00e9gzett. I. o. \u00e1llami legel\u0151mester, a f\u00f6ldm\u0171vel\u00e9si miniszt\u00e9rium mv.-i kirendelts\u00e9g\u00e9n\u00e9l dolgozott. R\u00e9szt vett az I. vh.-ban a 62. gy. e. az orosz, olasz fronton harcolt. K\u00e9tszer sebes\u00fclt meg. A h\u00e1bor\u00fa ut\u00e1n mint tej- \u00e9s vajgy\u0171jt\u0151 dolgozott, k\u00e9s\u0151bb mint vend\u00e9gl\u0151s tev\u00e9kenykedett Eheden; Brass\u00f3ban (1938\u2013). Mv.-en [&hellip;]<\/p>\n","protected":false},"featured_media":0,"comment_status":"open","ping_status":"closed","template":"","meta":[],"product_brand":[],"product_cat":[137],"product_tag":[],"class_list":{"0":"post-3956","1":"product","2":"type-product","3":"status-publish","5":"product_cat-maros-megyei-eletrajzi-lexikon","7":"first","8":"instock","9":"shipping-taxable","10":"product-type-simple"},"_links":{"self":[{"href":"https:\/\/uj.adatbank.ro\/lexikon\/wp-json\/wp\/v2\/product\/3956","targetHints":{"allow":["GET"]}}],"collection":[{"href":"https:\/\/uj.adatbank.ro\/lexikon\/wp-json\/wp\/v2\/product"}],"about":[{"href":"https:\/\/uj.adatbank.ro\/lexikon\/wp-json\/wp\/v2\/types\/product"}],"replies":[{"embeddable":true,"href":"https:\/\/uj.adatbank.ro\/lexikon\/wp-json\/wp\/v2\/comments?post=3956"}],"wp:attachment":[{"href":"https:\/\/uj.adatbank.ro\/lexikon\/wp-json\/wp\/v2\/media?parent=3956"}],"wp:term":[{"taxonomy":"product_brand","embeddable":true,"href":"https:\/\/uj.adatbank.ro\/lexikon\/wp-json\/wp\/v2\/product_brand?post=3956"},{"taxonomy":"product_cat","embeddable":true,"href":"https:\/\/uj.adatbank.ro\/lexikon\/wp-json\/wp\/v2\/product_cat?post=3956"},{"taxonomy":"product_tag","embeddable":true,"href":"https:\/\/uj.adatbank.ro\/lexikon\/wp-json\/wp\/v2\/product_tag?post=3956"}],"curies":[{"name":"wp","href":"https:\/\/api.w.org\/{rel}","templated":true}]}}

BARABÁSSY Zsigmond

<p>Ehed, 1892., † ?: vendéglős. – Elemi iskolája elvégzése után erdőőri szakiskolát végzett. I. o. állami legelőmester, a földművelési minisztérium mv.-i kirendeltségénél dolgozott. Részt vett az I. vh.-ban a 62. gy. e. az orosz, olasz fronton harcolt. Kétszer sebesült meg. A háború után mint tej- és vajgyűjtő dolgozott, később mint vendéglős tevékenykedett Eheden; Brassóban (1938–). Mv.-en (1940–) átvette a Transilvania étterem vezetését. <br /><strong>Irod.:</strong> Székelyföld í. k.</br></p>

<p>Ehed, 1892., † ?: vendéglős. – Elemi iskolája elvégzése után erdőőri szakiskolát végzett. I. o. állami legelőmester, a földművelési minisztérium mv.-i kirendeltségénél dolgozott. Részt vett az I. vh.-ban a 62. gy. e. az orosz, olasz fronton harcolt. Kétszer sebesült meg. A háború után mint tej- és vajgyűjtő dolgozott, később mint vendéglős tevékenykedett Eheden; Brassóban (1938–). Mv.-en [&hellip;]</p>
