{"id":3959,"date":"2025-06-28T16:19:02","date_gmt":"2025-06-28T14:19:02","guid":{"rendered":"https:\/\/uj.adatbank.ro\/lexikon\/termek\/baranyai-czeczillia-marosjarai\/"},"modified":"2025-06-28T16:19:02","modified_gmt":"2025-06-28T14:19:02","slug":"baranyai-czeczillia-marosjarai","status":"publish","type":"product","link":"https:\/\/uj.adatbank.ro\/lexikon\/termek\/baranyai-czeczillia-marosjarai\/","title":{"rendered":"BARANYAI Czeczillia, marosj\u00e1rai"},"content":{"rendered":"<p>1800.? \u2020\u00a0Mv., 1883. aug. 11.: j\u00f3tev\u0151. \u2013 A mv.-i \u201eJ\u00f3t\u00e9kony n\u0151egylet\u201d tagja. <br \/><strong>Irod.:<\/strong> Gy\u00e1szjelent\u0151<\/br><\/p>\n","protected":false},"excerpt":{"rendered":"<p>1800.? \u2020\u00a0Mv., 1883. aug. 11.: j\u00f3tev\u0151. \u2013 A mv.-i \u201eJ\u00f3t\u00e9kony n\u0151egylet\u201d tagja. Irod.: Gy\u00e1szjelent\u0151<\/p>\n","protected":false},"featured_media":0,"comment_status":"open","ping_status":"closed","template":"","meta":[],"product_brand":[],"product_cat":[137],"product_tag":[],"class_list":{"0":"post-3959","1":"product","2":"type-product","3":"status-publish","5":"product_cat-maros-megyei-eletrajzi-lexikon","7":"first","8":"instock","9":"shipping-taxable","10":"product-type-simple"},"_links":{"self":[{"href":"https:\/\/uj.adatbank.ro\/lexikon\/wp-json\/wp\/v2\/product\/3959","targetHints":{"allow":["GET"]}}],"collection":[{"href":"https:\/\/uj.adatbank.ro\/lexikon\/wp-json\/wp\/v2\/product"}],"about":[{"href":"https:\/\/uj.adatbank.ro\/lexikon\/wp-json\/wp\/v2\/types\/product"}],"replies":[{"embeddable":true,"href":"https:\/\/uj.adatbank.ro\/lexikon\/wp-json\/wp\/v2\/comments?post=3959"}],"wp:attachment":[{"href":"https:\/\/uj.adatbank.ro\/lexikon\/wp-json\/wp\/v2\/media?parent=3959"}],"wp:term":[{"taxonomy":"product_brand","embeddable":true,"href":"https:\/\/uj.adatbank.ro\/lexikon\/wp-json\/wp\/v2\/product_brand?post=3959"},{"taxonomy":"product_cat","embeddable":true,"href":"https:\/\/uj.adatbank.ro\/lexikon\/wp-json\/wp\/v2\/product_cat?post=3959"},{"taxonomy":"product_tag","embeddable":true,"href":"https:\/\/uj.adatbank.ro\/lexikon\/wp-json\/wp\/v2\/product_tag?post=3959"}],"curies":[{"name":"wp","href":"https:\/\/api.w.org\/{rel}","templated":true}]}}