{"id":3961,"date":"2025-06-28T16:19:10","date_gmt":"2025-06-28T14:19:10","guid":{"rendered":"https:\/\/uj.adatbank.ro\/lexikon\/termek\/baranyai-gergely-marosjarai-baranyay-gergely\/"},"modified":"2025-06-28T16:19:10","modified_gmt":"2025-06-28T14:19:10","slug":"baranyai-gergely-marosjarai-baranyay-gergely","status":"publish","type":"product","link":"https:\/\/uj.adatbank.ro\/lexikon\/termek\/baranyai-gergely-marosjarai-baranyay-gergely\/","title":{"rendered":"BARANYAI Gergely, marosj\u00e1rai, Baranyay Gergely"},"content":{"rendered":"<p>1897.? \u2020\u00a0Mv., 1876. \u00e1pr. 17.: t\u00e1blab\u00edr\u00f3, t\u00f6rv\u00e9nyes kir. t\u00e1blai \u00fcln\u00f6k. <br \/><strong>Irod.:<\/strong> Gy\u00e1szjelent\u0151<\/br><\/p>\n","protected":false},"excerpt":{"rendered":"<p>1897.? \u2020\u00a0Mv., 1876. \u00e1pr. 17.: t\u00e1blab\u00edr\u00f3, t\u00f6rv\u00e9nyes kir. t\u00e1blai \u00fcln\u00f6k. Irod.: Gy\u00e1szjelent\u0151<\/p>\n","protected":false},"featured_media":0,"comment_status":"open","ping_status":"closed","template":"","meta":[],"product_brand":[],"product_cat":[137],"product_tag":[],"class_list":{"0":"post-3961","1":"product","2":"type-product","3":"status-publish","5":"product_cat-maros-megyei-eletrajzi-lexikon","7":"first","8":"instock","9":"shipping-taxable","10":"product-type-simple"},"_links":{"self":[{"href":"https:\/\/uj.adatbank.ro\/lexikon\/wp-json\/wp\/v2\/product\/3961","targetHints":{"allow":["GET"]}}],"collection":[{"href":"https:\/\/uj.adatbank.ro\/lexikon\/wp-json\/wp\/v2\/product"}],"about":[{"href":"https:\/\/uj.adatbank.ro\/lexikon\/wp-json\/wp\/v2\/types\/product"}],"replies":[{"embeddable":true,"href":"https:\/\/uj.adatbank.ro\/lexikon\/wp-json\/wp\/v2\/comments?post=3961"}],"wp:attachment":[{"href":"https:\/\/uj.adatbank.ro\/lexikon\/wp-json\/wp\/v2\/media?parent=3961"}],"wp:term":[{"taxonomy":"product_brand","embeddable":true,"href":"https:\/\/uj.adatbank.ro\/lexikon\/wp-json\/wp\/v2\/product_brand?post=3961"},{"taxonomy":"product_cat","embeddable":true,"href":"https:\/\/uj.adatbank.ro\/lexikon\/wp-json\/wp\/v2\/product_cat?post=3961"},{"taxonomy":"product_tag","embeddable":true,"href":"https:\/\/uj.adatbank.ro\/lexikon\/wp-json\/wp\/v2\/product_tag?post=3961"}],"curies":[{"name":"wp","href":"https:\/\/api.w.org\/{rel}","templated":true}]}}