{"id":3967,"date":"2025-06-28T16:19:29","date_gmt":"2025-06-28T14:19:29","guid":{"rendered":"https:\/\/uj.adatbank.ro\/lexikon\/termek\/barat-mor-barat-moric\/"},"modified":"2025-06-28T16:19:29","modified_gmt":"2025-06-28T14:19:29","slug":"barat-mor-barat-moric","status":"publish","type":"product","link":"https:\/\/uj.adatbank.ro\/lexikon\/termek\/barat-mor-barat-moric\/","title":{"rendered":"BAR\u00c1T M\u00f3r, Bar\u00e1t M\u00f3ric"},"content":{"rendered":"<p>S\u00e1r\u00e1nd, 1880. m\u00e1rc. 15., \u2020 Auschwitz, 1944. nyara: fest\u0151m\u0171v\u00e9sz, grafikus.- A bp.-i Mintarajziskol\u00e1ban, a k\u00e9pz\u0151m\u0171v. f\u0151isk.-n (1902-03 \u00e9s 1906-07), majd M\u00fcnchenben Holl\u00f3sy Simonn\u00e1l tanult. Mv.-en \u00e9lt (1907\u201318), Nagyv\u00e1radon a fa- \u00e9s f\u00e9mipari szakisk. rajztan\u00e1ra (1918\u2013). A k\u0151rajztechnika egyik meg\u00faj\u00edt\u00f3ja. F\u0151k\u00e9nt Brass\u00f3r\u00f3l, Nagyszebenr\u0151l, az erd\u00e9lyi Sz\u00e1szf\u00f6ldr\u0151l, valamint n\u00e9meto.-i \u00e9s dalm\u00e1ciai v\u00e1rosokr\u00f3l festett t\u00e1jk\u00e9psorozatokat, n\u0151i aktokat. \u2013 <strong>F. ki\u00e1ll.:<\/strong> egy\u00e9ni: Nagyv\u00e1rad (1922\u201339); Mv. (1923); Arad, Brass\u00f3 (1925). \u2013 <strong>F. m.:<\/strong> K\u00f6r\u00f6smeder (1921); T\u00fck\u00f6r el\u0151tt (1924 k.); Akt bab\u00e1val (1925); Meg\u00e1radt Olt (1925). <br \/><strong>Irod.:<\/strong> Moln\u00e1r; \u00daM\u00c9L<\/br><\/p>\n","protected":false},"excerpt":{"rendered":"<p>S\u00e1r\u00e1nd, 1880. m\u00e1rc. 15., \u2020 Auschwitz, 1944. nyara: fest\u0151m\u0171v\u00e9sz, grafikus.- A bp.-i Mintarajziskol\u00e1ban, a k\u00e9pz\u0151m\u0171v. f\u0151isk.-n (1902-03 \u00e9s 1906-07), majd M\u00fcnchenben Holl\u00f3sy Simonn\u00e1l tanult. Mv.-en \u00e9lt (1907\u201318), Nagyv\u00e1radon a fa- \u00e9s f\u00e9mipari szakisk. rajztan\u00e1ra (1918\u2013). A k\u0151rajztechnika egyik meg\u00faj\u00edt\u00f3ja. F\u0151k\u00e9nt Brass\u00f3r\u00f3l, Nagyszebenr\u0151l, az erd\u00e9lyi Sz\u00e1szf\u00f6ldr\u0151l, valamint n\u00e9meto.-i \u00e9s dalm\u00e1ciai v\u00e1rosokr\u00f3l festett t\u00e1jk\u00e9psorozatokat, n\u0151i aktokat. \u2013 [&hellip;]<\/p>\n","protected":false},"featured_media":0,"comment_status":"open","ping_status":"closed","template":"","meta":[],"product_brand":[],"product_cat":[137],"product_tag":[],"class_list":{"0":"post-3967","1":"product","2":"type-product","3":"status-publish","5":"product_cat-maros-megyei-eletrajzi-lexikon","7":"first","8":"instock","9":"shipping-taxable","10":"product-type-simple"},"_links":{"self":[{"href":"https:\/\/uj.adatbank.ro\/lexikon\/wp-json\/wp\/v2\/product\/3967","targetHints":{"allow":["GET"]}}],"collection":[{"href":"https:\/\/uj.adatbank.ro\/lexikon\/wp-json\/wp\/v2\/product"}],"about":[{"href":"https:\/\/uj.adatbank.ro\/lexikon\/wp-json\/wp\/v2\/types\/product"}],"replies":[{"embeddable":true,"href":"https:\/\/uj.adatbank.ro\/lexikon\/wp-json\/wp\/v2\/comments?post=3967"}],"wp:attachment":[{"href":"https:\/\/uj.adatbank.ro\/lexikon\/wp-json\/wp\/v2\/media?parent=3967"}],"wp:term":[{"taxonomy":"product_brand","embeddable":true,"href":"https:\/\/uj.adatbank.ro\/lexikon\/wp-json\/wp\/v2\/product_brand?post=3967"},{"taxonomy":"product_cat","embeddable":true,"href":"https:\/\/uj.adatbank.ro\/lexikon\/wp-json\/wp\/v2\/product_cat?post=3967"},{"taxonomy":"product_tag","embeddable":true,"href":"https:\/\/uj.adatbank.ro\/lexikon\/wp-json\/wp\/v2\/product_tag?post=3967"}],"curies":[{"name":"wp","href":"https:\/\/api.w.org\/{rel}","templated":true}]}}

BARÁT Mór, Barát Móric

<p>Sáránd, 1880. márc. 15., † Auschwitz, 1944. nyara: festőművész, grafikus.- A bp.-i Mintarajziskolában, a képzőműv. főisk.-n (1902-03 és 1906-07), majd Münchenben Hollósy Simonnál tanult. Mv.-en élt (1907–18), Nagyváradon a fa- és fémipari szakisk. rajztanára (1918–). A kőrajztechnika egyik megújítója. Főként Brassóról, Nagyszebenről, az erdélyi Szászföldről, valamint németo.-i és dalmáciai városokról festett tájképsorozatokat, női aktokat. – <strong>F. kiáll.:</strong> egyéni: Nagyvárad (1922–39); Mv. (1923); Arad, Brassó (1925). – <strong>F. m.:</strong> Körösmeder (1921); Tükör előtt (1924 k.); Akt babával (1925); Megáradt Olt (1925). <br /><strong>Irod.:</strong> Molnár; ÚMÉL</br></p>

<p>Sáránd, 1880. márc. 15., † Auschwitz, 1944. nyara: festőművész, grafikus.- A bp.-i Mintarajziskolában, a képzőműv. főisk.-n (1902-03 és 1906-07), majd Münchenben Hollósy Simonnál tanult. Mv.-en élt (1907–18), Nagyváradon a fa- és fémipari szakisk. rajztanára (1918–). A kőrajztechnika egyik megújítója. Főként Brassóról, Nagyszebenről, az erdélyi Szászföldről, valamint németo.-i és dalmáciai városokról festett tájképsorozatokat, női aktokat. – [&hellip;]</p>
