{"id":3969,"date":"2025-06-28T16:19:36","date_gmt":"2025-06-28T14:19:36","guid":{"rendered":"https:\/\/uj.adatbank.ro\/lexikon\/termek\/baratha-istvan\/"},"modified":"2025-06-28T16:19:36","modified_gmt":"2025-06-28T14:19:36","slug":"baratha-istvan","status":"publish","type":"product","link":"https:\/\/uj.adatbank.ro\/lexikon\/termek\/baratha-istvan\/","title":{"rendered":"BARATHA Istv\u00e1n"},"content":{"rendered":"<p>Maroscsap\u00f3, 1914., \u2020\u00a0? : \u00e1llami tan\u00edt\u00f3. \u2013 Tanulm\u00e1nyait Mv.-en \u00e9s Gyulafeh\u00e9rv\u00e1ron v\u00e9gezte. Tan\u00edtott Kisszentl\u0151rincen (1940\u2013). <br \/><strong>Irod.:<\/strong> Sz\u00e9kelyf\u00f6ld \u00ed. k.<\/br><\/p>\n","protected":false},"excerpt":{"rendered":"<p>Maroscsap\u00f3, 1914., \u2020\u00a0? : \u00e1llami tan\u00edt\u00f3. \u2013 Tanulm\u00e1nyait Mv.-en \u00e9s Gyulafeh\u00e9rv\u00e1ron v\u00e9gezte. Tan\u00edtott Kisszentl\u0151rincen (1940\u2013). Irod.: Sz\u00e9kelyf\u00f6ld \u00ed. k.<\/p>\n","protected":false},"featured_media":0,"comment_status":"open","ping_status":"closed","template":"","meta":[],"product_brand":[],"product_cat":[137],"product_tag":[],"class_list":{"0":"post-3969","1":"product","2":"type-product","3":"status-publish","5":"product_cat-maros-megyei-eletrajzi-lexikon","7":"first","8":"instock","9":"shipping-taxable","10":"product-type-simple"},"_links":{"self":[{"href":"https:\/\/uj.adatbank.ro\/lexikon\/wp-json\/wp\/v2\/product\/3969","targetHints":{"allow":["GET"]}}],"collection":[{"href":"https:\/\/uj.adatbank.ro\/lexikon\/wp-json\/wp\/v2\/product"}],"about":[{"href":"https:\/\/uj.adatbank.ro\/lexikon\/wp-json\/wp\/v2\/types\/product"}],"replies":[{"embeddable":true,"href":"https:\/\/uj.adatbank.ro\/lexikon\/wp-json\/wp\/v2\/comments?post=3969"}],"wp:attachment":[{"href":"https:\/\/uj.adatbank.ro\/lexikon\/wp-json\/wp\/v2\/media?parent=3969"}],"wp:term":[{"taxonomy":"product_brand","embeddable":true,"href":"https:\/\/uj.adatbank.ro\/lexikon\/wp-json\/wp\/v2\/product_brand?post=3969"},{"taxonomy":"product_cat","embeddable":true,"href":"https:\/\/uj.adatbank.ro\/lexikon\/wp-json\/wp\/v2\/product_cat?post=3969"},{"taxonomy":"product_tag","embeddable":true,"href":"https:\/\/uj.adatbank.ro\/lexikon\/wp-json\/wp\/v2\/product_tag?post=3969"}],"curies":[{"name":"wp","href":"https:\/\/api.w.org\/{rel}","templated":true}]}}