{"id":3975,"date":"2025-06-28T16:19:55","date_gmt":"2025-06-28T14:19:55","guid":{"rendered":"https:\/\/uj.adatbank.ro\/lexikon\/termek\/baratosi-samuel\/"},"modified":"2025-06-28T16:19:55","modified_gmt":"2025-06-28T14:19:55","slug":"baratosi-samuel","status":"publish","type":"product","link":"https:\/\/uj.adatbank.ro\/lexikon\/termek\/baratosi-samuel\/","title":{"rendered":"BAR\u00c1TOSI S\u00e1muel"},"content":{"rendered":"<p>? \u2020\u00a0Abaf\u00e1ja, 1767.: ref. lelk\u00e9sz. \u2013 Feles\u00e9ge V\u00e9gh Anna (\u20201793). \u2013 Mv.-en subscrib\u00e1lt (1725). Mester S\u00f3v\u00e1radon (1729\u20131730). Lelk\u00e9sz Tancson (1734), Radn\u00f3tf\u00e1j\u00e1n (1737\u201345), Kisf\u00fclp\u00f6s\u00f6n (1746\u201348), Marosj\u00e1r\u00e1ban (1750\u201357), Oroszf\u00e1j\u00e1n (1757\u201365), Abaf\u00e1j\u00e1n (1766\u201367). <br \/><strong>Irod.:<\/strong> Imreh Barna; \u0150sz<\/br><\/p>\n","protected":false},"excerpt":{"rendered":"<p>? \u2020\u00a0Abaf\u00e1ja, 1767.: ref. lelk\u00e9sz. \u2013 Feles\u00e9ge V\u00e9gh Anna (\u20201793). \u2013 Mv.-en subscrib\u00e1lt (1725). Mester S\u00f3v\u00e1radon (1729\u20131730). Lelk\u00e9sz Tancson (1734), Radn\u00f3tf\u00e1j\u00e1n (1737\u201345), Kisf\u00fclp\u00f6s\u00f6n (1746\u201348), Marosj\u00e1r\u00e1ban (1750\u201357), Oroszf\u00e1j\u00e1n (1757\u201365), Abaf\u00e1j\u00e1n (1766\u201367). Irod.: Imreh Barna; \u0150sz<\/p>\n","protected":false},"featured_media":0,"comment_status":"open","ping_status":"closed","template":"","meta":[],"product_brand":[],"product_cat":[137],"product_tag":[],"class_list":{"0":"post-3975","1":"product","2":"type-product","3":"status-publish","5":"product_cat-maros-megyei-eletrajzi-lexikon","7":"first","8":"instock","9":"shipping-taxable","10":"product-type-simple"},"_links":{"self":[{"href":"https:\/\/uj.adatbank.ro\/lexikon\/wp-json\/wp\/v2\/product\/3975","targetHints":{"allow":["GET"]}}],"collection":[{"href":"https:\/\/uj.adatbank.ro\/lexikon\/wp-json\/wp\/v2\/product"}],"about":[{"href":"https:\/\/uj.adatbank.ro\/lexikon\/wp-json\/wp\/v2\/types\/product"}],"replies":[{"embeddable":true,"href":"https:\/\/uj.adatbank.ro\/lexikon\/wp-json\/wp\/v2\/comments?post=3975"}],"wp:attachment":[{"href":"https:\/\/uj.adatbank.ro\/lexikon\/wp-json\/wp\/v2\/media?parent=3975"}],"wp:term":[{"taxonomy":"product_brand","embeddable":true,"href":"https:\/\/uj.adatbank.ro\/lexikon\/wp-json\/wp\/v2\/product_brand?post=3975"},{"taxonomy":"product_cat","embeddable":true,"href":"https:\/\/uj.adatbank.ro\/lexikon\/wp-json\/wp\/v2\/product_cat?post=3975"},{"taxonomy":"product_tag","embeddable":true,"href":"https:\/\/uj.adatbank.ro\/lexikon\/wp-json\/wp\/v2\/product_tag?post=3975"}],"curies":[{"name":"wp","href":"https:\/\/api.w.org\/{rel}","templated":true}]}}