{"id":3978,"date":"2025-06-28T16:20:06","date_gmt":"2025-06-28T14:20:06","guid":{"rendered":"https:\/\/uj.adatbank.ro\/lexikon\/termek\/barbu-aca-de-barbu-aurora\/"},"modified":"2025-06-28T16:20:06","modified_gmt":"2025-06-28T14:20:06","slug":"barbu-aca-de-barbu-aurora","status":"publish","type":"product","link":"https:\/\/uj.adatbank.ro\/lexikon\/termek\/barbu-aca-de-barbu-aurora\/","title":{"rendered":"BARBU Aca de, Barbu Aurora"},"content":{"rendered":"<p>Segesv\u00e1r, 1892. j\u00fal. 31., \u2020 Buk., 1958. m\u00e1rc. 21.: \u00e9nekesn\u0151. \u2013 Sz\u00e1szr\u00e9genben gyerekeskedett, a mv.-i Konzervat\u00f3riumban, majd B\u00e9csben tanult az Akademie f\u00fcr Musik-ban (1912\u201313), Filip Forsten tan\u00edtv\u00e1nyak\u00e9nt. Hamburgban a Volksoperben alkalmazt\u00e1k. Turn\u00e9zott Erd\u00e9lyben (1912. j\u00fan.-j\u00fal.), Teplitz-Sch\u00f6nau-ban dolgozott. Mint opera\u00e9nekesn\u0151 sikerei voltak Br\u00fcnn, B\u00e9cs (Theater an der Wien), Praga, Graz, Karlsbad, Marienbad, Cern\u0103u\u0163i sz\u00ednpad\u00e1n. Fell\u00e9pett Sz\u00e1szr\u00e9genben t\u00f6bb alkalommal (1914\u201318). A kv.-i opera tagja volt (1921\u2013), a buk.-i Rom\u00e1n Oper\u00e1ban sz\u00f3l\u00f3\u00e9nekes volt (1931\u201346), a temesv\u00e1ri opera alap\u00edt\u00f3ja, igazgat\u00f3n\u0151je (1946. j\u00fan. \u2013 1950), rendezett is (1950\u201354). Buk.-ben tan\u00edtott a Ciprian Porumbescu Konzervat\u00f3riumban (1954\u2013), az opera oszt\u00e1ly\u00e1ban rendez\u00e9st. F\u00f6bb szerepei: Tosca, \u00c1larcosb\u00e1l, Fidelio; <strong>ford.:<\/strong> Friedrich Wolf: Ca fiarele p\u0103durii c. darabj\u00e1t. <br \/><strong>Irod.:<\/strong> Chiorean 2008; Ivela A. I.: Dic\u0163ionar muzical ilustrat (Buc., 1927); Osv\u00e1th; Profiluri reghinene; Regh. Cult. 2.; Sava; Sigmirean; Szab\u00f3\u2013Simon\u2013Sz\u00f6gi; Todea 2013<\/br><\/p>\n","protected":false},"excerpt":{"rendered":"<p>Segesv\u00e1r, 1892. j\u00fal. 31., \u2020 Buk., 1958. m\u00e1rc. 21.: \u00e9nekesn\u0151. \u2013 Sz\u00e1szr\u00e9genben gyerekeskedett, a mv.-i Konzervat\u00f3riumban, majd B\u00e9csben tanult az Akademie f\u00fcr Musik-ban (1912\u201313), Filip Forsten tan\u00edtv\u00e1nyak\u00e9nt. Hamburgban a Volksoperben alkalmazt\u00e1k. Turn\u00e9zott Erd\u00e9lyben (1912. j\u00fan.-j\u00fal.), Teplitz-Sch\u00f6nau-ban dolgozott. Mint opera\u00e9nekesn\u0151 sikerei voltak Br\u00fcnn, B\u00e9cs (Theater an der Wien), Praga, Graz, Karlsbad, Marienbad, Cern\u0103u\u0163i sz\u00ednpad\u00e1n. Fell\u00e9pett Sz\u00e1szr\u00e9genben [&hellip;]<\/p>\n","protected":false},"featured_media":0,"comment_status":"open","ping_status":"closed","template":"","meta":[],"product_brand":[],"product_cat":[137],"product_tag":[],"class_list":{"0":"post-3978","1":"product","2":"type-product","3":"status-publish","5":"product_cat-maros-megyei-eletrajzi-lexikon","7":"first","8":"instock","9":"shipping-taxable","10":"product-type-simple"},"_links":{"self":[{"href":"https:\/\/uj.adatbank.ro\/lexikon\/wp-json\/wp\/v2\/product\/3978","targetHints":{"allow":["GET"]}}],"collection":[{"href":"https:\/\/uj.adatbank.ro\/lexikon\/wp-json\/wp\/v2\/product"}],"about":[{"href":"https:\/\/uj.adatbank.ro\/lexikon\/wp-json\/wp\/v2\/types\/product"}],"replies":[{"embeddable":true,"href":"https:\/\/uj.adatbank.ro\/lexikon\/wp-json\/wp\/v2\/comments?post=3978"}],"wp:attachment":[{"href":"https:\/\/uj.adatbank.ro\/lexikon\/wp-json\/wp\/v2\/media?parent=3978"}],"wp:term":[{"taxonomy":"product_brand","embeddable":true,"href":"https:\/\/uj.adatbank.ro\/lexikon\/wp-json\/wp\/v2\/product_brand?post=3978"},{"taxonomy":"product_cat","embeddable":true,"href":"https:\/\/uj.adatbank.ro\/lexikon\/wp-json\/wp\/v2\/product_cat?post=3978"},{"taxonomy":"product_tag","embeddable":true,"href":"https:\/\/uj.adatbank.ro\/lexikon\/wp-json\/wp\/v2\/product_tag?post=3978"}],"curies":[{"name":"wp","href":"https:\/\/api.w.org\/{rel}","templated":true}]}}

<p>Segesvár, 1892. júl. 31., † Buk., 1958. márc. 21.: énekesnő. – Szászrégenben gyerekeskedett, a mv.-i Konzervatóriumban, majd Bécsben tanult az Akademie für Musik-ban (1912–13), Filip Forsten tanítványaként. Hamburgban a Volksoperben alkalmazták. Turnézott Erdélyben (1912. jún.-júl.), Teplitz-Schönau-ban dolgozott. Mint operaénekesnő sikerei voltak Brünn, Bécs (Theater an der Wien), Praga, Graz, Karlsbad, Marienbad, Cernăuţi színpadán. Fellépett Szászrégenben több alkalommal (1914–18). A kv.-i opera tagja volt (1921–), a buk.-i Román Operában szólóénekes volt (1931–46), a temesvári opera alapítója, igazgatónője (1946. jún. – 1950), rendezett is (1950–54). Buk.-ben tanított a Ciprian Porumbescu Konzervatóriumban (1954–), az opera osztályában rendezést. Föbb szerepei: Tosca, Álarcosbál, Fidelio; <strong>ford.:</strong> Friedrich Wolf: Ca fiarele pădurii c. darabját. <br /><strong>Irod.:</strong> Chiorean 2008; Ivela A. I.: Dicţionar muzical ilustrat (Buc., 1927); Osváth; Profiluri reghinene; Regh. Cult. 2.; Sava; Sigmirean; Szabó–Simon–Szögi; Todea 2013</br></p>

<p>Segesvár, 1892. júl. 31., † Buk., 1958. márc. 21.: énekesnő. – Szászrégenben gyerekeskedett, a mv.-i Konzervatóriumban, majd Bécsben tanult az Akademie für Musik-ban (1912–13), Filip Forsten tanítványaként. Hamburgban a Volksoperben alkalmazták. Turnézott Erdélyben (1912. jún.-júl.), Teplitz-Schönau-ban dolgozott. Mint operaénekesnő sikerei voltak Brünn, Bécs (Theater an der Wien), Praga, Graz, Karlsbad, Marienbad, Cernăuţi színpadán. Fellépett Szászrégenben [&hellip;]</p>
