{"id":3979,"date":"2025-06-28T16:20:10","date_gmt":"2025-06-28T14:20:10","guid":{"rendered":"https:\/\/uj.adatbank.ro\/lexikon\/termek\/barbu-cornel\/"},"modified":"2025-06-28T16:20:10","modified_gmt":"2025-06-28T14:20:10","slug":"barbu-cornel","status":"publish","type":"product","link":"https:\/\/uj.adatbank.ro\/lexikon\/termek\/barbu-cornel\/","title":{"rendered":"BARBU Cornel"},"content":{"rendered":"<p>Erked, 1920., \u2020 1978. febr.: p\u00e1rtakt\u00edvista. \u2013 Vasmunk\u00e1sk\u00e9nt dolgozott a vas\u00fatn\u00e1l, majd p\u00e1rtakt\u00edvista (1946\u2013). A Kolozs tartom\u00e1nyi p\u00e1rtbizotts\u00e1g titk\u00e1ra, az RKP KB-nak aktivist\u00e1ja, a \u015etefan Gheorghiu Akad. Katedraf\u0151n\u00f6ke \u00e9s prorektora. <br \/><strong>Irod.:<\/strong> B. C. [Nekrol\u00f3g] (V. Z., 1978. febr. 18)<\/br><\/p>\n","protected":false},"excerpt":{"rendered":"<p>Erked, 1920., \u2020 1978. febr.: p\u00e1rtakt\u00edvista. \u2013 Vasmunk\u00e1sk\u00e9nt dolgozott a vas\u00fatn\u00e1l, majd p\u00e1rtakt\u00edvista (1946\u2013). A Kolozs tartom\u00e1nyi p\u00e1rtbizotts\u00e1g titk\u00e1ra, az RKP KB-nak aktivist\u00e1ja, a \u015etefan Gheorghiu Akad. Katedraf\u0151n\u00f6ke \u00e9s prorektora. Irod.: B. C. [Nekrol\u00f3g] (V. Z., 1978. febr. 18)<\/p>\n","protected":false},"featured_media":0,"comment_status":"open","ping_status":"closed","template":"","meta":[],"product_brand":[],"product_cat":[137],"product_tag":[],"class_list":{"0":"post-3979","1":"product","2":"type-product","3":"status-publish","5":"product_cat-maros-megyei-eletrajzi-lexikon","7":"first","8":"instock","9":"shipping-taxable","10":"product-type-simple"},"_links":{"self":[{"href":"https:\/\/uj.adatbank.ro\/lexikon\/wp-json\/wp\/v2\/product\/3979","targetHints":{"allow":["GET"]}}],"collection":[{"href":"https:\/\/uj.adatbank.ro\/lexikon\/wp-json\/wp\/v2\/product"}],"about":[{"href":"https:\/\/uj.adatbank.ro\/lexikon\/wp-json\/wp\/v2\/types\/product"}],"replies":[{"embeddable":true,"href":"https:\/\/uj.adatbank.ro\/lexikon\/wp-json\/wp\/v2\/comments?post=3979"}],"wp:attachment":[{"href":"https:\/\/uj.adatbank.ro\/lexikon\/wp-json\/wp\/v2\/media?parent=3979"}],"wp:term":[{"taxonomy":"product_brand","embeddable":true,"href":"https:\/\/uj.adatbank.ro\/lexikon\/wp-json\/wp\/v2\/product_brand?post=3979"},{"taxonomy":"product_cat","embeddable":true,"href":"https:\/\/uj.adatbank.ro\/lexikon\/wp-json\/wp\/v2\/product_cat?post=3979"},{"taxonomy":"product_tag","embeddable":true,"href":"https:\/\/uj.adatbank.ro\/lexikon\/wp-json\/wp\/v2\/product_tag?post=3979"}],"curies":[{"name":"wp","href":"https:\/\/api.w.org\/{rel}","templated":true}]}}

<p>Erked, 1920., † 1978. febr.: pártaktívista. – Vasmunkásként dolgozott a vasútnál, majd pártaktívista (1946–). A Kolozs tartományi pártbizottság titkára, az RKP KB-nak aktivistája, a Ştefan Gheorghiu Akad. Katedrafőnöke és prorektora. <br /><strong>Irod.:</strong> B. C. [Nekrológ] (V. Z., 1978. febr. 18)</br></p>

<p>Erked, 1920., † 1978. febr.: pártaktívista. – Vasmunkásként dolgozott a vasútnál, majd pártaktívista (1946–). A Kolozs tartományi pártbizottság titkára, az RKP KB-nak aktivistája, a Ştefan Gheorghiu Akad. Katedrafőnöke és prorektora. Irod.: B. C. [Nekrológ] (V. Z., 1978. febr. 18)</p>
