{"id":3981,"date":"2025-06-28T16:20:17","date_gmt":"2025-06-28T14:20:17","guid":{"rendered":"https:\/\/uj.adatbank.ro\/lexikon\/termek\/barbu-patriciu-%c2%a7\/"},"modified":"2026-02-17T08:28:54","modified_gmt":"2026-02-17T07:28:54","slug":"barbu-patriciu-%c2%a7","status":"publish","type":"product","link":"https:\/\/uj.adatbank.ro\/lexikon\/termek\/barbu-patriciu-%c2%a7\/","title":{"rendered":"BARBU Patriciu, \u00a7"},"content":{"rendered":"<p>G\u00e1ldt\u0151, 1842. aug. 27., \u2020 Sz\u00e1szr\u00e9gen, 1902. j\u00fan. 5.: jog\u00e1sz, \u00fcgyv\u00e9d, politikus, bank\u00e1r. \u2013 Tanulm\u00e1nyait Gyulafeh\u00e9rv\u00e1ron, Bal\u00e1zsfalv\u00e1n a n\u00e9met jogi akad\u00e9mi\u00e1n \u00e9s Szebenben folytatta (1863\u201367). Hivatalnok volt Nagyenyed, Sz\u00e9kelyudvarhelyen (1868\u201371), a besztercei b\u00edr\u00f3s\u00e1gon, t\u00f6rv\u00e9nysz\u00e9ken (1868\u201375). Megn\u0151s\u00fclt, Sz\u00e1szr\u00e9genben telepedett le (1875) \u00e9s mint \u00fcgyv\u00e9d tev\u00e9kenykedett. Az Astra eln\u00f6ke (1896-ig). A Maros-Torda megye els\u0151 rom\u00e1n hitelint\u00e9zetnek, a Mure\u015fana Banknak alap\u00edt\u00f3ja \u00e9s igazgat\u00f3ja hal\u00e1l\u00e1ig (1885. okt. 29. \u2013 1902). Anyagi t\u00e1mogat\u00e1s\u00e1val \u00fajj\u00e1\u00e9p\u00edtett\u00e9k a sz\u00e1szr\u00e9geni elemi iskol\u00e1t (1885). K\u00fcld\u00f6tt volt azon a konferenci\u00e1n, ahol elhat\u00e1rozt\u00e1k a Rom\u00e1n Nemzeti P\u00e1rt l\u00e9trehoz\u00e1s\u00e1t Erd\u00e9lyben, a B\u00e1ns\u00e1gon \u00e9s Magyaro.-on (1881. m\u00e1j.), a P\u00e1rt K\u00f6zponti Bizotts\u00e1g\u00e1nak (Comitetul Partidului Na\u0163ional Rom\u00e2n) tagja (1890. okt.). A Sz\u00e1szr\u00e9geni Rom\u00e1n \u00c9rtelmis\u00e9giek K\u00f6r\u00e9nek megalap\u00edt\u00f3ja (1899). A rom\u00e1n nemzeti mozgalom jeles k\u00e9pvisel\u0151je, az erd\u00e9lyi rom\u00e1ns\u00e1g \u00fcgy\u00e9nek, jogainak jelent\u0151s oltalmaz\u00f3ja. Cikkei els\u0151sorban a szebeni Observatorulban jelentek meg. Annak a rom\u00e1n deleg\u00e1ci\u00f3nak volt a tagja, akik a rom\u00e1ns\u00e1g k\u00e9relm\u00e9t, a Memorandumot, B\u00e9csben a cs\u00e1sz\u00e1rnak ny\u00fajtotta be (1892. m\u00e1j. 28). A Memorandum perben (1894. m\u00e1j. 7\u201325.) k\u00e9t h\u00f3napra it\u00e9lt\u00e9k el, a v\u00e1ci b\u00f6rt\u00f6nben t\u00f6lt\u00f6tte le b\u00fcntet\u00e9s\u00e9t. A rom\u00e1n templomok auton\u00f3mi\u00e1ja v\u00e9delmez\u0151jek\u00e9nt is megnyilv\u00e1nult, n\u00e9pgy\u0171l\u00e9st szervezett Sz\u00e1szr\u00e9genben (1893. \u00e1pr. 13.). S\u00edreml\u00e9ke a sz\u00e1szr\u00e9geni ortodox temet\u0151ben (1903), \u201eB\u201d kateg\u00f3ri\u00e1j\u00fa m\u0171eml\u00e9k. Tisztelet\u00e9re Sz\u00e1szr\u00e9genben eml\u00e9kt\u00e1bl\u00e1t lepleztek le (1997. okt. 14).<br \/>\n<strong>Irod.:<\/strong> Chiorean 2008; Georgescu, Ioan: Dr. Ioan Ra\u0163iu (Sibiu, 1928); Husar; Ne\u015f, Teodor: Oameni din Bihor (Oradea, 1937); Ploe\u015fteanu, Gr.: Documente referitoare la via\u0163a \u015fi activitatea memorandistului P. B. (Studii \u015fi materiale, 1972, 3\u20134); Predescu; Procesul Memorandumului rom\u00e2nilor din Transilvania (Cluj, 1933\u201334); Profiluri mure\u015fene. 1.; Profiluri reghinene; Regh. Cult. 2.; 3.; Reghin \u015fi \u00eemprejurimi; Reghin, Protopopiat; Todea 2013; Valori mure\u015fene de patrimoniu<\/p>\n","protected":false},"excerpt":{"rendered":"<p>G\u00e1ldt\u0151, 1842. aug. 27., \u2020 Sz\u00e1szr\u00e9gen, 1902. j\u00fan. 5.: jog\u00e1sz, \u00fcgyv\u00e9d, politikus, bank\u00e1r. \u2013 Tanulm\u00e1nyait Gyulafeh\u00e9rv\u00e1ron, Bal\u00e1zsfalv\u00e1n a n\u00e9met jogi akad\u00e9mi\u00e1n \u00e9s Szebenben folytatta (1863\u201367). Hivatalnok volt Nagyenyed, Sz\u00e9kelyudvarhelyen (1868\u201371), a besztercei b\u00edr\u00f3s\u00e1gon, t\u00f6rv\u00e9nysz\u00e9ken (1868\u201375). Megn\u0151s\u00fclt, Sz\u00e1szr\u00e9genben telepedett le (1875) \u00e9s mint \u00fcgyv\u00e9d tev\u00e9kenykedett. Az Astra eln\u00f6ke (1896-ig). A Maros-Torda megye els\u0151 rom\u00e1n hitelint\u00e9zetnek, a [&hellip;]<\/p>\n","protected":false},"featured_media":0,"comment_status":"open","ping_status":"closed","template":"","meta":[],"product_brand":[],"product_cat":[137],"product_tag":[],"class_list":{"0":"post-3981","1":"product","2":"type-product","3":"status-publish","5":"product_cat-maros-megyei-eletrajzi-lexikon","7":"first","8":"instock","9":"shipping-taxable","10":"product-type-simple"},"_links":{"self":[{"href":"https:\/\/uj.adatbank.ro\/lexikon\/wp-json\/wp\/v2\/product\/3981","targetHints":{"allow":["GET"]}}],"collection":[{"href":"https:\/\/uj.adatbank.ro\/lexikon\/wp-json\/wp\/v2\/product"}],"about":[{"href":"https:\/\/uj.adatbank.ro\/lexikon\/wp-json\/wp\/v2\/types\/product"}],"replies":[{"embeddable":true,"href":"https:\/\/uj.adatbank.ro\/lexikon\/wp-json\/wp\/v2\/comments?post=3981"}],"wp:attachment":[{"href":"https:\/\/uj.adatbank.ro\/lexikon\/wp-json\/wp\/v2\/media?parent=3981"}],"wp:term":[{"taxonomy":"product_brand","embeddable":true,"href":"https:\/\/uj.adatbank.ro\/lexikon\/wp-json\/wp\/v2\/product_brand?post=3981"},{"taxonomy":"product_cat","embeddable":true,"href":"https:\/\/uj.adatbank.ro\/lexikon\/wp-json\/wp\/v2\/product_cat?post=3981"},{"taxonomy":"product_tag","embeddable":true,"href":"https:\/\/uj.adatbank.ro\/lexikon\/wp-json\/wp\/v2\/product_tag?post=3981"}],"curies":[{"name":"wp","href":"https:\/\/api.w.org\/{rel}","templated":true}]}}

<p>Gáldtő, 1842. aug. 27., † Szászrégen, 1902. jún. 5.: jogász, ügyvéd, politikus, bankár. – Tanulmányait Gyulafehérváron, Balázsfalván a német jogi akadémián és Szebenben folytatta (1863–67). Hivatalnok volt Nagyenyed, Székelyudvarhelyen (1868–71), a besztercei bíróságon, törvényszéken (1868–75). Megnősült, Szászrégenben telepedett le (1875) és mint ügyvéd tevékenykedett. Az Astra elnöke (1896-ig). A Maros-Torda megye első román hitelintézetnek, a Mureşana Banknak alapítója és igazgatója haláláig (1885. okt. 29. – 1902). Anyagi támogatásával újjáépítették a szászrégeni elemi iskolát (1885). Küldött volt azon a konferencián, ahol elhatározták a Román Nemzeti Párt létrehozását Erdélyben, a Bánságon és Magyaro.-on (1881. máj.), a Párt Központi Bizottságának (Comitetul Partidului Naţional Român) tagja (1890. okt.). A Szászrégeni Román Értelmiségiek Körének megalapítója (1899). A román nemzeti mozgalom jeles képviselője, az erdélyi románság ügyének, jogainak jelentős oltalmazója. Cikkei elsősorban a szebeni Observatorulban jelentek meg. Annak a román delegációnak volt a tagja, akik a románság kérelmét, a Memorandumot, Bécsben a császárnak nyújtotta be (1892. máj. 28). A Memorandum perben (1894. máj. 7–25.) két hónapra itélték el, a váci börtönben töltötte le büntetését. A román templomok autonómiája védelmezőjeként is megnyilvánult, népgyűlést szervezett Szászrégenben (1893. ápr. 13.). Síremléke a szászrégeni ortodox temetőben (1903), „B” kategóriájú műemlék. Tiszteletére Szászrégenben emléktáblát lepleztek le (1997. okt. 14).<br />
<strong>Irod.:</strong> Chiorean 2008; Georgescu, Ioan: Dr. Ioan Raţiu (Sibiu, 1928); Husar; Neş, Teodor: Oameni din Bihor (Oradea, 1937); Ploeşteanu, Gr.: Documente referitoare la viaţa şi activitatea memorandistului P. B. (Studii şi materiale, 1972, 3–4); Predescu; Procesul Memorandumului românilor din Transilvania (Cluj, 1933–34); Profiluri mureşene. 1.; Profiluri reghinene; Regh. Cult. 2.; 3.; Reghin şi împrejurimi; Reghin, Protopopiat; Todea 2013; Valori mureşene de patrimoniu</p>

<p>Gáldtő, 1842. aug. 27., † Szászrégen, 1902. jún. 5.: jogász, ügyvéd, politikus, bankár. – Tanulmányait Gyulafehérváron, Balázsfalván a német jogi akadémián és Szebenben folytatta (1863–67). Hivatalnok volt Nagyenyed, Székelyudvarhelyen (1868–71), a besztercei bíróságon, törvényszéken (1868–75). Megnősült, Szászrégenben telepedett le (1875) és mint ügyvéd tevékenykedett. Az Astra elnöke (1896-ig). A Maros-Torda megye első román hitelintézetnek, a [&hellip;]</p>
