{"id":3982,"date":"2025-06-28T16:20:20","date_gmt":"2025-06-28T14:20:20","guid":{"rendered":"https:\/\/uj.adatbank.ro\/lexikon\/termek\/barbu-romul-zeno-barbu-zeno-%c2%a7\/"},"modified":"2025-06-28T16:20:20","modified_gmt":"2025-06-28T14:20:20","slug":"barbu-romul-zeno-barbu-zeno-%c2%a7","status":"publish","type":"product","link":"https:\/\/uj.adatbank.ro\/lexikon\/termek\/barbu-romul-zeno-barbu-zeno-%c2%a7\/","title":{"rendered":"BARBU Romul-Zeno, Barbu Zeno, \u00a7"},"content":{"rendered":"<p>Tenke, 1915. jan. 1., \u2020 Mv., 1988. \u00e1pr. 3.: orvos, t\u00fcd\u0151gy\u00f3gy\u00e1sz, egyetemi tan\u00e1r. \u2013 A k\u00f6z\u00e9piskol\u00e1t Nagyv\u00e1radon, az egyetemet Kv-on v\u00e9gezte. El\u0151bb az algy\u00f3gyi t\u00fcd\u0151szanat\u00f3rium igazgat\u00f3ja, majd a mv-i OGYI tan\u00e1ra \u00e9s a T\u00fcd\u0151gy\u00f3gy\u00e1szati Klinika vezet\u0151je (1951\u201385), a RTA mv-i fi\u00f3kj\u00e1nak igazgat\u00f3ja, az Akad\u00e9mia levelez\u0151 tagja, doktor doc., \u00e9rdemes orvos. Kutat\u00e1si ter\u00fclete a szilik\u00f3zis \u00e9s a b\u00e1ny\u00e1szok k\u00fcl\u00f6nb\u00f6z\u0151 t\u00fcd\u0151- \u00e9s szakmai betegs\u00e9gei. \u2013 <strong>F. m.:<\/strong> Ftiziologie clinic\u0103 (Buc., 1975.); <strong>t\u00e1rssz.:<\/strong> Ftiziol\u00f3giai jegyzet (Buc., 1952., 1977); Manual de ftiziologie (Buc., 1962); Medicin\u0103 intern\u0103 (Buc., 1963); Ftiziologia (Buc., 1965, 1966, 1969); Cercet\u0103ri medicale (Buc., 1968); Tratat de ftiziologie (Cluj-N., 1977, 1983); Tratat de medicin\u0103 intern\u0103 (Buc., 1983). <br \/><strong>Irod.:<\/strong> Ardelean\u2013Suciu; Bottoni 2008; Genersich; Mv. T\u00f6rt. 2.; [Nekrol\u00f3g] (V. Z., 1988. \u00e1pr. 5.); Barab\u00e1s-P\u00e9ter M.-P\u00e9ter H. M.; Todea\u2013F\u00fcl\u00f6p\u2013Avram<\/br><\/p>\n","protected":false},"excerpt":{"rendered":"<p>Tenke, 1915. jan. 1., \u2020 Mv., 1988. \u00e1pr. 3.: orvos, t\u00fcd\u0151gy\u00f3gy\u00e1sz, egyetemi tan\u00e1r. \u2013 A k\u00f6z\u00e9piskol\u00e1t Nagyv\u00e1radon, az egyetemet Kv-on v\u00e9gezte. El\u0151bb az algy\u00f3gyi t\u00fcd\u0151szanat\u00f3rium igazgat\u00f3ja, majd a mv-i OGYI tan\u00e1ra \u00e9s a T\u00fcd\u0151gy\u00f3gy\u00e1szati Klinika vezet\u0151je (1951\u201385), a RTA mv-i fi\u00f3kj\u00e1nak igazgat\u00f3ja, az Akad\u00e9mia levelez\u0151 tagja, doktor doc., \u00e9rdemes orvos. Kutat\u00e1si ter\u00fclete a szilik\u00f3zis \u00e9s [&hellip;]<\/p>\n","protected":false},"featured_media":0,"comment_status":"open","ping_status":"closed","template":"","meta":[],"product_brand":[],"product_cat":[137],"product_tag":[],"class_list":{"0":"post-3982","1":"product","2":"type-product","3":"status-publish","5":"product_cat-maros-megyei-eletrajzi-lexikon","7":"first","8":"instock","9":"shipping-taxable","10":"product-type-simple"},"_links":{"self":[{"href":"https:\/\/uj.adatbank.ro\/lexikon\/wp-json\/wp\/v2\/product\/3982","targetHints":{"allow":["GET"]}}],"collection":[{"href":"https:\/\/uj.adatbank.ro\/lexikon\/wp-json\/wp\/v2\/product"}],"about":[{"href":"https:\/\/uj.adatbank.ro\/lexikon\/wp-json\/wp\/v2\/types\/product"}],"replies":[{"embeddable":true,"href":"https:\/\/uj.adatbank.ro\/lexikon\/wp-json\/wp\/v2\/comments?post=3982"}],"wp:attachment":[{"href":"https:\/\/uj.adatbank.ro\/lexikon\/wp-json\/wp\/v2\/media?parent=3982"}],"wp:term":[{"taxonomy":"product_brand","embeddable":true,"href":"https:\/\/uj.adatbank.ro\/lexikon\/wp-json\/wp\/v2\/product_brand?post=3982"},{"taxonomy":"product_cat","embeddable":true,"href":"https:\/\/uj.adatbank.ro\/lexikon\/wp-json\/wp\/v2\/product_cat?post=3982"},{"taxonomy":"product_tag","embeddable":true,"href":"https:\/\/uj.adatbank.ro\/lexikon\/wp-json\/wp\/v2\/product_tag?post=3982"}],"curies":[{"name":"wp","href":"https:\/\/api.w.org\/{rel}","templated":true}]}}

<p>Tenke, 1915. jan. 1., † Mv., 1988. ápr. 3.: orvos, tüdőgyógyász, egyetemi tanár. – A középiskolát Nagyváradon, az egyetemet Kv-on végezte. Előbb az algyógyi tüdőszanatórium igazgatója, majd a mv-i OGYI tanára és a Tüdőgyógyászati Klinika vezetője (1951–85), a RTA mv-i fiókjának igazgatója, az Akadémia levelező tagja, doktor doc., érdemes orvos. Kutatási területe a szilikózis és a bányászok különböző tüdő- és szakmai betegségei. – <strong>F. m.:</strong> Ftiziologie clinică (Buc., 1975.); <strong>társsz.:</strong> Ftiziológiai jegyzet (Buc., 1952., 1977); Manual de ftiziologie (Buc., 1962); Medicină internă (Buc., 1963); Ftiziologia (Buc., 1965, 1966, 1969); Cercetări medicale (Buc., 1968); Tratat de ftiziologie (Cluj-N., 1977, 1983); Tratat de medicină internă (Buc., 1983). <br /><strong>Irod.:</strong> Ardelean–Suciu; Bottoni 2008; Genersich; Mv. Tört. 2.; [Nekrológ] (V. Z., 1988. ápr. 5.); Barabás-Péter M.-Péter H. M.; Todea–Fülöp–Avram</br></p>

<p>Tenke, 1915. jan. 1., † Mv., 1988. ápr. 3.: orvos, tüdőgyógyász, egyetemi tanár. – A középiskolát Nagyváradon, az egyetemet Kv-on végezte. Előbb az algyógyi tüdőszanatórium igazgatója, majd a mv-i OGYI tanára és a Tüdőgyógyászati Klinika vezetője (1951–85), a RTA mv-i fiókjának igazgatója, az Akadémia levelező tagja, doktor doc., érdemes orvos. Kutatási területe a szilikózis és [&hellip;]</p>
