{"id":3984,"date":"2025-06-28T16:20:25","date_gmt":"2025-06-28T14:20:25","guid":{"rendered":"https:\/\/uj.adatbank.ro\/lexikon\/termek\/barbu-virgil\/"},"modified":"2025-06-28T16:20:25","modified_gmt":"2025-06-28T14:20:25","slug":"barbu-virgil","status":"publish","type":"product","link":"https:\/\/uj.adatbank.ro\/lexikon\/termek\/barbu-virgil\/","title":{"rendered":"BARBU Virgil"},"content":{"rendered":"<p>G\u00f6rg\u00e9nyoroszfalu, 1907. dec. 1. \u2020 G\u00f6rg\u00e9nyoroszfalu, ? : tan\u00edt\u00f3, f\u00f6ldtulajdonos (7 ha). \u2013 Vasg\u00e1rdista rend\u0151rf\u0151n\u00f6kk\u00e9nt m\u0171k\u0151d\u00f6tt sz\u00fcl\u0151faluj\u00e1ban, de barb\u00e1r magatart\u00e1s\u00e1\u00e9rt t\u00f6rv\u00e9ny el\u00e9 \u00e1ll\u00edtott\u00e1k, \u00e9s kitett\u00e9k \u00e1ll\u00e1s\u00e1b\u00f3l. Ezut\u00e1n tan\u00edt\u00f3 lett uo. A n\u00e9pi demokratikus rendszer elleni tev\u00e9kenys\u00e9g\u00e9\u00e9rt a tan\u00fcgyb\u0151l is elt\u00e1vol\u00edtott\u00e1k (1958\u2013). B\u00fcntet\u00e9sb\u0151l B\u00e9lborba, majd Monorra helyezt\u00e9k. A mez\u0151gazdas\u00e1g szocialista \u00e1talak\u00edt\u00e1sa ellen agit\u00e1lt, a rendszer ellen hangolta a lakoss\u00e1got. Visszahelyezt\u00e9k a sz\u00fcl\u0151faluj\u00e1ba, de rendszerellenes tev\u00e9kenys\u00e9g\u00e9t nem hagyta abba, ism\u00e9t letart\u00f3ztatt\u00e1k (1959. okt. 1. \u2013). <br \/><strong>Irod.:<\/strong> \u00c1ldozatok<\/br><\/p>\n","protected":false},"excerpt":{"rendered":"<p>G\u00f6rg\u00e9nyoroszfalu, 1907. dec. 1. \u2020 G\u00f6rg\u00e9nyoroszfalu, ? : tan\u00edt\u00f3, f\u00f6ldtulajdonos (7 ha). \u2013 Vasg\u00e1rdista rend\u0151rf\u0151n\u00f6kk\u00e9nt m\u0171k\u0151d\u00f6tt sz\u00fcl\u0151faluj\u00e1ban, de barb\u00e1r magatart\u00e1s\u00e1\u00e9rt t\u00f6rv\u00e9ny el\u00e9 \u00e1ll\u00edtott\u00e1k, \u00e9s kitett\u00e9k \u00e1ll\u00e1s\u00e1b\u00f3l. Ezut\u00e1n tan\u00edt\u00f3 lett uo. A n\u00e9pi demokratikus rendszer elleni tev\u00e9kenys\u00e9g\u00e9\u00e9rt a tan\u00fcgyb\u0151l is elt\u00e1vol\u00edtott\u00e1k (1958\u2013). B\u00fcntet\u00e9sb\u0151l B\u00e9lborba, majd Monorra helyezt\u00e9k. A mez\u0151gazdas\u00e1g szocialista \u00e1talak\u00edt\u00e1sa ellen agit\u00e1lt, a rendszer ellen [&hellip;]<\/p>\n","protected":false},"featured_media":0,"comment_status":"open","ping_status":"closed","template":"","meta":[],"product_brand":[],"product_cat":[137],"product_tag":[],"class_list":{"0":"post-3984","1":"product","2":"type-product","3":"status-publish","5":"product_cat-maros-megyei-eletrajzi-lexikon","7":"first","8":"instock","9":"shipping-taxable","10":"product-type-simple"},"_links":{"self":[{"href":"https:\/\/uj.adatbank.ro\/lexikon\/wp-json\/wp\/v2\/product\/3984","targetHints":{"allow":["GET"]}}],"collection":[{"href":"https:\/\/uj.adatbank.ro\/lexikon\/wp-json\/wp\/v2\/product"}],"about":[{"href":"https:\/\/uj.adatbank.ro\/lexikon\/wp-json\/wp\/v2\/types\/product"}],"replies":[{"embeddable":true,"href":"https:\/\/uj.adatbank.ro\/lexikon\/wp-json\/wp\/v2\/comments?post=3984"}],"wp:attachment":[{"href":"https:\/\/uj.adatbank.ro\/lexikon\/wp-json\/wp\/v2\/media?parent=3984"}],"wp:term":[{"taxonomy":"product_brand","embeddable":true,"href":"https:\/\/uj.adatbank.ro\/lexikon\/wp-json\/wp\/v2\/product_brand?post=3984"},{"taxonomy":"product_cat","embeddable":true,"href":"https:\/\/uj.adatbank.ro\/lexikon\/wp-json\/wp\/v2\/product_cat?post=3984"},{"taxonomy":"product_tag","embeddable":true,"href":"https:\/\/uj.adatbank.ro\/lexikon\/wp-json\/wp\/v2\/product_tag?post=3984"}],"curies":[{"name":"wp","href":"https:\/\/api.w.org\/{rel}","templated":true}]}}

<p>Görgényoroszfalu, 1907. dec. 1. † Görgényoroszfalu, ? : tanító, földtulajdonos (7 ha). – Vasgárdista rendőrfőnökként műkődött szülőfalujában, de barbár magatartásáért törvény elé állították, és kitették állásából. Ezután tanító lett uo. A népi demokratikus rendszer elleni tevékenységéért a tanügyből is eltávolították (1958–). Büntetésből Bélborba, majd Monorra helyezték. A mezőgazdaság szocialista átalakítása ellen agitált, a rendszer ellen hangolta a lakosságot. Visszahelyezték a szülőfalujába, de rendszerellenes tevékenységét nem hagyta abba, ismét letartóztatták (1959. okt. 1. –). <br /><strong>Irod.:</strong> Áldozatok</br></p>

<p>Görgényoroszfalu, 1907. dec. 1. † Görgényoroszfalu, ? : tanító, földtulajdonos (7 ha). – Vasgárdista rendőrfőnökként műkődött szülőfalujában, de barbár magatartásáért törvény elé állították, és kitették állásából. Ezután tanító lett uo. A népi demokratikus rendszer elleni tevékenységéért a tanügyből is eltávolították (1958–). Büntetésből Bélborba, majd Monorra helyezték. A mezőgazdaság szocialista átalakítása ellen agitált, a rendszer ellen [&hellip;]</p>
