{"id":3987,"date":"2025-06-28T16:20:33","date_gmt":"2025-06-28T14:20:33","guid":{"rendered":"https:\/\/uj.adatbank.ro\/lexikon\/termek\/barbulescu-ilarion\/"},"modified":"2025-06-28T16:20:33","modified_gmt":"2025-06-28T14:20:33","slug":"barbulescu-ilarion","status":"publish","type":"product","link":"https:\/\/uj.adatbank.ro\/lexikon\/termek\/barbulescu-ilarion\/","title":{"rendered":"B\u0102RBULESCU Ilarion"},"content":{"rendered":"<p>? \u2020 ?: g. kat. pap. \u2013 Mez\u0151pagocsa egyik tany\u00e1j\u00e1n (V\u0103leni) szolg\u00e1lt (1954\u201377). Megnagy\u00edttatta a templomot (amit helyi mesterek \u00e9p\u00edtettek, 1931), Vladislav Bottal kifesttette, a falakra ikonokat festetett. K\u00e9s\u0151bb restaur\u00e1ltatta, \u00e9s m\u0171eml\u00e9kk\u00e9 ny\u00edlv\u00e1n\u00edtott\u00e1k (1965\u2013). <br \/><strong>Irod.:<\/strong> \u015eincan 2006<\/br><\/p>\n","protected":false},"excerpt":{"rendered":"<p>? \u2020 ?: g. kat. pap. \u2013 Mez\u0151pagocsa egyik tany\u00e1j\u00e1n (V\u0103leni) szolg\u00e1lt (1954\u201377). Megnagy\u00edttatta a templomot (amit helyi mesterek \u00e9p\u00edtettek, 1931), Vladislav Bottal kifesttette, a falakra ikonokat festetett. K\u00e9s\u0151bb restaur\u00e1ltatta, \u00e9s m\u0171eml\u00e9kk\u00e9 ny\u00edlv\u00e1n\u00edtott\u00e1k (1965\u2013). Irod.: \u015eincan 2006<\/p>\n","protected":false},"featured_media":0,"comment_status":"open","ping_status":"closed","template":"","meta":[],"product_brand":[],"product_cat":[137],"product_tag":[],"class_list":{"0":"post-3987","1":"product","2":"type-product","3":"status-publish","5":"product_cat-maros-megyei-eletrajzi-lexikon","7":"first","8":"instock","9":"shipping-taxable","10":"product-type-simple"},"_links":{"self":[{"href":"https:\/\/uj.adatbank.ro\/lexikon\/wp-json\/wp\/v2\/product\/3987","targetHints":{"allow":["GET"]}}],"collection":[{"href":"https:\/\/uj.adatbank.ro\/lexikon\/wp-json\/wp\/v2\/product"}],"about":[{"href":"https:\/\/uj.adatbank.ro\/lexikon\/wp-json\/wp\/v2\/types\/product"}],"replies":[{"embeddable":true,"href":"https:\/\/uj.adatbank.ro\/lexikon\/wp-json\/wp\/v2\/comments?post=3987"}],"wp:attachment":[{"href":"https:\/\/uj.adatbank.ro\/lexikon\/wp-json\/wp\/v2\/media?parent=3987"}],"wp:term":[{"taxonomy":"product_brand","embeddable":true,"href":"https:\/\/uj.adatbank.ro\/lexikon\/wp-json\/wp\/v2\/product_brand?post=3987"},{"taxonomy":"product_cat","embeddable":true,"href":"https:\/\/uj.adatbank.ro\/lexikon\/wp-json\/wp\/v2\/product_cat?post=3987"},{"taxonomy":"product_tag","embeddable":true,"href":"https:\/\/uj.adatbank.ro\/lexikon\/wp-json\/wp\/v2\/product_tag?post=3987"}],"curies":[{"name":"wp","href":"https:\/\/api.w.org\/{rel}","templated":true}]}}