{"id":3995,"date":"2025-06-28T16:21:02","date_gmt":"2025-06-28T14:21:02","guid":{"rendered":"https:\/\/uj.adatbank.ro\/lexikon\/termek\/barcsai-gaspar-2\/"},"modified":"2025-06-28T16:21:02","modified_gmt":"2025-06-28T14:21:02","slug":"barcsai-gaspar-2","status":"publish","type":"product","link":"https:\/\/uj.adatbank.ro\/lexikon\/termek\/barcsai-gaspar-2\/","title":{"rendered":"BARCSAI G\u00e1sp\u00e1r"},"content":{"rendered":"<p>? \u2020 \u00d6rm\u00e9nyes, 1660. nov. 25., : gener\u00e1lis. \u2013 B. S\u00e1ndor \u00e9s Palatics Anna fia. B. \u00c1kos fejedelem \u00f6ccse. \u2013 B\u00e1tyj\u00e1t a t\u00f6r\u00f6k\u00f6k t\u00e1borukba tartott\u00e1k, az orsz\u00e1g gener\u00e1lisa \u00e9s helytart\u00f3ja. Mv.-en tart\u00f3zkodott (1660. j\u00fan. \u2013j\u00fal.) \u00e9s teroriz\u00e1lta a v\u00e1rost, elfogta a volt R\u00e1k\u00f3czi-p\u00e1rtiakat \u00e9s bez\u00e1ratta, a fejedelem bizalmasait kiv\u00e9geztette, a v\u00e1rost b\u00e1tyja h\u0171s\u00e9g\u00e9re eskette. Kem\u00e9ny J\u00e1nos emberei \u00f6rm\u00e9nyesi h\u00e1z\u00e1ban meggyilkolt\u00e1k. <br \/><strong>Irod.:<\/strong> Benk\u0151 K.: Mv.; Kraus: Erd\u00e9lyi kr\u00f3nika; Marossz\u00e9ki kr\u00f3nik\u00e1k 1.<\/br><\/p>\n","protected":false},"excerpt":{"rendered":"<p>? \u2020 \u00d6rm\u00e9nyes, 1660. nov. 25., : gener\u00e1lis. \u2013 B. S\u00e1ndor \u00e9s Palatics Anna fia. B. \u00c1kos fejedelem \u00f6ccse. \u2013 B\u00e1tyj\u00e1t a t\u00f6r\u00f6k\u00f6k t\u00e1borukba tartott\u00e1k, az orsz\u00e1g gener\u00e1lisa \u00e9s helytart\u00f3ja. Mv.-en tart\u00f3zkodott (1660. j\u00fan. \u2013j\u00fal.) \u00e9s teroriz\u00e1lta a v\u00e1rost, elfogta a volt R\u00e1k\u00f3czi-p\u00e1rtiakat \u00e9s bez\u00e1ratta, a fejedelem bizalmasait kiv\u00e9geztette, a v\u00e1rost b\u00e1tyja h\u0171s\u00e9g\u00e9re eskette. Kem\u00e9ny [&hellip;]<\/p>\n","protected":false},"featured_media":0,"comment_status":"open","ping_status":"closed","template":"","meta":[],"product_brand":[],"product_cat":[137],"product_tag":[],"class_list":{"0":"post-3995","1":"product","2":"type-product","3":"status-publish","5":"product_cat-maros-megyei-eletrajzi-lexikon","7":"first","8":"instock","9":"shipping-taxable","10":"product-type-simple"},"_links":{"self":[{"href":"https:\/\/uj.adatbank.ro\/lexikon\/wp-json\/wp\/v2\/product\/3995","targetHints":{"allow":["GET"]}}],"collection":[{"href":"https:\/\/uj.adatbank.ro\/lexikon\/wp-json\/wp\/v2\/product"}],"about":[{"href":"https:\/\/uj.adatbank.ro\/lexikon\/wp-json\/wp\/v2\/types\/product"}],"replies":[{"embeddable":true,"href":"https:\/\/uj.adatbank.ro\/lexikon\/wp-json\/wp\/v2\/comments?post=3995"}],"wp:attachment":[{"href":"https:\/\/uj.adatbank.ro\/lexikon\/wp-json\/wp\/v2\/media?parent=3995"}],"wp:term":[{"taxonomy":"product_brand","embeddable":true,"href":"https:\/\/uj.adatbank.ro\/lexikon\/wp-json\/wp\/v2\/product_brand?post=3995"},{"taxonomy":"product_cat","embeddable":true,"href":"https:\/\/uj.adatbank.ro\/lexikon\/wp-json\/wp\/v2\/product_cat?post=3995"},{"taxonomy":"product_tag","embeddable":true,"href":"https:\/\/uj.adatbank.ro\/lexikon\/wp-json\/wp\/v2\/product_tag?post=3995"}],"curies":[{"name":"wp","href":"https:\/\/api.w.org\/{rel}","templated":true}]}}

BARCSAI Gáspár

<p>? † Örményes, 1660. nov. 25., : generális. – B. Sándor és Palatics Anna fia. B. Ákos fejedelem öccse. – Bátyját a törökök táborukba tartották, az ország generálisa és helytartója. Mv.-en tartózkodott (1660. jún. –júl.) és terorizálta a várost, elfogta a volt Rákóczi-pártiakat és bezáratta, a fejedelem bizalmasait kivégeztette, a várost bátyja hűségére eskette. Kemény János emberei örményesi házában meggyilkolták. <br /><strong>Irod.:</strong> Benkő K.: Mv.; Kraus: Erdélyi krónika; Marosszéki krónikák 1.</br></p>

<p>? † Örményes, 1660. nov. 25., : generális. – B. Sándor és Palatics Anna fia. B. Ákos fejedelem öccse. – Bátyját a törökök táborukba tartották, az ország generálisa és helytartója. Mv.-en tartózkodott (1660. jún. –júl.) és terorizálta a várost, elfogta a volt Rákóczi-pártiakat és bezáratta, a fejedelem bizalmasait kivégeztette, a várost bátyja hűségére eskette. Kemény [&hellip;]</p>
