{"id":3997,"date":"2025-06-28T16:21:08","date_gmt":"2025-06-28T14:21:08","guid":{"rendered":"https:\/\/uj.adatbank.ro\/lexikon\/termek\/barcsai-laszlo\/"},"modified":"2025-06-28T16:21:08","modified_gmt":"2025-06-28T14:21:08","slug":"barcsai-laszlo","status":"publish","type":"product","link":"https:\/\/uj.adatbank.ro\/lexikon\/termek\/barcsai-laszlo\/","title":{"rendered":"BARCSAI L\u00e1szl\u00f3"},"content":{"rendered":"<p>? \u2020\u00a0? : f\u00f6ldes\u00far. \u2013 Feles\u00e9ge Kereszt\u00fari Borb\u00e1ra. \u2013 N\u00e1zn\u00e1nfalv\u00e1n volt a b\u00edrtoka. Lehet\u0151v\u00e9 tette a zsid\u00f3k leteleped\u00e9s\u00e9t a faluban, akik az \u0151 taks\u00e1s h\u00e1zaiban laktak (18. sz.). Gyulafeh\u00e9rv\u00e1r ut\u00e1n itt alakult ki a m\u00e1sodik legnagyobb zsid\u00f3 k\u00f6z\u00f6ss\u00e9g Erd\u00e9lyben. A templomot \u00e9p\u00edtettek (1747), kib\u0151v\u00edtett\u00e9k (1785), lebontott\u00e1k (1940), darabjai a bp.-i zsid\u00f3 m\u00fazeumba ker\u00fcltek. <br \/><strong>Irod.:<\/strong> Ga\u00e1l Gy\u00f6rgy: Az izraelit\u00e1k Erd\u00e9lyben = Ga\u00e1l Gy\u00f6rgy. Kolozsv\u00e1r vonz\u00e1s\u00e1ban (Cs\u00edkszereda, 2005); Sebesty\u00e9n Mih\u00e1ly: N\u00e1zn\u00e1nfalva-Mv. (N\u00fa., 1998. jan. 8.); <br \/><strong>Irod.:<\/strong> Mv.-i \u00f6rm\u00e9nyek<\/br><\/p>\n","protected":false},"excerpt":{"rendered":"<p>? \u2020\u00a0? : f\u00f6ldes\u00far. \u2013 Feles\u00e9ge Kereszt\u00fari Borb\u00e1ra. \u2013 N\u00e1zn\u00e1nfalv\u00e1n volt a b\u00edrtoka. Lehet\u0151v\u00e9 tette a zsid\u00f3k leteleped\u00e9s\u00e9t a faluban, akik az \u0151 taks\u00e1s h\u00e1zaiban laktak (18. sz.). Gyulafeh\u00e9rv\u00e1r ut\u00e1n itt alakult ki a m\u00e1sodik legnagyobb zsid\u00f3 k\u00f6z\u00f6ss\u00e9g Erd\u00e9lyben. A templomot \u00e9p\u00edtettek (1747), kib\u0151v\u00edtett\u00e9k (1785), lebontott\u00e1k (1940), darabjai a bp.-i zsid\u00f3 m\u00fazeumba ker\u00fcltek. Irod.: Ga\u00e1l [&hellip;]<\/p>\n","protected":false},"featured_media":0,"comment_status":"open","ping_status":"closed","template":"","meta":[],"product_brand":[],"product_cat":[137],"product_tag":[],"class_list":{"0":"post-3997","1":"product","2":"type-product","3":"status-publish","5":"product_cat-maros-megyei-eletrajzi-lexikon","7":"first","8":"instock","9":"shipping-taxable","10":"product-type-simple"},"_links":{"self":[{"href":"https:\/\/uj.adatbank.ro\/lexikon\/wp-json\/wp\/v2\/product\/3997","targetHints":{"allow":["GET"]}}],"collection":[{"href":"https:\/\/uj.adatbank.ro\/lexikon\/wp-json\/wp\/v2\/product"}],"about":[{"href":"https:\/\/uj.adatbank.ro\/lexikon\/wp-json\/wp\/v2\/types\/product"}],"replies":[{"embeddable":true,"href":"https:\/\/uj.adatbank.ro\/lexikon\/wp-json\/wp\/v2\/comments?post=3997"}],"wp:attachment":[{"href":"https:\/\/uj.adatbank.ro\/lexikon\/wp-json\/wp\/v2\/media?parent=3997"}],"wp:term":[{"taxonomy":"product_brand","embeddable":true,"href":"https:\/\/uj.adatbank.ro\/lexikon\/wp-json\/wp\/v2\/product_brand?post=3997"},{"taxonomy":"product_cat","embeddable":true,"href":"https:\/\/uj.adatbank.ro\/lexikon\/wp-json\/wp\/v2\/product_cat?post=3997"},{"taxonomy":"product_tag","embeddable":true,"href":"https:\/\/uj.adatbank.ro\/lexikon\/wp-json\/wp\/v2\/product_tag?post=3997"}],"curies":[{"name":"wp","href":"https:\/\/api.w.org\/{rel}","templated":true}]}}

BARCSAI László

<p>? † ? : földesúr. – Felesége Keresztúri Borbára. – Náznánfalván volt a bírtoka. Lehetővé tette a zsidók letelepedését a faluban, akik az ő taksás házaiban laktak (18. sz.). Gyulafehérvár után itt alakult ki a második legnagyobb zsidó közösség Erdélyben. A templomot építettek (1747), kibővítették (1785), lebontották (1940), darabjai a bp.-i zsidó múzeumba kerültek. <br /><strong>Irod.:</strong> Gaál György: Az izraeliták Erdélyben = Gaál György. Kolozsvár vonzásában (Csíkszereda, 2005); Sebestyén Mihály: Náznánfalva-Mv. (Nú., 1998. jan. 8.); <br /><strong>Irod.:</strong> Mv.-i örmények</br></p>

<p>? † ? : földesúr. – Felesége Keresztúri Borbára. – Náznánfalván volt a bírtoka. Lehetővé tette a zsidók letelepedését a faluban, akik az ő taksás házaiban laktak (18. sz.). Gyulafehérvár után itt alakult ki a második legnagyobb zsidó közösség Erdélyben. A templomot építettek (1747), kibővítették (1785), lebontották (1940), darabjai a bp.-i zsidó múzeumba kerültek. Irod.: Gaál [&hellip;]</p>
