{"id":4001,"date":"2025-06-28T16:21:24","date_gmt":"2025-06-28T14:21:24","guid":{"rendered":"https:\/\/uj.adatbank.ro\/lexikon\/termek\/barcsay-roza-nagybarcsai-bartsai-roza-bornemisza-jozsefne\/"},"modified":"2025-06-28T16:21:24","modified_gmt":"2025-06-28T14:21:24","slug":"barcsay-roza-nagybarcsai-bartsai-roza-bornemisza-jozsefne","status":"publish","type":"product","link":"https:\/\/uj.adatbank.ro\/lexikon\/termek\/barcsay-roza-nagybarcsai-bartsai-roza-bornemisza-jozsefne\/","title":{"rendered":"BARCSAY R\u00f3za, nagybarcsai Bartsai R\u00f3za, Bornemisza J\u00f3zsefn\u00e9"},"content":{"rendered":"<p>1765., \u2020\u00a0Mv., 1817. jan. 16.: f\u00f6ldbirtokos. \u2013 B. P\u00e1l (\u2020 Abaf\u00e1ja, 1799. aug, 5.) \u00e9s br. K\u00e9m\u00e9ndi V\u00e1rady Katalin le\u00e1nya. F\u00e9rjhez ment Bornemisza J\u00f3zsefhez (1787). <br \/><strong>Irod.:<\/strong> Gudenus; Lev\u00e9lt\u00e1ri gy\u00e1szj.<\/br><\/p>\n","protected":false},"excerpt":{"rendered":"<p>1765., \u2020\u00a0Mv., 1817. jan. 16.: f\u00f6ldbirtokos. \u2013 B. P\u00e1l (\u2020 Abaf\u00e1ja, 1799. aug, 5.) \u00e9s br. K\u00e9m\u00e9ndi V\u00e1rady Katalin le\u00e1nya. F\u00e9rjhez ment Bornemisza J\u00f3zsefhez (1787). Irod.: Gudenus; Lev\u00e9lt\u00e1ri gy\u00e1szj.<\/p>\n","protected":false},"featured_media":0,"comment_status":"open","ping_status":"closed","template":"","meta":[],"product_brand":[],"product_cat":[137],"product_tag":[],"class_list":{"0":"post-4001","1":"product","2":"type-product","3":"status-publish","5":"product_cat-maros-megyei-eletrajzi-lexikon","7":"first","8":"instock","9":"shipping-taxable","10":"product-type-simple"},"_links":{"self":[{"href":"https:\/\/uj.adatbank.ro\/lexikon\/wp-json\/wp\/v2\/product\/4001","targetHints":{"allow":["GET"]}}],"collection":[{"href":"https:\/\/uj.adatbank.ro\/lexikon\/wp-json\/wp\/v2\/product"}],"about":[{"href":"https:\/\/uj.adatbank.ro\/lexikon\/wp-json\/wp\/v2\/types\/product"}],"replies":[{"embeddable":true,"href":"https:\/\/uj.adatbank.ro\/lexikon\/wp-json\/wp\/v2\/comments?post=4001"}],"wp:attachment":[{"href":"https:\/\/uj.adatbank.ro\/lexikon\/wp-json\/wp\/v2\/media?parent=4001"}],"wp:term":[{"taxonomy":"product_brand","embeddable":true,"href":"https:\/\/uj.adatbank.ro\/lexikon\/wp-json\/wp\/v2\/product_brand?post=4001"},{"taxonomy":"product_cat","embeddable":true,"href":"https:\/\/uj.adatbank.ro\/lexikon\/wp-json\/wp\/v2\/product_cat?post=4001"},{"taxonomy":"product_tag","embeddable":true,"href":"https:\/\/uj.adatbank.ro\/lexikon\/wp-json\/wp\/v2\/product_tag?post=4001"}],"curies":[{"name":"wp","href":"https:\/\/api.w.org\/{rel}","templated":true}]}}