{"id":4003,"date":"2025-06-28T16:21:29","date_gmt":"2025-06-28T14:21:29","guid":{"rendered":"https:\/\/uj.adatbank.ro\/lexikon\/termek\/barczi-viktor\/"},"modified":"2025-06-28T16:21:29","modified_gmt":"2025-06-28T14:21:29","slug":"barczi-viktor","status":"publish","type":"product","link":"https:\/\/uj.adatbank.ro\/lexikon\/termek\/barczi-viktor\/","title":{"rendered":"B\u00c1RCZI Viktor"},"content":{"rendered":"<p>Mv., 1924. m\u00e1j. 10. \u2020 ? : asztalosseg\u00e9d, igazgat\u00f3. \u2013 Asztalosseg\u00e9dk\u00e9nt dolgozott a mv-i Elek J\u00e1nos B\u00fatorgy\u00e1rban (1941\u2013), j\u00f3 szakember \u00e9s k\u00f6zkedvelt volt a munk\u00e1sok k\u00f6r\u00e9ben. A RMP tagja (1945\u2013). Az Elek J\u00e1nos B\u00fatorgy\u00e1r \u00e1llamos\u00edt\u00e1sakor kinevezt\u00e9k a gy\u00e1r igazgat\u00f3j\u00e1nak (1948. j\u00fan. 11.). <br \/><strong>Irod.:<\/strong> Bartos Zolt\u00e1n<\/br><\/p>\n","protected":false},"excerpt":{"rendered":"<p>Mv., 1924. m\u00e1j. 10. \u2020 ? : asztalosseg\u00e9d, igazgat\u00f3. \u2013 Asztalosseg\u00e9dk\u00e9nt dolgozott a mv-i Elek J\u00e1nos B\u00fatorgy\u00e1rban (1941\u2013), j\u00f3 szakember \u00e9s k\u00f6zkedvelt volt a munk\u00e1sok k\u00f6r\u00e9ben. A RMP tagja (1945\u2013). Az Elek J\u00e1nos B\u00fatorgy\u00e1r \u00e1llamos\u00edt\u00e1sakor kinevezt\u00e9k a gy\u00e1r igazgat\u00f3j\u00e1nak (1948. j\u00fan. 11.). Irod.: Bartos Zolt\u00e1n<\/p>\n","protected":false},"featured_media":0,"comment_status":"open","ping_status":"closed","template":"","meta":[],"product_brand":[],"product_cat":[137],"product_tag":[],"class_list":{"0":"post-4003","1":"product","2":"type-product","3":"status-publish","5":"product_cat-maros-megyei-eletrajzi-lexikon","7":"first","8":"instock","9":"shipping-taxable","10":"product-type-simple"},"_links":{"self":[{"href":"https:\/\/uj.adatbank.ro\/lexikon\/wp-json\/wp\/v2\/product\/4003","targetHints":{"allow":["GET"]}}],"collection":[{"href":"https:\/\/uj.adatbank.ro\/lexikon\/wp-json\/wp\/v2\/product"}],"about":[{"href":"https:\/\/uj.adatbank.ro\/lexikon\/wp-json\/wp\/v2\/types\/product"}],"replies":[{"embeddable":true,"href":"https:\/\/uj.adatbank.ro\/lexikon\/wp-json\/wp\/v2\/comments?post=4003"}],"wp:attachment":[{"href":"https:\/\/uj.adatbank.ro\/lexikon\/wp-json\/wp\/v2\/media?parent=4003"}],"wp:term":[{"taxonomy":"product_brand","embeddable":true,"href":"https:\/\/uj.adatbank.ro\/lexikon\/wp-json\/wp\/v2\/product_brand?post=4003"},{"taxonomy":"product_cat","embeddable":true,"href":"https:\/\/uj.adatbank.ro\/lexikon\/wp-json\/wp\/v2\/product_cat?post=4003"},{"taxonomy":"product_tag","embeddable":true,"href":"https:\/\/uj.adatbank.ro\/lexikon\/wp-json\/wp\/v2\/product_tag?post=4003"}],"curies":[{"name":"wp","href":"https:\/\/api.w.org\/{rel}","templated":true}]}}