{"id":4005,"date":"2025-06-28T16:21:34","date_gmt":"2025-06-28T14:21:34","guid":{"rendered":"https:\/\/uj.adatbank.ro\/lexikon\/termek\/bardasan-carol-%c2%a7-bardosan-karoly\/"},"modified":"2025-06-28T16:21:34","modified_gmt":"2025-06-28T14:21:34","slug":"bardasan-carol-%c2%a7-bardosan-karoly","status":"publish","type":"product","link":"https:\/\/uj.adatbank.ro\/lexikon\/termek\/bardasan-carol-%c2%a7-bardosan-karoly\/","title":{"rendered":"B\u0102RD\u0102\u015eAN Carol, \u00a7 Bardos\u00e1n K\u00e1roly"},"content":{"rendered":"<p>Remeteszeg, 1907. m\u00e1rc. 10., \u2020 Marosszentkir\u00e1ly, 1977. jan. 24.: ort. pap. \u2013 Elemi iskol\u00e1it Remeteszegen, l\u00edc.-ot Mv.-en a Papiu Ilarian L\u00edc.-ban, teol\u00f3gi\u00e1t Szebenben v\u00e9gzett (1933). Marosszentkir\u00e1lyon szentelt\u00e9k papp\u00e1, ahol megszak\u00edt\u00e1sokkal hal\u00e1l\u00e1ig szolg\u00e1lt (1933\u201377). Marosszentgy\u00f6rgy\u00f6n is beszolg\u00e1lt (1943. szept.- 44), Mv.-en a Nagy Katedr\u00e1lisban esperes (1940\u201344). A Muresul N\u00e9pbank eln\u00f6ke, a mv.-i g. kel. esperess\u00e9g gondnoka. Tev\u00e9kenys\u00e9g\u00e9t figyelte a securitate (1956). M\u00e9g szolg\u00e1lt Mez\u0151szabadban, Harc\u00f3n, Mez\u0151k\u00f6vesden, Mez\u0151majoson \u00e9s Mez\u0151szengyelben, Malomfalv\u00e1n (1962\u201365). Marosszentkir\u00e1lyon renov\u00e1ltatta \u00e9s g\u00e1zf\u0171t\u00e9st vezettetett be a templomba \u00e9s a par\u00f3ki\u00e1ra. A templom udvar\u00e1n H\u0151s\u00f6k Eml\u00e9km\u0171vet \u00e1ll\u00edttatott fel. \u00c9rdemeit a Piros der\u00e9k\u00f6vvel \u201eBr\u00e2ul Ro\u015fu\u201d \u00e9s az \u201eIconom Stavrofor\u201d c\u00edmmel jutalmazt\u00e1k. <br \/><strong>Irod.:<\/strong> Bartos 2012; Id\u0151t\u00e1r 3; S\u00e2ngeorgiu de Mure\u015f. Biserica; 2006; Sz\u00e9kelyf\u00f6ld \u00ed. k.; \u015eincan\u2013B\u0103ciu\u0163 2006<\/br><\/p>\n","protected":false},"excerpt":{"rendered":"<p>Remeteszeg, 1907. m\u00e1rc. 10., \u2020 Marosszentkir\u00e1ly, 1977. jan. 24.: ort. pap. \u2013 Elemi iskol\u00e1it Remeteszegen, l\u00edc.-ot Mv.-en a Papiu Ilarian L\u00edc.-ban, teol\u00f3gi\u00e1t Szebenben v\u00e9gzett (1933). Marosszentkir\u00e1lyon szentelt\u00e9k papp\u00e1, ahol megszak\u00edt\u00e1sokkal hal\u00e1l\u00e1ig szolg\u00e1lt (1933\u201377). Marosszentgy\u00f6rgy\u00f6n is beszolg\u00e1lt (1943. szept.- 44), Mv.-en a Nagy Katedr\u00e1lisban esperes (1940\u201344). A Muresul N\u00e9pbank eln\u00f6ke, a mv.-i g. kel. esperess\u00e9g gondnoka. [&hellip;]<\/p>\n","protected":false},"featured_media":0,"comment_status":"open","ping_status":"closed","template":"","meta":[],"product_brand":[],"product_cat":[137],"product_tag":[],"class_list":{"0":"post-4005","1":"product","2":"type-product","3":"status-publish","5":"product_cat-maros-megyei-eletrajzi-lexikon","7":"first","8":"instock","9":"shipping-taxable","10":"product-type-simple"},"_links":{"self":[{"href":"https:\/\/uj.adatbank.ro\/lexikon\/wp-json\/wp\/v2\/product\/4005","targetHints":{"allow":["GET"]}}],"collection":[{"href":"https:\/\/uj.adatbank.ro\/lexikon\/wp-json\/wp\/v2\/product"}],"about":[{"href":"https:\/\/uj.adatbank.ro\/lexikon\/wp-json\/wp\/v2\/types\/product"}],"replies":[{"embeddable":true,"href":"https:\/\/uj.adatbank.ro\/lexikon\/wp-json\/wp\/v2\/comments?post=4005"}],"wp:attachment":[{"href":"https:\/\/uj.adatbank.ro\/lexikon\/wp-json\/wp\/v2\/media?parent=4005"}],"wp:term":[{"taxonomy":"product_brand","embeddable":true,"href":"https:\/\/uj.adatbank.ro\/lexikon\/wp-json\/wp\/v2\/product_brand?post=4005"},{"taxonomy":"product_cat","embeddable":true,"href":"https:\/\/uj.adatbank.ro\/lexikon\/wp-json\/wp\/v2\/product_cat?post=4005"},{"taxonomy":"product_tag","embeddable":true,"href":"https:\/\/uj.adatbank.ro\/lexikon\/wp-json\/wp\/v2\/product_tag?post=4005"}],"curies":[{"name":"wp","href":"https:\/\/api.w.org\/{rel}","templated":true}]}}

BĂRDĂŞAN Carol, § Bardosán Károly

<p>Remeteszeg, 1907. márc. 10., † Marosszentkirály, 1977. jan. 24.: ort. pap. – Elemi iskoláit Remeteszegen, líc.-ot Mv.-en a Papiu Ilarian Líc.-ban, teológiát Szebenben végzett (1933). Marosszentkirályon szentelték pappá, ahol megszakításokkal haláláig szolgált (1933–77). Marosszentgyörgyön is beszolgált (1943. szept.- 44), Mv.-en a Nagy Katedrálisban esperes (1940–44). A Muresul Népbank elnöke, a mv.-i g. kel. esperesség gondnoka. Tevékenységét figyelte a securitate (1956). Még szolgált Mezőszabadban, Harcón, Mezőkövesden, Mezőmajoson és Mezőszengyelben, Malomfalván (1962–65). Marosszentkirályon renováltatta és gázfűtést vezettetett be a templomba és a parókiára. A templom udvarán Hősök Emlékművet állíttatott fel. Érdemeit a Piros derékövvel „Brâul Roşu” és az „Iconom Stavrofor” címmel jutalmazták. <br /><strong>Irod.:</strong> Bartos 2012; Időtár 3; Sângeorgiu de Mureş. Biserica; 2006; Székelyföld í. k.; Şincan–Băciuţ 2006</br></p>

<p>Remeteszeg, 1907. márc. 10., † Marosszentkirály, 1977. jan. 24.: ort. pap. – Elemi iskoláit Remeteszegen, líc.-ot Mv.-en a Papiu Ilarian Líc.-ban, teológiát Szebenben végzett (1933). Marosszentkirályon szentelték pappá, ahol megszakításokkal haláláig szolgált (1933–77). Marosszentgyörgyön is beszolgált (1943. szept.- 44), Mv.-en a Nagy Katedrálisban esperes (1940–44). A Muresul Népbank elnöke, a mv.-i g. kel. esperesség gondnoka. [&hellip;]</p>
