{"id":4006,"date":"2025-06-28T16:21:37","date_gmt":"2025-06-28T14:21:37","guid":{"rendered":"https:\/\/uj.adatbank.ro\/lexikon\/termek\/bardocz-denes\/"},"modified":"2025-06-28T16:21:37","modified_gmt":"2025-06-28T14:21:37","slug":"bardocz-denes","status":"publish","type":"product","link":"https:\/\/uj.adatbank.ro\/lexikon\/termek\/bardocz-denes\/","title":{"rendered":"BARD\u00d3CZ D\u00e9nes"},"content":{"rendered":"<p>K\u00e9zdisz\u00e1szfalu, 1828. jan. 12., \u2020 Szov\u00e1ta, 1904. febr. 18.: r. k. pap. \u2013 K\u00f6z\u00e9piskol\u00e1t Kant\u00e1n, Kv.-on v\u00e9gzett, teol\u00f3giai tanulm\u00e1nyokat Gyulafeh\u00e9rv\u00e1ron \u00e9s papp\u00e1 szentelt\u00e9k (1852. j\u00fal. 20.). K\u00e1pl\u00e1n volt Mv.-en (1852\u2013), Kapnikb\u00e1ny\u00e1n (1855). Lelkip\u00e1sztor Szentiv\u00e1nlaborfalv\u00e1n (1856), Szov\u00e1t\u00e1n (1859\u201370), Sz\u00e9kelyhodoson (1870\u201373), Kaj\u00e1nt\u00f3n (1877\u2013). Gimn.-i tan\u00e1r \u00e9s r\u00e9gens Sz\u00e9kelyudvarhelyen (1877\u2013). Nyugd\u00edjask\u00e9nt Szov\u00e1t\u00e1n \u00e9lt (1893\u20131904). <br \/><strong>Irod.:<\/strong> Ferenczi S\u00e1ndor 2009<\/br><\/p>\n","protected":false},"excerpt":{"rendered":"<p>K\u00e9zdisz\u00e1szfalu, 1828. jan. 12., \u2020 Szov\u00e1ta, 1904. febr. 18.: r. k. pap. \u2013 K\u00f6z\u00e9piskol\u00e1t Kant\u00e1n, Kv.-on v\u00e9gzett, teol\u00f3giai tanulm\u00e1nyokat Gyulafeh\u00e9rv\u00e1ron \u00e9s papp\u00e1 szentelt\u00e9k (1852. j\u00fal. 20.). K\u00e1pl\u00e1n volt Mv.-en (1852\u2013), Kapnikb\u00e1ny\u00e1n (1855). Lelkip\u00e1sztor Szentiv\u00e1nlaborfalv\u00e1n (1856), Szov\u00e1t\u00e1n (1859\u201370), Sz\u00e9kelyhodoson (1870\u201373), Kaj\u00e1nt\u00f3n (1877\u2013). Gimn.-i tan\u00e1r \u00e9s r\u00e9gens Sz\u00e9kelyudvarhelyen (1877\u2013). Nyugd\u00edjask\u00e9nt Szov\u00e1t\u00e1n \u00e9lt (1893\u20131904). Irod.: Ferenczi S\u00e1ndor 2009<\/p>\n","protected":false},"featured_media":0,"comment_status":"open","ping_status":"closed","template":"","meta":[],"product_brand":[],"product_cat":[137],"product_tag":[],"class_list":{"0":"post-4006","1":"product","2":"type-product","3":"status-publish","5":"product_cat-maros-megyei-eletrajzi-lexikon","7":"first","8":"instock","9":"shipping-taxable","10":"product-type-simple"},"_links":{"self":[{"href":"https:\/\/uj.adatbank.ro\/lexikon\/wp-json\/wp\/v2\/product\/4006","targetHints":{"allow":["GET"]}}],"collection":[{"href":"https:\/\/uj.adatbank.ro\/lexikon\/wp-json\/wp\/v2\/product"}],"about":[{"href":"https:\/\/uj.adatbank.ro\/lexikon\/wp-json\/wp\/v2\/types\/product"}],"replies":[{"embeddable":true,"href":"https:\/\/uj.adatbank.ro\/lexikon\/wp-json\/wp\/v2\/comments?post=4006"}],"wp:attachment":[{"href":"https:\/\/uj.adatbank.ro\/lexikon\/wp-json\/wp\/v2\/media?parent=4006"}],"wp:term":[{"taxonomy":"product_brand","embeddable":true,"href":"https:\/\/uj.adatbank.ro\/lexikon\/wp-json\/wp\/v2\/product_brand?post=4006"},{"taxonomy":"product_cat","embeddable":true,"href":"https:\/\/uj.adatbank.ro\/lexikon\/wp-json\/wp\/v2\/product_cat?post=4006"},{"taxonomy":"product_tag","embeddable":true,"href":"https:\/\/uj.adatbank.ro\/lexikon\/wp-json\/wp\/v2\/product_tag?post=4006"}],"curies":[{"name":"wp","href":"https:\/\/api.w.org\/{rel}","templated":true}]}}

BARDÓCZ Dénes

<p>Kézdiszászfalu, 1828. jan. 12., † Szováta, 1904. febr. 18.: r. k. pap. – Középiskolát Kantán, Kv.-on végzett, teológiai tanulmányokat Gyulafehérváron és pappá szentelték (1852. júl. 20.). Káplán volt Mv.-en (1852–), Kapnikbányán (1855). Lelkipásztor Szentivánlaborfalván (1856), Szovátán (1859–70), Székelyhodoson (1870–73), Kajántón (1877–). Gimn.-i tanár és régens Székelyudvarhelyen (1877–). Nyugdíjasként Szovátán élt (1893–1904). <br /><strong>Irod.:</strong> Ferenczi Sándor 2009</br></p>

<p>Kézdiszászfalu, 1828. jan. 12., † Szováta, 1904. febr. 18.: r. k. pap. – Középiskolát Kantán, Kv.-on végzett, teológiai tanulmányokat Gyulafehérváron és pappá szentelték (1852. júl. 20.). Káplán volt Mv.-en (1852–), Kapnikbányán (1855). Lelkipásztor Szentivánlaborfalván (1856), Szovátán (1859–70), Székelyhodoson (1870–73), Kajántón (1877–). Gimn.-i tanár és régens Székelyudvarhelyen (1877–). Nyugdíjasként Szovátán élt (1893–1904). Irod.: Ferenczi Sándor 2009</p>
