{"id":4008,"date":"2025-06-28T16:21:45","date_gmt":"2025-06-28T14:21:45","guid":{"rendered":"https:\/\/uj.adatbank.ro\/lexikon\/termek\/bardocz-janos\/"},"modified":"2025-06-28T16:21:45","modified_gmt":"2025-06-28T14:21:45","slug":"bardocz-janos","status":"publish","type":"product","link":"https:\/\/uj.adatbank.ro\/lexikon\/termek\/bardocz-janos\/","title":{"rendered":"BARD\u00d3CZ J\u00e1nos"},"content":{"rendered":"<p>Sepsiszentgy\u00f6rgy, 1821. j\u00fan. 21. \u2020 1872. szept. 13.: r. k. paptan\u00e1r. \u2013 B\u00e9csben v\u00e9gzett teol\u00f3g.-i tanulm\u00e1nyokat a P\u00e1zm\u00e1neumban. Papp\u00e1 szentelt\u00e9k (1844. szept. 22). K\u00e1pl\u00e1n \u00e9s tan\u00e1r volt Gyergy\u00f3szentmikl\u00f3son, Kv.-on \u00e9s Gyulafeh\u00e9rv\u00e1ron (1847\u2013), ahonnan forradalmi, n\u00e9psz\u00f3noki besz\u00e9dei miatt kitiltott\u00e1k. Mv.-re helyezt\u00e9k (1848. okt.). Mv.-en a R.-K. Tanod\u00e1ban tan\u00edtott. A feh\u00e9rv\u00e1ri v\u00e1rparancsnok maga el\u00e9 rendelte, mert pr\u00e9dik\u00e1ci\u00f3j\u00e1ban a h\u00edveket a fejedelem elleni h\u0171tlens\u00e9gre buzd\u00edtotta a sz\u00e9kesegyh\u00e1zban (1848. okt. 8.). T\u00e1bori lelk\u00e9szk\u00e9nt f\u0151hadnagyi rangban szolg\u00e1lta a szabads\u00e1gharc \u00fcgy\u00e9t. V\u00e1ndorsz\u00f3nokk\u00e9nt lelkes\u00edt\u0151 besz\u00e9deket tartott Mv.-en, Kv.-on, Nagyv\u00e1radon. A cs\u00e1sz\u00e1ri csapatok el\u0151l menek\u00fclve Debrecenbe \u00e9rkezett honnan visszat\u00e9r Erd\u00e9lybe (1849 febr.), \u00e9s feltehet\u0151en ezt megel\u0151z\u0151en hangzott el \u201epolg\u00e1ri sz\u00f3zata\u201d, amelyben Windischgr\u00e4tz Lajosnak, a puszt\u00edt\u00e1sait ecsetelte, mindenkit fegyverbe sz\u00f3l\u00edtott a bet\u00f6r\u0151 ellens\u00e9ggel szemben. Mint n\u00e9psz\u00f3nok, Kossuth felt\u00e9tlen h\u00edve volt, t\u00e1mogatta a tr\u00f3nfoszt\u00e1st \u00e9s az orsz\u00e1g f\u00fcggetlens\u00e9gi harc\u00e1t. A forradalom lever\u00e9s\u00e9t k\u00f6vet\u0151en a Mv.-en tartott besz\u00e9d\u00e9\u00e9rt feljelentett\u00e9k (1849. m\u00e1rc 31). A k\u00f6vetkezm\u00e9nyekt\u0151l f\u00e9lve Moldv\u00e1ba emigr\u00e1lt. R\u00e9szt vett a Makk-f\u00e9le \u00f6sszeesk\u00fcv\u00e9sben. Az osztr\u00e1kok elfogt\u00e1k \u00e9s Mv.-re hurcolt\u00e1k, megsz\u00f6k\u00f6tt \u00e9s \u00fajra emigr\u00e1lt, majd hazat\u00e9rt (1868). <br \/><strong>Irod.:<\/strong> Ferenczi S\u00e1ndor 2009; Internet; P\u00e1l-Antal \u2013 Szab\u00f3. 2; Maros megyei m. t\u00f6rt. 5.; Tam\u00e1si Zsolt: A marosi r\u00f3mai katolikus esperesi ker\u00fclet helyzete 1848\/49-ben = P\u00e1l-Antal\u2013Simon<\/br><\/p>\n","protected":false},"excerpt":{"rendered":"<p>Sepsiszentgy\u00f6rgy, 1821. j\u00fan. 21. \u2020 1872. szept. 13.: r. k. paptan\u00e1r. \u2013 B\u00e9csben v\u00e9gzett teol\u00f3g.-i tanulm\u00e1nyokat a P\u00e1zm\u00e1neumban. Papp\u00e1 szentelt\u00e9k (1844. szept. 22). K\u00e1pl\u00e1n \u00e9s tan\u00e1r volt Gyergy\u00f3szentmikl\u00f3son, Kv.-on \u00e9s Gyulafeh\u00e9rv\u00e1ron (1847\u2013), ahonnan forradalmi, n\u00e9psz\u00f3noki besz\u00e9dei miatt kitiltott\u00e1k. Mv.-re helyezt\u00e9k (1848. okt.). Mv.-en a R.-K. Tanod\u00e1ban tan\u00edtott. A feh\u00e9rv\u00e1ri v\u00e1rparancsnok maga el\u00e9 rendelte, mert pr\u00e9dik\u00e1ci\u00f3j\u00e1ban [&hellip;]<\/p>\n","protected":false},"featured_media":0,"comment_status":"open","ping_status":"closed","template":"","meta":[],"product_brand":[],"product_cat":[137],"product_tag":[],"class_list":{"0":"post-4008","1":"product","2":"type-product","3":"status-publish","5":"product_cat-maros-megyei-eletrajzi-lexikon","7":"first","8":"instock","9":"shipping-taxable","10":"product-type-simple"},"_links":{"self":[{"href":"https:\/\/uj.adatbank.ro\/lexikon\/wp-json\/wp\/v2\/product\/4008","targetHints":{"allow":["GET"]}}],"collection":[{"href":"https:\/\/uj.adatbank.ro\/lexikon\/wp-json\/wp\/v2\/product"}],"about":[{"href":"https:\/\/uj.adatbank.ro\/lexikon\/wp-json\/wp\/v2\/types\/product"}],"replies":[{"embeddable":true,"href":"https:\/\/uj.adatbank.ro\/lexikon\/wp-json\/wp\/v2\/comments?post=4008"}],"wp:attachment":[{"href":"https:\/\/uj.adatbank.ro\/lexikon\/wp-json\/wp\/v2\/media?parent=4008"}],"wp:term":[{"taxonomy":"product_brand","embeddable":true,"href":"https:\/\/uj.adatbank.ro\/lexikon\/wp-json\/wp\/v2\/product_brand?post=4008"},{"taxonomy":"product_cat","embeddable":true,"href":"https:\/\/uj.adatbank.ro\/lexikon\/wp-json\/wp\/v2\/product_cat?post=4008"},{"taxonomy":"product_tag","embeddable":true,"href":"https:\/\/uj.adatbank.ro\/lexikon\/wp-json\/wp\/v2\/product_tag?post=4008"}],"curies":[{"name":"wp","href":"https:\/\/api.w.org\/{rel}","templated":true}]}}

BARDÓCZ János

<p>Sepsiszentgyörgy, 1821. jún. 21. † 1872. szept. 13.: r. k. paptanár. – Bécsben végzett teológ.-i tanulmányokat a Pázmáneumban. Pappá szentelték (1844. szept. 22). Káplán és tanár volt Gyergyószentmiklóson, Kv.-on és Gyulafehérváron (1847–), ahonnan forradalmi, népszónoki beszédei miatt kitiltották. Mv.-re helyezték (1848. okt.). Mv.-en a R.-K. Tanodában tanított. A fehérvári várparancsnok maga elé rendelte, mert prédikációjában a híveket a fejedelem elleni hűtlenségre buzdította a székesegyházban (1848. okt. 8.). Tábori lelkészként főhadnagyi rangban szolgálta a szabadságharc ügyét. Vándorszónokként lelkesítő beszédeket tartott Mv.-en, Kv.-on, Nagyváradon. A császári csapatok elől menekülve Debrecenbe érkezett honnan visszatér Erdélybe (1849 febr.), és feltehetően ezt megelőzően hangzott el „polgári szózata”, amelyben Windischgrätz Lajosnak, a pusztításait ecsetelte, mindenkit fegyverbe szólított a betörő ellenséggel szemben. Mint népszónok, Kossuth feltétlen híve volt, támogatta a trónfosztást és az ország függetlenségi harcát. A forradalom leverését követően a Mv.-en tartott beszédéért feljelentették (1849. márc 31). A következményektől félve Moldvába emigrált. Részt vett a Makk-féle összeesküvésben. Az osztrákok elfogták és Mv.-re hurcolták, megszökött és újra emigrált, majd hazatért (1868). <br /><strong>Irod.:</strong> Ferenczi Sándor 2009; Internet; Pál-Antal – Szabó. 2; Maros megyei m. tört. 5.; Tamási Zsolt: A marosi római katolikus esperesi kerület helyzete 1848/49-ben = Pál-Antal–Simon</br></p>

<p>Sepsiszentgyörgy, 1821. jún. 21. † 1872. szept. 13.: r. k. paptanár. – Bécsben végzett teológ.-i tanulmányokat a Pázmáneumban. Pappá szentelték (1844. szept. 22). Káplán és tanár volt Gyergyószentmiklóson, Kv.-on és Gyulafehérváron (1847–), ahonnan forradalmi, népszónoki beszédei miatt kitiltották. Mv.-re helyezték (1848. okt.). Mv.-en a R.-K. Tanodában tanított. A fehérvári várparancsnok maga elé rendelte, mert prédikációjában [&hellip;]</p>
