{"id":4010,"date":"2025-06-28T16:21:53","date_gmt":"2025-06-28T14:21:53","guid":{"rendered":"https:\/\/uj.adatbank.ro\/lexikon\/termek\/bardocz-mozes\/"},"modified":"2025-06-28T16:21:53","modified_gmt":"2025-06-28T14:21:53","slug":"bardocz-mozes","status":"publish","type":"product","link":"https:\/\/uj.adatbank.ro\/lexikon\/termek\/bardocz-mozes\/","title":{"rendered":"BARD\u00d3CZ M\u00f3zes"},"content":{"rendered":"<p>Fut\u00e1sfalva, 1907. j\u00fal. 29., \u2020\u00a0F\u00f6ldv\u00e1r, 1945. febr. 19\u00a0: r. k. pap, m\u00e1rtir. \u2013 Elemi iskol\u00e1t sz\u00fcl\u0151faluj\u00e1ban, gimn.-ot K\u00e9zdiv\u00e1s\u00e1rhelyen v\u00e9gzett. Teol\u00f3giai tanulm\u00e1nyait Gyulafeh\u00e9rv\u00e1ron v\u00e9gezte, papp\u00e1 szentelt\u00e9k (1932. j\u00fan. 12). Csikszentdomokoson kezdte p\u00e1lyafut\u00e1s\u00e1t, k\u00e1pl\u00e1n volt K\u00e1poln\u00e1sfaluban, Bar\u00f3ton. Mez\u0151s\u00e1msond pl\u00e9b\u00e1nosa lett (1936\u2013). Ott \u00e9nekkart sz\u00ednj\u00e1tsz\u00f3k\u00f6rt szervezett A Hangya \u00fcgyvezet\u0151je volt. Leventeparancsnokk\u00e9nt is m\u0171k\u00f6d\u00f6tt. Gy\u0171jt\u0151t\u00e1borba hurcolt\u00e1k (1944), F\u00f6ldv\u00e1ron a fogolyt\u00e1borban halt meg. Eml\u00e9k\u00e9re a kiterjedt rokons\u00e1g Fut\u00e1sfalv\u00e1n eml\u00e9kk\u00f6vet \u00e1ll\u00edttatott (1956). <br \/><strong>Irod.:<\/strong> Ferenczi S\u00e1ndor 2009; Internet; Sz\u00e9kelyf\u00f6ld \u00ed. k.<\/br><\/p>\n","protected":false},"excerpt":{"rendered":"<p>Fut\u00e1sfalva, 1907. j\u00fal. 29., \u2020\u00a0F\u00f6ldv\u00e1r, 1945. febr. 19\u00a0: r. k. pap, m\u00e1rtir. \u2013 Elemi iskol\u00e1t sz\u00fcl\u0151faluj\u00e1ban, gimn.-ot K\u00e9zdiv\u00e1s\u00e1rhelyen v\u00e9gzett. Teol\u00f3giai tanulm\u00e1nyait Gyulafeh\u00e9rv\u00e1ron v\u00e9gezte, papp\u00e1 szentelt\u00e9k (1932. j\u00fan. 12). Csikszentdomokoson kezdte p\u00e1lyafut\u00e1s\u00e1t, k\u00e1pl\u00e1n volt K\u00e1poln\u00e1sfaluban, Bar\u00f3ton. Mez\u0151s\u00e1msond pl\u00e9b\u00e1nosa lett (1936\u2013). Ott \u00e9nekkart sz\u00ednj\u00e1tsz\u00f3k\u00f6rt szervezett A Hangya \u00fcgyvezet\u0151je volt. Leventeparancsnokk\u00e9nt is m\u0171k\u00f6d\u00f6tt. Gy\u0171jt\u0151t\u00e1borba hurcolt\u00e1k (1944), F\u00f6ldv\u00e1ron a [&hellip;]<\/p>\n","protected":false},"featured_media":0,"comment_status":"open","ping_status":"closed","template":"","meta":[],"product_brand":[],"product_cat":[137],"product_tag":[],"class_list":{"0":"post-4010","1":"product","2":"type-product","3":"status-publish","5":"product_cat-maros-megyei-eletrajzi-lexikon","7":"first","8":"instock","9":"shipping-taxable","10":"product-type-simple"},"_links":{"self":[{"href":"https:\/\/uj.adatbank.ro\/lexikon\/wp-json\/wp\/v2\/product\/4010","targetHints":{"allow":["GET"]}}],"collection":[{"href":"https:\/\/uj.adatbank.ro\/lexikon\/wp-json\/wp\/v2\/product"}],"about":[{"href":"https:\/\/uj.adatbank.ro\/lexikon\/wp-json\/wp\/v2\/types\/product"}],"replies":[{"embeddable":true,"href":"https:\/\/uj.adatbank.ro\/lexikon\/wp-json\/wp\/v2\/comments?post=4010"}],"wp:attachment":[{"href":"https:\/\/uj.adatbank.ro\/lexikon\/wp-json\/wp\/v2\/media?parent=4010"}],"wp:term":[{"taxonomy":"product_brand","embeddable":true,"href":"https:\/\/uj.adatbank.ro\/lexikon\/wp-json\/wp\/v2\/product_brand?post=4010"},{"taxonomy":"product_cat","embeddable":true,"href":"https:\/\/uj.adatbank.ro\/lexikon\/wp-json\/wp\/v2\/product_cat?post=4010"},{"taxonomy":"product_tag","embeddable":true,"href":"https:\/\/uj.adatbank.ro\/lexikon\/wp-json\/wp\/v2\/product_tag?post=4010"}],"curies":[{"name":"wp","href":"https:\/\/api.w.org\/{rel}","templated":true}]}}