{"id":4029,"date":"2025-06-28T16:22:56","date_gmt":"2025-06-28T14:22:56","guid":{"rendered":"https:\/\/uj.adatbank.ro\/lexikon\/termek\/baritz-ferenc\/"},"modified":"2025-06-28T16:22:56","modified_gmt":"2025-06-28T14:22:56","slug":"baritz-ferenc","status":"publish","type":"product","link":"https:\/\/uj.adatbank.ro\/lexikon\/termek\/baritz-ferenc\/","title":{"rendered":"BARITZ Ferenc"},"content":{"rendered":"<p>? \u2020\u00a0? : \u00edrnok, esk\u00fcdt.- A Mv.-i esk\u00fcdt k\u00f6z\u00f6ns\u00e9g tagja (1761), \u00edrnok (1760). <br \/><strong>Irod.:<\/strong> Benk\u0151 K.: Mv.; P\u00e1l-Antal 2006<\/br><\/p>\n","protected":false},"excerpt":{"rendered":"<p>? \u2020\u00a0? : \u00edrnok, esk\u00fcdt.- A Mv.-i esk\u00fcdt k\u00f6z\u00f6ns\u00e9g tagja (1761), \u00edrnok (1760). Irod.: Benk\u0151 K.: Mv.; P\u00e1l-Antal 2006<\/p>\n","protected":false},"featured_media":0,"comment_status":"open","ping_status":"closed","template":"","meta":[],"product_brand":[],"product_cat":[137],"product_tag":[],"class_list":{"0":"post-4029","1":"product","2":"type-product","3":"status-publish","5":"product_cat-maros-megyei-eletrajzi-lexikon","7":"first","8":"instock","9":"shipping-taxable","10":"product-type-simple"},"_links":{"self":[{"href":"https:\/\/uj.adatbank.ro\/lexikon\/wp-json\/wp\/v2\/product\/4029","targetHints":{"allow":["GET"]}}],"collection":[{"href":"https:\/\/uj.adatbank.ro\/lexikon\/wp-json\/wp\/v2\/product"}],"about":[{"href":"https:\/\/uj.adatbank.ro\/lexikon\/wp-json\/wp\/v2\/types\/product"}],"replies":[{"embeddable":true,"href":"https:\/\/uj.adatbank.ro\/lexikon\/wp-json\/wp\/v2\/comments?post=4029"}],"wp:attachment":[{"href":"https:\/\/uj.adatbank.ro\/lexikon\/wp-json\/wp\/v2\/media?parent=4029"}],"wp:term":[{"taxonomy":"product_brand","embeddable":true,"href":"https:\/\/uj.adatbank.ro\/lexikon\/wp-json\/wp\/v2\/product_brand?post=4029"},{"taxonomy":"product_cat","embeddable":true,"href":"https:\/\/uj.adatbank.ro\/lexikon\/wp-json\/wp\/v2\/product_cat?post=4029"},{"taxonomy":"product_tag","embeddable":true,"href":"https:\/\/uj.adatbank.ro\/lexikon\/wp-json\/wp\/v2\/product_tag?post=4029"}],"curies":[{"name":"wp","href":"https:\/\/api.w.org\/{rel}","templated":true}]}}