{"id":4030,"date":"2025-06-28T16:22:59","date_gmt":"2025-06-28T14:22:59","guid":{"rendered":"https:\/\/uj.adatbank.ro\/lexikon\/termek\/barkany-zoltan-barkanyi-zoltan\/"},"modified":"2025-06-28T16:22:59","modified_gmt":"2025-06-28T14:22:59","slug":"barkany-zoltan-barkanyi-zoltan","status":"publish","type":"product","link":"https:\/\/uj.adatbank.ro\/lexikon\/termek\/barkany-zoltan-barkanyi-zoltan\/","title":{"rendered":"B\u00c1RK\u00c1NY Zolt\u00e1n, B\u00e1rk\u00e1nyi Zolt\u00e1n"},"content":{"rendered":"<p>Szeged, 1911. nov. 13., \u2020\u00a0?: sz\u00e1zados, dr. f\u0151hadnagy. \u2013 A Ludovika Akad. tiszti tanfolyam\u00e1t v\u00e9gezte (1941. jan. 1.-okt. 1.), majd Munk\u00e1csban teljes\u00edtett szolg\u00e1latot. A mv.-i 27. t\u00e1bori t\u0171z\u00e9roszt\u00e1lyn\u00e1lt volt \u00fctegparancsnok (1942. febr. 1. \u2013 1943. okt. 1.). A 27. sz\u00e9kely honv\u00e9d gyalog ezrednek \u00e9s a 27 sz\u00e9kely t\u00fcz\u00e9roszt\u00e1lynak \u00fcteg parancsnokak\u00e9nt r\u00e9szt vett a doni hadm\u0171veletekben (1943. okt. 1. \u2013 1944. aug. 1.). Sz\u00e1zados (1944. j\u00fal. 1. \u2013). Megsebes\u00fclt, M\u00fcnchenbe sz\u00e1ll\u00edtott\u00e1k, ahol sebes\u00fcltk\u00e9nt hadifogs\u00e1gba esett (1945. m\u00e1j. 1. \u2013 1946. jan. 16.) hazat\u00e9rt. <br \/><strong>Irod.:<\/strong> Berekm\u00e9ri 2015; Berekm\u00e9ri: mv.-i 27. hadoszt\u00e1ly; Eml\u00e9kk\u00f6nyv a Don-kanyari \u00e1ldozatok\u00e9rt<\/br><\/p>\n","protected":false},"excerpt":{"rendered":"<p>Szeged, 1911. nov. 13., \u2020\u00a0?: sz\u00e1zados, dr. f\u0151hadnagy. \u2013 A Ludovika Akad. tiszti tanfolyam\u00e1t v\u00e9gezte (1941. jan. 1.-okt. 1.), majd Munk\u00e1csban teljes\u00edtett szolg\u00e1latot. A mv.-i 27. t\u00e1bori t\u0171z\u00e9roszt\u00e1lyn\u00e1lt volt \u00fctegparancsnok (1942. febr. 1. \u2013 1943. okt. 1.). A 27. sz\u00e9kely honv\u00e9d gyalog ezrednek \u00e9s a 27 sz\u00e9kely t\u00fcz\u00e9roszt\u00e1lynak \u00fcteg parancsnokak\u00e9nt r\u00e9szt vett a doni hadm\u0171veletekben [&hellip;]<\/p>\n","protected":false},"featured_media":0,"comment_status":"open","ping_status":"closed","template":"","meta":[],"product_brand":[],"product_cat":[137],"product_tag":[],"class_list":{"0":"post-4030","1":"product","2":"type-product","3":"status-publish","5":"product_cat-maros-megyei-eletrajzi-lexikon","7":"first","8":"instock","9":"shipping-taxable","10":"product-type-simple"},"_links":{"self":[{"href":"https:\/\/uj.adatbank.ro\/lexikon\/wp-json\/wp\/v2\/product\/4030","targetHints":{"allow":["GET"]}}],"collection":[{"href":"https:\/\/uj.adatbank.ro\/lexikon\/wp-json\/wp\/v2\/product"}],"about":[{"href":"https:\/\/uj.adatbank.ro\/lexikon\/wp-json\/wp\/v2\/types\/product"}],"replies":[{"embeddable":true,"href":"https:\/\/uj.adatbank.ro\/lexikon\/wp-json\/wp\/v2\/comments?post=4030"}],"wp:attachment":[{"href":"https:\/\/uj.adatbank.ro\/lexikon\/wp-json\/wp\/v2\/media?parent=4030"}],"wp:term":[{"taxonomy":"product_brand","embeddable":true,"href":"https:\/\/uj.adatbank.ro\/lexikon\/wp-json\/wp\/v2\/product_brand?post=4030"},{"taxonomy":"product_cat","embeddable":true,"href":"https:\/\/uj.adatbank.ro\/lexikon\/wp-json\/wp\/v2\/product_cat?post=4030"},{"taxonomy":"product_tag","embeddable":true,"href":"https:\/\/uj.adatbank.ro\/lexikon\/wp-json\/wp\/v2\/product_tag?post=4030"}],"curies":[{"name":"wp","href":"https:\/\/api.w.org\/{rel}","templated":true}]}}