{"id":4034,"date":"2025-06-28T16:23:13","date_gmt":"2025-06-28T14:23:13","guid":{"rendered":"https:\/\/uj.adatbank.ro\/lexikon\/termek\/barlabas-maria-etedi\/"},"modified":"2025-06-28T16:23:13","modified_gmt":"2025-06-28T14:23:13","slug":"barlabas-maria-etedi","status":"publish","type":"product","link":"https:\/\/uj.adatbank.ro\/lexikon\/termek\/barlabas-maria-etedi\/","title":{"rendered":"BARLAB\u00c1S M\u00e1ria, et\u00e9di"},"content":{"rendered":"<p>Nagyenyed, ? \u2020\u00a0? : tan\u00edt\u00f3n\u0151. \u2013 A tan\u00edt\u00f3k\u00e9pz\u0151t Nagyv\u00e1radon v\u00e9gezte, oklevelet szerzet (1915). Dedr\u00e1dsz\u00e9plakon kezdte el tan\u00edt\u00f3i m\u0171k\u00f6d\u00e9s\u00e9t, majd Kib\u00e9dre ker\u00fclt (1940\u2013). <br \/><strong>Irod.:<\/strong> Sz\u00e9kelyf\u00f6ld \u00ed. k.<\/br><\/p>\n","protected":false},"excerpt":{"rendered":"<p>Nagyenyed, ? \u2020\u00a0? : tan\u00edt\u00f3n\u0151. \u2013 A tan\u00edt\u00f3k\u00e9pz\u0151t Nagyv\u00e1radon v\u00e9gezte, oklevelet szerzet (1915). Dedr\u00e1dsz\u00e9plakon kezdte el tan\u00edt\u00f3i m\u0171k\u00f6d\u00e9s\u00e9t, majd Kib\u00e9dre ker\u00fclt (1940\u2013). Irod.: Sz\u00e9kelyf\u00f6ld \u00ed. k.<\/p>\n","protected":false},"featured_media":0,"comment_status":"open","ping_status":"closed","template":"","meta":[],"product_brand":[],"product_cat":[137],"product_tag":[],"class_list":{"0":"post-4034","1":"product","2":"type-product","3":"status-publish","5":"product_cat-maros-megyei-eletrajzi-lexikon","7":"first","8":"instock","9":"shipping-taxable","10":"product-type-simple"},"_links":{"self":[{"href":"https:\/\/uj.adatbank.ro\/lexikon\/wp-json\/wp\/v2\/product\/4034","targetHints":{"allow":["GET"]}}],"collection":[{"href":"https:\/\/uj.adatbank.ro\/lexikon\/wp-json\/wp\/v2\/product"}],"about":[{"href":"https:\/\/uj.adatbank.ro\/lexikon\/wp-json\/wp\/v2\/types\/product"}],"replies":[{"embeddable":true,"href":"https:\/\/uj.adatbank.ro\/lexikon\/wp-json\/wp\/v2\/comments?post=4034"}],"wp:attachment":[{"href":"https:\/\/uj.adatbank.ro\/lexikon\/wp-json\/wp\/v2\/media?parent=4034"}],"wp:term":[{"taxonomy":"product_brand","embeddable":true,"href":"https:\/\/uj.adatbank.ro\/lexikon\/wp-json\/wp\/v2\/product_brand?post=4034"},{"taxonomy":"product_cat","embeddable":true,"href":"https:\/\/uj.adatbank.ro\/lexikon\/wp-json\/wp\/v2\/product_cat?post=4034"},{"taxonomy":"product_tag","embeddable":true,"href":"https:\/\/uj.adatbank.ro\/lexikon\/wp-json\/wp\/v2\/product_tag?post=4034"}],"curies":[{"name":"wp","href":"https:\/\/api.w.org\/{rel}","templated":true}]}}