{"id":4036,"date":"2025-06-28T16:23:19","date_gmt":"2025-06-28T14:23:19","guid":{"rendered":"https:\/\/uj.adatbank.ro\/lexikon\/termek\/barlabasi-lenard-csesztvei-hederfajai-makfalvi-barlabassy-lenard-hederfaji-lenart-barlabasi-leonard-hederfaji-barlabasi-lenart-leonhardus-barrabassy-barlabasy-barlabassius\/"},"modified":"2025-06-28T16:23:19","modified_gmt":"2025-06-28T14:23:19","slug":"barlabasi-lenard-csesztvei-hederfajai-makfalvi-barlabassy-lenard-hederfaji-lenart-barlabasi-leonard-hederfaji-barlabasi-lenart-leonhardus-barrabassy-barlabasy-barlabassius","status":"publish","type":"product","link":"https:\/\/uj.adatbank.ro\/lexikon\/termek\/barlabasi-lenard-csesztvei-hederfajai-makfalvi-barlabassy-lenard-hederfaji-lenart-barlabasi-leonard-hederfaji-barlabasi-lenart-leonhardus-barrabassy-barlabasy-barlabassius\/","title":{"rendered":"BARLAB\u00c1SI L\u00e9n\u00e1rd, csesztvei, h\u00e9derf\u00e1jai, makfalvi, Barlab\u00e1ssy L\u00e9n\u00e1rd, H\u00e9derf\u00e1ji L\u00e9n\u00e1rt, Barlab\u00e1si Leon\u00e1rd, h\u00e9derf\u00e1ji, Barlab\u00e1si L\u00e9n\u00e1rt, Leonhardus, Barrabassy, Barlabasy, Barlabassius"},"content":{"rendered":"<p>Csesztve, 1452., \u2020\u00a0H\u00e9derf\u00e1ja, 1525. jan.: erd\u00e9lyi alvajda, a sz\u00e9kelyek alisp\u00e1nja, patronus, templom\u00e9p\u00edt\u0151. A mv.-i V\u00e1rtemplomban nyugszik. \u2013 Apja B. J\u00e1nos, gyulafeh\u00e9rv\u00e1ri v\u00e1rnagy (1436\u20131509). Testv\u00e9rei: J\u00e1nos (1451\u20131512); Mih\u00e1ly (1454\u20131517). Feles\u00e9ge: 1. Bog\u00e1thy Margit, 2. Ger\u00e9b Magdolna. \u2013 Gazdag, el\u0151kel\u0151 sz\u00e9kely csal\u00e1d sarja, bizony\u00e1ra a priorok rendj\u00e9b\u0151l. Jogi tud\u00e1sa, latin nyelvismerete alapj\u00e1n felt\u00e9telezhet\u0151, hogy fels\u0151fok\u00fa iskol\u00e1kat v\u00e9gzett. B\u00e1thori Istv\u00e1n erd\u00e9lyi vajda familiarisa (1493). II. Ul\u00e1szl\u00f3 Mo. \u00e9s Cseho. kir\u00e1lya, nevezte ki Erd\u00e9ly alvajd\u00e1j\u00e1nak (1501\u20131525) \u00e9s a sz\u00e9kelyek isp\u00e1nja hal\u00e1l\u00e1ig (1507\u201325). Neve el\u0151sz\u00f6r 1493-ban fordul el\u0151 oklev\u00e9lben. Nagykiterjed\u00e9s\u0171 birtokai voltak, sz\u00e9khelye H\u00e9derf\u00e1j\u00e1n, ahol renesz\u00e1nsz st\u00edlus\u00fa k\u00fari\u00e1t \u00e9p\u00edtetett s fal\u00e1ba k\u0151be v\u00e9sett eml\u00e9kt\u00e1bl\u00e1t helyezett el (1508). Ez az \u00e9p\u00fclet romos \u00e1llapotban, de megmenek\u00fclt az eny\u00e9szett\u0151l, m\u00e9g l\u00e1that\u00f3 \u00e9s tervezik a fel\u00faj\u00edt\u00e1s\u00e1t. A D\u00f3zsa Gy\u00f6rgy vezette parasztl\u00e1zad\u00e1s idej\u00e9n \u0151 vezette a kv.-i csat\u00e1t (1514). T\u00f6bb dokumentum \u0151rzi az id\u0151 t\u00e1jt kiadott rendeleteit. Sz\u00e9kelyd\u00e1lya templom\u00e1t \u00e9s a mv.-i Boldogasszony templomot (ma V\u00e1rtemplom) \u00e9p\u00edtette. C\u00edmere megtal\u00e1lhat\u00f3 a sz\u00e9kelyd\u00e1lyai templom szent\u00e9ly\u00e9t d\u00edsz\u00edt\u0151 c\u00edmerek k\u00f6z\u00f6tt. Igen b\u0151kez\u0171 mec\u00e9n\u00e1s volt. Jelent\u0151s \u00f6sszegeket adom\u00e1nyozott a mv.-i, feh\u00e9regyh\u00e1zi, medgyesi, t\u00f6visi szerzeteseknek, a marosszentkir\u00e1lyi p\u00e1losoknak, a segesv\u00e1ri domonkosoknak, a mv.-i ap\u00e1c\u00e1knak, a h\u00e9derf\u00e1ji k\u00e1poln\u00e1nak, a bonyhai templomnak \u00e9s m\u00e9g m\u00e1s szerzeteseknek. Misealap\u00edtv\u00e1nyt tett a maga \u00e9s J\u00e1nos elhunyt testv\u00e9re \u00e9s valamennyi ut\u00f3da lelki \u00fcdv\u00e9\u00e9rt. Birtokait (K\u00fck\u00fcll\u0151, Doboka, Torda, H\u00e9derf\u00e1ja, Als\u00f3k\u00e1polna, Mikefalva, Csesztve, Cserged, Cs\u0171d\u0151telke, Somostelke) gyermekei \u00e9s testv\u00e9rei elosztott\u00e1k. A mikefalvi k\u00e1poln\u00e1nak ez\u00fcst kelyhet \u00e9s miseruh\u00e1t adom\u00e1nyozott (1525). H\u00e9derf\u00e1j\u00e1n \u00edrt v\u00e9grendelet\u00e9ben (1525. jan. 28.), adom\u00e1nyokat hagyott a h\u00e9derf\u00e1ji \u00e9s mikefalvi egyh\u00e1zra, a ferences rendh\u00e1znak Feh\u00e9regyh\u00e1z\u00e1n, \u00fagy int\u00e9zkedett, hogy a sz\u00e9kelyv\u00e1s\u00e1rhelyi kolostorban (ma V\u00e1rtemplom) temess\u00e9k el. A mv.-i ferenceseknek 50, a begin\u00e1knak 50, a temet\u00e9s\u00e9re 100 forintot hagyott \u00e9s a mv.-i bar\u00e1tokn\u00e1l hagyta, \u0151si szok\u00e1s szerint a temet\u00e9sre feld\u00edsz\u00edtett h\u00e1tas lov\u00e1t \u00e9s c\u00edmereit. C\u00edmerei a t\u00f6bbi nemes urak\u00e9val egy\u00fctt, a templom fal\u00e1n voltak elhelyezve. Ennek azonban ma nincs nyoma. <br \/><strong>Irod.:<\/strong> Akt\u00e1k \u00e9s levelek Erd\u00e9ly- \u00e9s Mo. Moldov\u00e1val, Havasalf\u00f6lddel val\u00f3 viszony\u00e1hoz (Bp., 1914); Balogh Jol\u00e1n 1943; Barab\u00e1ssy csal\u00e1di inf.; B\u00faz\u00e1sbeseny\u0151; Filep 2.; H\u00e9derf\u00e1ja \u00e9s egyh\u00e1za; Id\u0151t\u00e1r 1.; Kelemen Lajos 2006; Kr\u00f3n F\u00fcz (1937. 2\/6); L\u00e9sty\u00e1n \u2013 templomok 1.; Lupa\u015f Ion: Zur Geschichte der Rum\u00e4nen (Sibiu, 1943); Magyarok \u00e9letrajzai (Pest, 1857\u201359); Maros megye; Moln\u00e1r; P\u00e1l-Antal 2009; P\u00e1lmay; H\u00e9derf\u00e1ja \u00e9s egyh\u00e1za; Szekeres A. I.: C\u00edmeres eml\u00e9kek Radn\u00f3ton = P\u00e1l-Antal\u2013Simon; SzOkl, 1; Sz\u00e9kelys\u00e9g<\/br><\/p>\n","protected":false},"excerpt":{"rendered":"<p>Csesztve, 1452., \u2020\u00a0H\u00e9derf\u00e1ja, 1525. jan.: erd\u00e9lyi alvajda, a sz\u00e9kelyek alisp\u00e1nja, patronus, templom\u00e9p\u00edt\u0151. A mv.-i V\u00e1rtemplomban nyugszik. \u2013 Apja B. J\u00e1nos, gyulafeh\u00e9rv\u00e1ri v\u00e1rnagy (1436\u20131509). Testv\u00e9rei: J\u00e1nos (1451\u20131512); Mih\u00e1ly (1454\u20131517). Feles\u00e9ge: 1. Bog\u00e1thy Margit, 2. Ger\u00e9b Magdolna. \u2013 Gazdag, el\u0151kel\u0151 sz\u00e9kely csal\u00e1d sarja, bizony\u00e1ra a priorok rendj\u00e9b\u0151l. Jogi tud\u00e1sa, latin nyelvismerete alapj\u00e1n felt\u00e9telezhet\u0151, hogy fels\u0151fok\u00fa iskol\u00e1kat v\u00e9gzett. [&hellip;]<\/p>\n","protected":false},"featured_media":0,"comment_status":"open","ping_status":"closed","template":"","meta":[],"product_brand":[],"product_cat":[137],"product_tag":[],"class_list":{"0":"post-4036","1":"product","2":"type-product","3":"status-publish","5":"product_cat-maros-megyei-eletrajzi-lexikon","7":"first","8":"instock","9":"shipping-taxable","10":"product-type-simple"},"_links":{"self":[{"href":"https:\/\/uj.adatbank.ro\/lexikon\/wp-json\/wp\/v2\/product\/4036","targetHints":{"allow":["GET"]}}],"collection":[{"href":"https:\/\/uj.adatbank.ro\/lexikon\/wp-json\/wp\/v2\/product"}],"about":[{"href":"https:\/\/uj.adatbank.ro\/lexikon\/wp-json\/wp\/v2\/types\/product"}],"replies":[{"embeddable":true,"href":"https:\/\/uj.adatbank.ro\/lexikon\/wp-json\/wp\/v2\/comments?post=4036"}],"wp:attachment":[{"href":"https:\/\/uj.adatbank.ro\/lexikon\/wp-json\/wp\/v2\/media?parent=4036"}],"wp:term":[{"taxonomy":"product_brand","embeddable":true,"href":"https:\/\/uj.adatbank.ro\/lexikon\/wp-json\/wp\/v2\/product_brand?post=4036"},{"taxonomy":"product_cat","embeddable":true,"href":"https:\/\/uj.adatbank.ro\/lexikon\/wp-json\/wp\/v2\/product_cat?post=4036"},{"taxonomy":"product_tag","embeddable":true,"href":"https:\/\/uj.adatbank.ro\/lexikon\/wp-json\/wp\/v2\/product_tag?post=4036"}],"curies":[{"name":"wp","href":"https:\/\/api.w.org\/{rel}","templated":true}]}}