{"id":4055,"date":"2025-06-28T16:24:16","date_gmt":"2025-06-28T14:24:16","guid":{"rendered":"https:\/\/uj.adatbank.ro\/lexikon\/termek\/barra-pal-2\/"},"modified":"2025-06-28T16:24:16","modified_gmt":"2025-06-28T14:24:16","slug":"barra-pal-2","status":"publish","type":"product","link":"https:\/\/uj.adatbank.ro\/lexikon\/termek\/barra-pal-2\/","title":{"rendered":"BARRA P\u00e1l"},"content":{"rendered":"<p>Csejd, 1857., \u2020\u00a0Ny\u00e1r\u00e1dszentbenedek, 1913.: k\u00f6zjegyz\u0151. \u2013 V\u00e1lyi P\u00e1l nevelt fia. Feles\u00e9ge R\u00e9vay Borb\u00e1la (1860\u20131930). Gyermekeik: Iluska, Istv\u00e1n (1888\u20131957), P\u00e1l (1890-?), Erzs\u00e9bet (1892\u20131914), Margit (1894\u20131990), Andr\u00e1s (1898-?). \u2013 Beszterc\u00e9n, Szentgeric\u00e9n k\u00f6rjegyz\u0151, K\u00f6zjegyz\u0151 Ny\u00e1r\u00e1dszentbenedeken. <br \/><strong>Irod.:<\/strong> Ny\u00e1r\u00e1dszentbenedek<\/br><\/p>\n","protected":false},"excerpt":{"rendered":"<p>Csejd, 1857., \u2020\u00a0Ny\u00e1r\u00e1dszentbenedek, 1913.: k\u00f6zjegyz\u0151. \u2013 V\u00e1lyi P\u00e1l nevelt fia. Feles\u00e9ge R\u00e9vay Borb\u00e1la (1860\u20131930). Gyermekeik: Iluska, Istv\u00e1n (1888\u20131957), P\u00e1l (1890-?), Erzs\u00e9bet (1892\u20131914), Margit (1894\u20131990), Andr\u00e1s (1898-?). \u2013 Beszterc\u00e9n, Szentgeric\u00e9n k\u00f6rjegyz\u0151, K\u00f6zjegyz\u0151 Ny\u00e1r\u00e1dszentbenedeken. Irod.: Ny\u00e1r\u00e1dszentbenedek<\/p>\n","protected":false},"featured_media":0,"comment_status":"open","ping_status":"closed","template":"","meta":[],"product_brand":[],"product_cat":[137],"product_tag":[],"class_list":{"0":"post-4055","1":"product","2":"type-product","3":"status-publish","5":"product_cat-maros-megyei-eletrajzi-lexikon","7":"first","8":"instock","9":"shipping-taxable","10":"product-type-simple"},"_links":{"self":[{"href":"https:\/\/uj.adatbank.ro\/lexikon\/wp-json\/wp\/v2\/product\/4055","targetHints":{"allow":["GET"]}}],"collection":[{"href":"https:\/\/uj.adatbank.ro\/lexikon\/wp-json\/wp\/v2\/product"}],"about":[{"href":"https:\/\/uj.adatbank.ro\/lexikon\/wp-json\/wp\/v2\/types\/product"}],"replies":[{"embeddable":true,"href":"https:\/\/uj.adatbank.ro\/lexikon\/wp-json\/wp\/v2\/comments?post=4055"}],"wp:attachment":[{"href":"https:\/\/uj.adatbank.ro\/lexikon\/wp-json\/wp\/v2\/media?parent=4055"}],"wp:term":[{"taxonomy":"product_brand","embeddable":true,"href":"https:\/\/uj.adatbank.ro\/lexikon\/wp-json\/wp\/v2\/product_brand?post=4055"},{"taxonomy":"product_cat","embeddable":true,"href":"https:\/\/uj.adatbank.ro\/lexikon\/wp-json\/wp\/v2\/product_cat?post=4055"},{"taxonomy":"product_tag","embeddable":true,"href":"https:\/\/uj.adatbank.ro\/lexikon\/wp-json\/wp\/v2\/product_tag?post=4055"}],"curies":[{"name":"wp","href":"https:\/\/api.w.org\/{rel}","templated":true}]}}