{"id":4072,"date":"2025-06-28T16:25:12","date_gmt":"2025-06-28T14:25:12","guid":{"rendered":"https:\/\/uj.adatbank.ro\/lexikon\/termek\/bartalics-ilona\/"},"modified":"2025-06-28T16:25:12","modified_gmt":"2025-06-28T14:25:12","slug":"bartalics-ilona","status":"publish","type":"product","link":"https:\/\/uj.adatbank.ro\/lexikon\/termek\/bartalics-ilona\/","title":{"rendered":"BARTALICS Ilona"},"content":{"rendered":"<p>? \u2020\u00a0?: a mv.-i Ev. Ref. Le\u00e1nyiskola r\u00e9sz\u00e9r\u0151l vett r\u00e9szt a ki\u00e1ll\u00edt\u00e1son. <br \/><strong>Irod.:<\/strong> Gell\u00e9ri M\u00f3r: Orsz\u00e1gos N\u0151ipari ki\u00e1ll\u00edt\u00e1s (Bp., 1881)<\/br><\/p>\n","protected":false},"excerpt":{"rendered":"<p>? \u2020\u00a0?: a mv.-i Ev. Ref. Le\u00e1nyiskola r\u00e9sz\u00e9r\u0151l vett r\u00e9szt a ki\u00e1ll\u00edt\u00e1son. Irod.: Gell\u00e9ri M\u00f3r: Orsz\u00e1gos N\u0151ipari ki\u00e1ll\u00edt\u00e1s (Bp., 1881)<\/p>\n","protected":false},"featured_media":0,"comment_status":"open","ping_status":"closed","template":"","meta":[],"product_brand":[],"product_cat":[137],"product_tag":[],"class_list":{"0":"post-4072","1":"product","2":"type-product","3":"status-publish","5":"product_cat-maros-megyei-eletrajzi-lexikon","7":"first","8":"instock","9":"shipping-taxable","10":"product-type-simple"},"_links":{"self":[{"href":"https:\/\/uj.adatbank.ro\/lexikon\/wp-json\/wp\/v2\/product\/4072","targetHints":{"allow":["GET"]}}],"collection":[{"href":"https:\/\/uj.adatbank.ro\/lexikon\/wp-json\/wp\/v2\/product"}],"about":[{"href":"https:\/\/uj.adatbank.ro\/lexikon\/wp-json\/wp\/v2\/types\/product"}],"replies":[{"embeddable":true,"href":"https:\/\/uj.adatbank.ro\/lexikon\/wp-json\/wp\/v2\/comments?post=4072"}],"wp:attachment":[{"href":"https:\/\/uj.adatbank.ro\/lexikon\/wp-json\/wp\/v2\/media?parent=4072"}],"wp:term":[{"taxonomy":"product_brand","embeddable":true,"href":"https:\/\/uj.adatbank.ro\/lexikon\/wp-json\/wp\/v2\/product_brand?post=4072"},{"taxonomy":"product_cat","embeddable":true,"href":"https:\/\/uj.adatbank.ro\/lexikon\/wp-json\/wp\/v2\/product_cat?post=4072"},{"taxonomy":"product_tag","embeddable":true,"href":"https:\/\/uj.adatbank.ro\/lexikon\/wp-json\/wp\/v2\/product_tag?post=4072"}],"curies":[{"name":"wp","href":"https:\/\/api.w.org\/{rel}","templated":true}]}}