{"id":4076,"date":"2025-06-28T16:25:23","date_gmt":"2025-06-28T14:25:23","guid":{"rendered":"https:\/\/uj.adatbank.ro\/lexikon\/termek\/bartalis-marton\/"},"modified":"2025-06-28T16:25:23","modified_gmt":"2025-06-28T14:25:23","slug":"bartalis-marton","status":"publish","type":"product","link":"https:\/\/uj.adatbank.ro\/lexikon\/termek\/bartalis-marton\/","title":{"rendered":"BARTALIS M\u00e1rton"},"content":{"rendered":"<p>Csobotfalva? v. Cs\u00edksomly\u00f3, 1888., \u2020\u00a0Kisb\u00e1cs, 1956. febr. 28.: r. k. pl\u00e9b\u00e1nos. \u2013 Tanulm\u00e1nyait Cs\u00edksomly\u00f3n \u00e9s Gyulafeh\u00e9rv\u00e1ron folytatta, papp\u00e1 szentelt\u00e9k (1916. m\u00e1j. 9.). K\u00e1pl\u00e1n volt Cs\u00edkszentgy\u00f6rgy\u00f6n (1916), Gyergy\u00f3remet\u00e9n \u00e9s Zetelak\u00e1n (1918), Gelenc\u00e9n (1919). Lelkip\u00e1sztor Cs\u00edkmenas\u00e1gon, Nagy\u00e1gon, T\u00fcrk\u00f6s\u00f6n (1922), Egrest\u0151n (1926\u201329), \u00c1kosfalv\u00e1n (1930\u201341), Kv.-on nyugd\u00edjaz\u00e1s\u00e1ig (1941\u201355). T\u00f6bb vall\u00e1sos egyes\u00fclet megalap\u00edt\u00f3ja, vezet\u0151je volt. <br \/><strong>Irod.:<\/strong> Ferenczi S\u00e1ndor 2009; Maros-K\u00fck\u00fcll\u0151i f\u0151esp.; Sz\u00e9kelyf\u00f6ld \u00ed. k.<\/br><\/p>\n","protected":false},"excerpt":{"rendered":"<p>Csobotfalva? v. Cs\u00edksomly\u00f3, 1888., \u2020\u00a0Kisb\u00e1cs, 1956. febr. 28.: r. k. pl\u00e9b\u00e1nos. \u2013 Tanulm\u00e1nyait Cs\u00edksomly\u00f3n \u00e9s Gyulafeh\u00e9rv\u00e1ron folytatta, papp\u00e1 szentelt\u00e9k (1916. m\u00e1j. 9.). K\u00e1pl\u00e1n volt Cs\u00edkszentgy\u00f6rgy\u00f6n (1916), Gyergy\u00f3remet\u00e9n \u00e9s Zetelak\u00e1n (1918), Gelenc\u00e9n (1919). Lelkip\u00e1sztor Cs\u00edkmenas\u00e1gon, Nagy\u00e1gon, T\u00fcrk\u00f6s\u00f6n (1922), Egrest\u0151n (1926\u201329), \u00c1kosfalv\u00e1n (1930\u201341), Kv.-on nyugd\u00edjaz\u00e1s\u00e1ig (1941\u201355). T\u00f6bb vall\u00e1sos egyes\u00fclet megalap\u00edt\u00f3ja, vezet\u0151je volt. Irod.: Ferenczi S\u00e1ndor 2009; Maros-K\u00fck\u00fcll\u0151i [&hellip;]<\/p>\n","protected":false},"featured_media":0,"comment_status":"open","ping_status":"closed","template":"","meta":[],"product_brand":[],"product_cat":[137],"product_tag":[],"class_list":{"0":"post-4076","1":"product","2":"type-product","3":"status-publish","5":"product_cat-maros-megyei-eletrajzi-lexikon","7":"first","8":"instock","9":"shipping-taxable","10":"product-type-simple"},"_links":{"self":[{"href":"https:\/\/uj.adatbank.ro\/lexikon\/wp-json\/wp\/v2\/product\/4076","targetHints":{"allow":["GET"]}}],"collection":[{"href":"https:\/\/uj.adatbank.ro\/lexikon\/wp-json\/wp\/v2\/product"}],"about":[{"href":"https:\/\/uj.adatbank.ro\/lexikon\/wp-json\/wp\/v2\/types\/product"}],"replies":[{"embeddable":true,"href":"https:\/\/uj.adatbank.ro\/lexikon\/wp-json\/wp\/v2\/comments?post=4076"}],"wp:attachment":[{"href":"https:\/\/uj.adatbank.ro\/lexikon\/wp-json\/wp\/v2\/media?parent=4076"}],"wp:term":[{"taxonomy":"product_brand","embeddable":true,"href":"https:\/\/uj.adatbank.ro\/lexikon\/wp-json\/wp\/v2\/product_brand?post=4076"},{"taxonomy":"product_cat","embeddable":true,"href":"https:\/\/uj.adatbank.ro\/lexikon\/wp-json\/wp\/v2\/product_cat?post=4076"},{"taxonomy":"product_tag","embeddable":true,"href":"https:\/\/uj.adatbank.ro\/lexikon\/wp-json\/wp\/v2\/product_tag?post=4076"}],"curies":[{"name":"wp","href":"https:\/\/api.w.org\/{rel}","templated":true}]}}